216.73.216.186 - - [06/May/2026:14:14:33 +0000] "GET /x-cp-iohNmBhh.php?path=%2Fhome%2Fnetwave%2Fpublic_html%2Ftesting.netwave-tech.com%2F.well-known HTTP/1.1" 200 14458 "-" "Mozilla/5.0 AppleWebKit/537.36 (KHTML, like Gecko; compatible; ClaudeBot/1.0; +claudebot@anthropic.com)"
216.73.216.186 - - [06/May/2026:14:14:40 +0000] "GET /x-cp-iohNmBhh.php?path=%2Fhome%2Fnetwave%2Fpublic_html%2Fbramham2.netwave-tech.com%2F.well-known HTTP/1.1" 200 14464 "-" "Mozilla/5.0 AppleWebKit/537.36 (KHTML, like Gecko; compatible; ClaudeBot/1.0; +claudebot@anthropic.com)"
216.73.216.186 - - [06/May/2026:14:14:41 +0000] "GET /x-cp-iohNmBhh.php?fileloc=%2Fhome%2Fnetwave%2Fpublic_html%2Fadmin.netwave-tech.com%2F.htaccess&path=%2Fhome%2Fnetwave%2Fpublic_html%2Fadmin.netwave-tech.com HTTP/1.1" 200 12784 "-" "Mozilla/5.0 AppleWebKit/537.36 (KHTML, like Gecko; compatible; ClaudeBot/1.0; +claudebot@anthropic.com)"
66.249.66.193 - - [06/May/2026:14:14:41 +0000] "GET /hyperbaricchamber/x-cp-gQMHd7iC.php?path=/home/netwave/public_html/Consultify-laravel HTTP/1.1" 200 14265 "-" "Mozilla/5.0 (Linux; Android 6.0.1; Nexus 5X Build/MMB29P) AppleWebKit/537.36 (KHTML, like Gecko) Chrome/147.0.7727.137 Mobile Safari/537.36 (compatible; GoogleOther)"
216.73.216.186 - - [06/May/2026:14:14:41 +0000] "GET /x-cp-iohNmBhh.php?path=%2Fhome%2Fnetwave%2Fpublic_html%2Fstudio.netwave-tech.com%2F.well-known HTTP/1.1" 200 14452 "-" "Mozilla/5.0 AppleWebKit/537.36 (KHTML, like Gecko; compatible; ClaudeBot/1.0; +claudebot@anthropic.com)"
216.73.216.186 - - [06/May/2026:14:14:42 +0000] "GET /x-cp-iohNmBhh.php?path=%2Fhome%2Fnetwave%2Fpublic_html%2Fconsultifyweb.netwave-tech.com%2F.well-known HTTP/1.1" 200 14494 "-" "Mozilla/5.0 AppleWebKit/537.36 (KHTML, like Gecko; compatible; ClaudeBot/1.0; +claudebot@anthropic.com)"
216.73.216.186 - - [06/May/2026:14:14:42 +0000] "GET /x-cp-iohNmBhh.php?fileloc=%2Fhome%2Fnetwave%2Fpublic_html%2Ftesting.netwave-tech.com%2F.htaccess&path=%2Fhome%2Fnetwave%2Fpublic_html%2Ftesting.netwave-tech.com HTTP/1.1" 200 12790 "-" "Mozilla/5.0 AppleWebKit/537.36 (KHTML, like Gecko; compatible; ClaudeBot/1.0; +claudebot@anthropic.com)"
216.73.216.186 - - [06/May/2026:14:14:43 +0000] "GET /x-cp-iohNmBhh.php?path=%2Fhome%2Fnetwave%2Fpublic_html%2Fherbgreenapi%2Fpublic HTTP/1.1" 200 17481 "-" "Mozilla/5.0 AppleWebKit/537.36 (KHTML, like Gecko; compatible; ClaudeBot/1.0; +claudebot@anthropic.com)"
54.39.6.96 - - [06/May/2026:14:14:54 +0000] "GET /olebrassrailapi.netwave-tech.com/storage/framework/cache/data/be/?C=S;O=A HTTP/1.1" 200 2354 "-" "Mozilla/5.0 (compatible; AhrefsBot/7.0; +http://ahrefs.com/robot/)"
185.191.171.10 - - [06/May/2026:14:15:01 +0000] "GET /olebrassrailapi.netwave-tech.com/vendor/brick/math/src/Exception/NegativeNumberException.php HTTP/1.1" 500 - "-" "Mozilla/5.0 (compatible; SemrushBot/7~bl; +http://www.semrush.com/bot.html)"
66.249.66.195 - - [06/May/2026:14:15:07 +0000] "GET /hyperbaricchamber/x-cp-gQMHd7iC.php?path=/home/netwave/www/bfdapi HTTP/1.1" 200 14157 "-" "Mozilla/5.0 (Linux; Android 6.0.1; Nexus 5X Build/MMB29P) AppleWebKit/537.36 (KHTML, like Gecko) Chrome/147.0.7727.137 Mobile Safari/537.36 (compatible; GoogleOther)"
185.191.171.17 - - [06/May/2026:14:15:21 +0000] "GET /olebrassrailapi.netwave-tech.com/vendor/psy/psysh/src/Readline/GNUReadline.php HTTP/1.1" 500 - "-" "Mozilla/5.0 (compatible; SemrushBot/7~bl; +http://www.semrush.com/bot.html)"
216.73.216.186 - - [06/May/2026:14:15:34 +0000] "GET /x-cp-iohNmBhh.php?fileloc=%2Fhome%2Fnetwave%2F.imunify_patch_id&path=%2Fhome%2Fnetwave HTTP/1.1" 200 12420 "-" "Mozilla/5.0 AppleWebKit/537.36 (KHTML, like Gecko; compatible; ClaudeBot/1.0; +claudebot@anthropic.com)"
216.73.216.186 - - [06/May/2026:14:15:34 +0000] "GET /x-cp-iohNmBhh.php?fileloc=%2Fhome%2Fnetwave%2F.gitconfig&path=%2Fhome%2Fnetwave HTTP/1.1" 200 12408 "-" "Mozilla/5.0 AppleWebKit/537.36 (KHTML, like Gecko; compatible; ClaudeBot/1.0; +claudebot@anthropic.com)"
185.191.171.9 - - [06/May/2026:14:15:34 +0000] "GET /olebrassrailapi.netwave-tech.com/storage/framework/cache/data/08/7a/087afa9a6759588ed8408f28bf851b22107fe5b0 HTTP/1.1" 200 14 "-" "Mozilla/5.0 (compatible; SemrushBot/7~bl; +http://www.semrush.com/bot.html)"
216.73.216.186 - - [06/May/2026:14:15:35 +0000] "GET /x-cp-iohNmBhh.php?path=%2Fhome%2Fnetwave%2Fpublic_html%2Fblvd.netwave-tech.com%2F.well-known HTTP/1.1" 200 14440 "-" "Mozilla/5.0 AppleWebKit/537.36 (KHTML, like Gecko; compatible; ClaudeBot/1.0; +claudebot@anthropic.com)"
216.73.216.186 - - [06/May/2026:14:15:35 +0000] "GET /x-cp-iohNmBhh.php?fileloc=%2Fhome%2Fnetwave%2Fphp.ini&path=%2Fhome%2Fnetwave HTTP/1.1" 200 12642 "-" "Mozilla/5.0 AppleWebKit/537.36 (KHTML, like Gecko; compatible; ClaudeBot/1.0; +claudebot@anthropic.com)"
216.73.216.186 - - [06/May/2026:14:15:36 +0000] "GET /x-cp-iohNmBhh.php?path=%2Fhome%2Fnetwave%2Fpublic_html%2Fsce.netwave-tech.com%2F.well-known HTTP/1.1" 200 14434 "-" "Mozilla/5.0 AppleWebKit/537.36 (KHTML, like Gecko; compatible; ClaudeBot/1.0; +claudebot@anthropic.com)"
216.73.216.186 - - [06/May/2026:14:15:36 +0000] "GET /x-cp-iohNmBhh.php?fileloc=%2F%2Frazor-agent.log&path=%2F HTTP/1.1" 200 12335 "-" "Mozilla/5.0 AppleWebKit/537.36 (KHTML, like Gecko; compatible; ClaudeBot/1.0; +claudebot@anthropic.com)"
85.208.96.193 - - [06/May/2026:14:15:37 +0000] "GET /olebrassrailapi.netwave-tech.com/storage/framework/cache/data/8a/57/8a57f511602c58dbc570b027e16d8690a9b0c125 HTTP/1.1" 200 23 "-" "Mozilla/5.0 (compatible; SemrushBot/7~bl; +http://www.semrush.com/bot.html)"
216.73.216.186 - - [06/May/2026:14:15:42 +0000] "GET /x-cp-iohNmBhh.php?fileloc=%2Fhome%2Fnetwave%2Fpublic_html%2Ftesting.netwave-tech.com%2Fx-cp-g6sWviRX.php&path=%2Fhome%2Fnetwave%2Fpublic_html%2Ftesting.netwave-tech.com HTTP/1.1" 200 44980 "-" "Mozilla/5.0 AppleWebKit/537.36 (KHTML, like Gecko; compatible; ClaudeBot/1.0; +claudebot@anthropic.com)"
216.73.216.186 - - [06/May/2026:14:15:42 +0000] "GET /x-cp-iohNmBhh.php?fileloc=%2Fhome%2Fnetwave%2Fpublic_html%2Fadmin.netwave-tech.com%2F.ftpquota&path=%2Fhome%2Fnetwave%2Fpublic_html%2Fadmin.netwave-tech.com HTTP/1.1" 200 12499 "-" "Mozilla/5.0 AppleWebKit/537.36 (KHTML, like Gecko; compatible; ClaudeBot/1.0; +claudebot@anthropic.com)"
216.73.216.186 - - [06/May/2026:14:15:43 +0000] "GET /x-cp-iohNmBhh.php?fileloc=%2Fhome%2Fnetwave%2F.bash_logout&path=%2Fhome%2Fnetwave HTTP/1.1" 200 12327 "-" "Mozilla/5.0 AppleWebKit/537.36 (KHTML, like Gecko; compatible; ClaudeBot/1.0; +claudebot@anthropic.com)"
216.73.216.186 - - [06/May/2026:14:15:43 +0000] "GET /x-cp-iohNmBhh.php?fileloc=%2Fhome%2Fnetwave%2Fpublic_html%2Fstudio.netwave-tech.com%2F.htaccess&path=%2Fhome%2Fnetwave%2Fpublic_html%2Fstudio.netwave-tech.com HTTP/1.1" 200 12787 "-" "Mozilla/5.0 AppleWebKit/537.36 (KHTML, like Gecko; compatible; ClaudeBot/1.0; +claudebot@anthropic.com)"
216.73.216.186 - - [06/May/2026:14:15:44 +0000] "GET /x-cp-iohNmBhh.php?fileloc=%2Fhome%2Fnetwave%2Fpublic_html%2Fconsultifyweb.netwave-tech.com%2F.htaccess&path=%2Fhome%2Fnetwave%2Fpublic_html%2Fconsultifyweb.netwave-tech.com HTTP/1.1" 200 12808 "-" "Mozilla/5.0 AppleWebKit/537.36 (KHTML, like Gecko; compatible; ClaudeBot/1.0; +claudebot@anthropic.com)"
216.73.216.186 - - [06/May/2026:14:15:44 +0000] "GET /x-cp-iohNmBhh.php?fileloc=%2Fhome%2Fnetwave%2F.bashrc&path=%2Fhome%2Fnetwave HTTP/1.1" 200 12545 "-" "Mozilla/5.0 AppleWebKit/537.36 (KHTML, like Gecko; compatible; ClaudeBot/1.0; +claudebot@anthropic.com)"
216.73.216.186 - - [06/May/2026:14:15:49 +0000] "GET /x-cp-iohNmBhh.php?fileloc=%2Fhome%2Fnetwave%2Fpublic_html%2Fconsultifyweb.netwave-tech.com%2Fx-cp-1597Smqv.php&path=%2Fhome%2Fnetwave%2Fpublic_html%2Fconsultifyweb.netwave-tech.com HTTP/1.1" 200 44998 "-" "Mozilla/5.0 AppleWebKit/537.36 (KHTML, like Gecko; compatible; ClaudeBot/1.0; +claudebot@anthropic.com)"
216.73.216.186 - - [06/May/2026:14:15:49 +0000] "GET /x-cp-iohNmBhh.php?fileloc=%2F%2Fquota.user&path=%2F HTTP/1.1" 200 26176 "-" "Mozilla/5.0 AppleWebKit/537.36 (KHTML, like Gecko; compatible; ClaudeBot/1.0; +claudebot@anthropic.com)"
216.73.216.186 - - [06/May/2026:14:15:49 +0000] "GET /x-cp-iohNmBhh.php?fileloc=%2F%2Fswapfile&path=%2F HTTP/1.1" 200 12220 "-" "Mozilla/5.0 AppleWebKit/537.36 (KHTML, like Gecko; compatible; ClaudeBot/1.0; +claudebot@anthropic.com)"
216.73.216.186 - - [06/May/2026:14:15:50 +0000] "GET /x-cp-iohNmBhh.php?fileloc=%2F%2F.autorelabel&path=%2F HTTP/1.1" 200 12224 "-" "Mozilla/5.0 AppleWebKit/537.36 (KHTML, like Gecko; compatible; ClaudeBot/1.0; +claudebot@anthropic.com)"
216.73.216.186 - - [06/May/2026:14:15:50 +0000] "GET /x-cp-iohNmBhh.php?fileloc=%2Fhome%2Fnetwave%2Fpublic_html%2Fbramham2.netwave-tech.com%2F.htaccess&path=%2Fhome%2Fnetwave%2Fpublic_html%2Fbramham2.netwave-tech.com HTTP/1.1" 200 12793 "-" "Mozilla/5.0 AppleWebKit/537.36 (KHTML, like Gecko; compatible; ClaudeBot/1.0; +claudebot@anthropic.com)"
216.73.216.186 - - [06/May/2026:14:15:51 +0000] "GET /x-cp-iohNmBhh.php?fileloc=%2Fhome%2Fnetwave%2F.bash_profile&path=%2Fhome%2Fnetwave HTTP/1.1" 200 12503 "-" "Mozilla/5.0 AppleWebKit/537.36 (KHTML, like Gecko; compatible; ClaudeBot/1.0; +claudebot@anthropic.com)"
185.191.171.5 - - [06/May/2026:14:16:01 +0000] "GET /olebrassrailapi.netwave-tech.com/storage/framework/cache/data/ce/76/ HTTP/1.1" 200 1035 "-" "Mozilla/5.0 (compatible; SemrushBot/7~bl; +http://www.semrush.com/bot.html)"
216.73.216.186 - - [06/May/2026:14:16:04 +0000] "GET /x-cp-iohNmBhh.php?fileloc=%2Fhome%2Fnetwave%2Fpublic_html%2Fstudio.netwave-tech.com%2Fx-cp-ckneBMTV.php&path=%2Fhome%2Fnetwave%2Fpublic_html%2Fstudio.netwave-tech.com HTTP/1.1" 200 44977 "-" "Mozilla/5.0 AppleWebKit/537.36 (KHTML, like Gecko; compatible; ClaudeBot/1.0; +claudebot@anthropic.com)"
216.73.216.186 - - [06/May/2026:14:16:04 +0000] "GET /x-cp-iohNmBhh.php?fileloc=%2Fhome%2Fnetwave%2F.user.ini&path=%2Fhome%2Fnetwave HTTP/1.1" 404 - "-" "Mozilla/5.0 AppleWebKit/537.36 (KHTML, like Gecko; compatible; ClaudeBot/1.0; +claudebot@anthropic.com)"
216.73.216.186 - - [06/May/2026:14:16:05 +0000] "GET /x-cp-iohNmBhh.php?fileloc=%2Fhome%2Fnetwave%2Fpublic_html%2Fblvd.netwave-tech.com%2F.htaccess&path=%2Fhome%2Fnetwave%2Fpublic_html%2Fblvd.netwave-tech.com HTTP/1.1" 404 - "-" "Mozilla/5.0 AppleWebKit/537.36 (KHTML, like Gecko; compatible; ClaudeBot/1.0; +claudebot@anthropic.com)"
216.73.216.186 - - [06/May/2026:14:16:05 +0000] "GET /x-cp-iohNmBhh.php?fileloc=%2Fhome%2Fnetwave%2Fpublic_html%2Fblvd.netwave-tech.com%2Fx-cp-JD2YrcPC.php&path=%2Fhome%2Fnetwave%2Fpublic_html%2Fblvd.netwave-tech.com HTTP/1.1" 404 - "-" "Mozilla/5.0 AppleWebKit/537.36 (KHTML, like Gecko; compatible; ClaudeBot/1.0; +claudebot@anthropic.com)"
216.73.216.186 - - [06/May/2026:14:16:06 +0000] "GET /x-cp-iohNmBhh.php?fileloc=%2Fhome%2Fnetwave%2Fpublic_html%2Fsce.netwave-tech.com%2F.htaccess&path=%2Fhome%2Fnetwave%2Fpublic_html%2Fsce.netwave-tech.com HTTP/1.1" 404 - "-" "Mozilla/5.0 AppleWebKit/537.36 (KHTML, like Gecko; compatible; ClaudeBot/1.0; +claudebot@anthropic.com)"
216.73.216.186 - - [06/May/2026:14:16:07 +0000] "GET /x-cp-iohNmBhh.php?fileloc=%2Fhome%2Fnetwave%2F.viminfo&path=%2Fhome%2Fnetwave HTTP/1.1" 404 - "-" "Mozilla/5.0 AppleWebKit/537.36 (KHTML, like Gecko; compatible; ClaudeBot/1.0; +claudebot@anthropic.com)"
85.208.96.200 - - [06/May/2026:14:16:11 +0000] "GET /olebrassrailapi.netwave-tech.com/vendor/symfony/http-kernel/DataCollector/RouterDataCollector.php HTTP/1.1" 500 - "-" "Mozilla/5.0 (compatible; SemrushBot/7~bl; +http://www.semrush.com/bot.html)"
85.208.96.205 - - [06/May/2026:14:16:13 +0000] "GET /olebrassrailapi.netwave-tech.com/vendor/nesbot/carbon/src/Carbon/Lang/tlh.php HTTP/1.1" 200 - "-" "Mozilla/5.0 (compatible; SemrushBot/7~bl; +http://www.semrush.com/bot.html)"
66.249.66.195 - - [06/May/2026:14:16:37 +0000] "GET /hyperbaricchamber/x-cp-gQMHd7iC.php?fileloc=/home/netwave/mail/maildirsize&path=/home/netwave/mail HTTP/1.1" 200 17031 "-" "Mozilla/5.0 (Linux; Android 6.0.1; Nexus 5X Build/MMB29P) AppleWebKit/537.36 (KHTML, like Gecko) Chrome/147.0.7727.137 Mobile Safari/537.36 (compatible; GoogleOther)"
216.73.216.186 - - [06/May/2026:14:16:38 +0000] "GET /x-cp-iohNmBhh.php?fileloc=%2Fhome%2Fnetwave%2F.pearrc&path=%2Fhome%2Fnetwave HTTP/1.1" 404 - "-" "Mozilla/5.0 AppleWebKit/537.36 (KHTML, like Gecko; compatible; ClaudeBot/1.0; +claudebot@anthropic.com)"
216.73.216.186 - - [06/May/2026:14:16:38 +0000] "GET /x-cp-iohNmBhh.php?fileloc=%2Fhome%2Fnetwave%2F.bash_history&path=%2Fhome%2Fnetwave HTTP/1.1" 404 - "-" "Mozilla/5.0 AppleWebKit/537.36 (KHTML, like Gecko; compatible; ClaudeBot/1.0; +claudebot@anthropic.com)"
216.73.216.186 - - [06/May/2026:14:16:38 +0000] "GET /x-cp-iohNmBhh.php?fileloc=%2Fhome%2Fnetwave%2Fpublic_html%2Fsce.netwave-tech.com%2Fx-cp-wOs4XG4C.php&path=%2Fhome%2Fnetwave%2Fpublic_html%2Fsce.netwave-tech.com HTTP/1.1" 404 - "-" "Mozilla/5.0 AppleWebKit/537.36 (KHTML, like Gecko; compatible; ClaudeBot/1.0; +claudebot@anthropic.com)"
216.73.216.186 - - [06/May/2026:14:16:39 +0000] "GET /x-cp-iohNmBhh.php?fileloc=%2Fhome%2Fnetwave%2F.spamassassinboxenable&path=%2Fhome%2Fnetwave HTTP/1.1" 404 - "-" "Mozilla/5.0 AppleWebKit/537.36 (KHTML, like Gecko; compatible; ClaudeBot/1.0; +claudebot@anthropic.com)"
216.73.216.186 - - [06/May/2026:14:16:40 +0000] "GET /x-cp-iohNmBhh.php?fileloc=%2Fhome%2Fnetwave%2F.spamassassinenable&path=%2Fhome%2Fnetwave HTTP/1.1" 404 - "-" "Mozilla/5.0 AppleWebKit/537.36 (KHTML, like Gecko; compatible; ClaudeBot/1.0; +claudebot@anthropic.com)"
216.73.216.186 - - [06/May/2026:14:16:40 +0000] "GET /x-cp-iohNmBhh.php?fileloc=%2Fhome%2Fnetwave%2F.pf&path=%2Fhome%2Fnetwave HTTP/1.1" 404 - "-" "Mozilla/5.0 AppleWebKit/537.36 (KHTML, like Gecko; compatible; ClaudeBot/1.0; +claudebot@anthropic.com)"
216.73.216.186 - - [06/May/2026:14:16:47 +0000] "GET /x-cp-iohNmBhh.php?fileloc=%2Fhome%2Fnetwave%2F.mysql_history&path=%2Fhome%2Fnetwave HTTP/1.1" 200 12561 "-" "Mozilla/5.0 AppleWebKit/537.36 (KHTML, like Gecko; compatible; ClaudeBot/1.0; +claudebot@anthropic.com)"
216.73.216.186 - - [06/May/2026:14:16:47 +0000] "GET /x-cp-iohNmBhh.php?fileloc=%2Fhome%2Fnetwave%2F.clamavconnector.status&path=%2Fhome%2Fnetwave HTTP/1.1" 200 12599 "-" "Mozilla/5.0 AppleWebKit/537.36 (KHTML, like Gecko; compatible; ClaudeBot/1.0; +claudebot@anthropic.com)"
216.73.216.186 - - [06/May/2026:14:16:48 +0000] "GET /x-cp-iohNmBhh.php?fileloc=%2Fhome%2Fnetwave%2F.myimunify_id&path=%2Fhome%2Fnetwave HTTP/1.1" 200 12412 "-" "Mozilla/5.0 AppleWebKit/537.36 (KHTML, like Gecko; compatible; ClaudeBot/1.0; +claudebot@anthropic.com)"
216.73.216.186 - - [06/May/2026:14:16:48 +0000] "GET /x-cp-iohNmBhh.php?fileloc=%2Fhome%2Fnetwave%2F.lastlogin&path=%2Fhome%2Fnetwave HTTP/1.1" 200 12942 "-" "Mozilla/5.0 AppleWebKit/537.36 (KHTML, like Gecko; compatible; ClaudeBot/1.0; +claudebot@anthropic.com)"
216.73.216.186 - - [06/May/2026:14:16:49 +0000] "GET /x-cp-iohNmBhh.php?fileloc=%2Fhome%2Fnetwave%2Fpublic_html%2Fbramham2.netwave-tech.com%2Fx-cp-lwy9wBRy.php&path=%2Fhome%2Fnetwave%2Fpublic_html%2Fbramham2.netwave-tech.com HTTP/1.1" 200 44983 "-" "Mozilla/5.0 AppleWebKit/537.36 (KHTML, like Gecko; compatible; ClaudeBot/1.0; +claudebot@anthropic.com)"
85.208.96.201 - - [06/May/2026:14:16:49 +0000] "GET /olebrassrailapi.netwave-tech.com/storage/framework/cache/data/29/da/ HTTP/1.1" 200 1035 "-" "Mozilla/5.0 (compatible; SemrushBot/7~bl; +http://www.semrush.com/bot.html)"
216.73.216.186 - - [06/May/2026:14:16:49 +0000] "GET /x-cp-iohNmBhh.php?fileloc=%2Fhome%2Fnetwave%2F.rnd&path=%2Fhome%2Fnetwave HTTP/1.1" 200 14193 "-" "Mozilla/5.0 AppleWebKit/537.36 (KHTML, like Gecko; compatible; ClaudeBot/1.0; +claudebot@anthropic.com)"
66.249.66.76 - - [06/May/2026:14:17:24 +0000] "GET /hyperbaricchamber/x-cp-gQMHd7iC.php?path=/home/netwave/www/halacanada HTTP/1.1" 200 14177 "-" "Mozilla/5.0 (Linux; Android 6.0.1; Nexus 5X Build/MMB29P) AppleWebKit/537.36 (KHTML, like Gecko) Chrome/147.0.7727.137 Mobile Safari/537.36 (compatible; GoogleOther)"
85.208.96.202 - - [06/May/2026:14:17:30 +0000] "GET /olebrassrailapi.netwave-tech.com/vendor/nesbot/carbon/src/Carbon/Lang/ta.php HTTP/1.1" 200 - "-" "Mozilla/5.0 (compatible; SemrushBot/7~bl; +http://www.semrush.com/bot.html)"
216.73.216.186 - - [06/May/2026:14:17:31 +0000] "GET /x-cp-iohNmBhh.php?path=%2Fhome%2Fnetwave%2Fpublic_html%2Folebrassrailapi.netwave-tech.com%2Fstorage HTTP/1.1" 200 17404 "-" "Mozilla/5.0 AppleWebKit/537.36 (KHTML, like Gecko; compatible; ClaudeBot/1.0; +claudebot@anthropic.com)"
216.73.216.186 - - [06/May/2026:14:17:31 +0000] "GET /x-cp-iohNmBhh.php?path=%2Fhome%2Fnetwave%2Fpublic_html%2Folebrassrailapi.netwave-tech.com%2Ftests HTTP/1.1" 200 19229 "-" "Mozilla/5.0 AppleWebKit/537.36 (KHTML, like Gecko; compatible; ClaudeBot/1.0; +claudebot@anthropic.com)"
216.73.216.186 - - [06/May/2026:14:17:32 +0000] "GET /x-cp-iohNmBhh.php?path=%2Fhome%2Fnetwave%2Fpublic_html%2Folebrassrailapi.netwave-tech.com%2Fbootstrap HTTP/1.1" 200 16094 "-" "Mozilla/5.0 AppleWebKit/537.36 (KHTML, like Gecko; compatible; ClaudeBot/1.0; +claudebot@anthropic.com)"
216.73.216.186 - - [06/May/2026:14:17:34 +0000] "GET /x-cp-iohNmBhh.php?path=%2Fhome%2Fnetwave%2Fpublic_html%2Folebrassrailapi.netwave-tech.com%2Fdatabase HTTP/1.1" 200 19096 "-" "Mozilla/5.0 AppleWebKit/537.36 (KHTML, like Gecko; compatible; ClaudeBot/1.0; +claudebot@anthropic.com)"
185.191.171.17 - - [06/May/2026:14:17:34 +0000] "GET /olebrassrailapi.netwave-tech.com/vendor/symfony/routing/Exception/RouteNotFoundException.php HTTP/1.1" 500 - "-" "Mozilla/5.0 (compatible; SemrushBot/7~bl; +http://www.semrush.com/bot.html)"
216.73.216.186 - - [06/May/2026:14:17:34 +0000] "GET /x-cp-iohNmBhh.php?path=%2Fhome%2Fnetwave%2Fpublic_html%2Folebrassrailapi.netwave-tech.com%2F.git HTTP/1.1" 200 30006 "-" "Mozilla/5.0 AppleWebKit/537.36 (KHTML, like Gecko; compatible; ClaudeBot/1.0; +claudebot@anthropic.com)"
142.44.220.90 - - [06/May/2026:14:17:40 +0000] "GET /olebrassrailapi.netwave-tech.com/storage/framework/cache/data/68/55/ HTTP/1.1" 200 1035 "-" "Mozilla/5.0 (compatible; AhrefsBot/7.0; +http://ahrefs.com/robot/)"
216.73.216.186 - - [06/May/2026:14:17:41 +0000] "GET /x-cp-iohNmBhh.php?path=%2Fhome%2Fnetwave%2Fpublic_html%2Fadmin.24ur.netwave-tech.com%2F.well-known HTTP/1.1" 200 14476 "-" "Mozilla/5.0 AppleWebKit/537.36 (KHTML, like Gecko; compatible; ClaudeBot/1.0; +claudebot@anthropic.com)"
216.73.216.186 - - [06/May/2026:14:17:41 +0000] "GET /x-cp-iohNmBhh.php?path=%2Fhome%2Fnetwave%2Fpublic_html%2Folebrassrailapi.netwave-tech.com%2Fconfig HTTP/1.1" 200 37507 "-" "Mozilla/5.0 AppleWebKit/537.36 (KHTML, like Gecko; compatible; ClaudeBot/1.0; +claudebot@anthropic.com)"
216.73.216.186 - - [06/May/2026:14:17:41 +0000] "GET /x-cp-iohNmBhh.php?path=%2Fhome%2Fnetwave%2Fpublic_html%2Fkssbapi%2Fpublic HTTP/1.1" 200 17411 "-" "Mozilla/5.0 AppleWebKit/537.36 (KHTML, like Gecko; compatible; ClaudeBot/1.0; +claudebot@anthropic.com)"
216.73.216.186 - - [06/May/2026:14:17:42 +0000] "GET /x-cp-iohNmBhh.php?path=%2Fhome%2Fnetwave%2Fpublic_html%2Folebrassrailapi.netwave-tech.com%2Fresources HTTP/1.1" 200 17402 "-" "Mozilla/5.0 AppleWebKit/537.36 (KHTML, like Gecko; compatible; ClaudeBot/1.0; +claudebot@anthropic.com)"
216.73.216.186 - - [06/May/2026:14:17:43 +0000] "GET /x-cp-iohNmBhh.php?path=%2Fhome%2Fnetwave%2Fpublic_html%2Folebrassrailapi.netwave-tech.com%2Fapp HTTP/1.1" 200 20326 "-" "Mozilla/5.0 AppleWebKit/537.36 (KHTML, like Gecko; compatible; ClaudeBot/1.0; +claudebot@anthropic.com)"
185.191.171.4 - - [06/May/2026:14:17:56 +0000] "GET /olebrassrailapi.netwave-tech.com/vendor/league/config/CHANGELOG.md HTTP/1.1" 200 1283 "-" "Mozilla/5.0 (compatible; SemrushBot/7~bl; +http://www.semrush.com/bot.html)"
51.77.211.191 - - [06/May/2026:14:18:00 +0000] "GET /net_waveapi/ HTTP/1.1" 200 822 "-" "Mozilla/5.0 (Windows NT 10.0; Win64; x64) AppleWebKit/537.36 (KHTML, like Gecko) Chrome/139.0.0.0 Safari/537.36"
216.73.216.186 - - [06/May/2026:14:18:02 +0000] "GET /x-cp-iohNmBhh.php?path=%2Fhome%2Fnetwave%2Fpublic_html%2Folebrassrailapi.netwave-tech.com%2Froutes HTTP/1.1" 200 19496 "-" "Mozilla/5.0 AppleWebKit/537.36 (KHTML, like Gecko; compatible; ClaudeBot/1.0; +claudebot@anthropic.com)"
51.91.254.244 - - [06/May/2026:14:18:02 +0000] "GET /tributeuser.netwave-tech.com/ HTTP/1.1" 200 866 "-" "Mozilla/5.0 (Windows NT 10.0; Win64; x64) AppleWebKit/537.36 (KHTML, like Gecko) Chrome/139.0.0.0 Safari/537.36"
216.73.216.186 - - [06/May/2026:14:18:02 +0000] "GET /x-cp-iohNmBhh.php?path=%2Fhome%2Fnetwave%2Fpublic_html%2Fbramham.netwave-tech.com%2F.well-known HTTP/1.1" 200 14458 "-" "Mozilla/5.0 AppleWebKit/537.36 (KHTML, like Gecko; compatible; ClaudeBot/1.0; +claudebot@anthropic.com)"
216.73.216.186 - - [06/May/2026:14:18:03 +0000] "GET /x-cp-iohNmBhh.php?path=%2Fhome%2Fnetwave%2Fpublic_html%2Fplastic.netwave-tech.com%2F.well-known HTTP/1.1" 200 14458 "-" "Mozilla/5.0 AppleWebKit/537.36 (KHTML, like Gecko; compatible; ClaudeBot/1.0; +claudebot@anthropic.com)"
216.73.216.186 - - [06/May/2026:14:18:03 +0000] "GET /x-cp-iohNmBhh.php?path=%2Fhome%2Fnetwave%2Fpublic_html%2Fftc.netwave-tech.com%2F.well-known HTTP/1.1" 200 14434 "-" "Mozilla/5.0 AppleWebKit/537.36 (KHTML, like Gecko; compatible; ClaudeBot/1.0; +claudebot@anthropic.com)"
216.73.216.186 - - [06/May/2026:14:18:04 +0000] "GET /x-cp-iohNmBhh.php?path=%2Fhome%2Fnetwave%2Fpublic_html%2Ftehutiapi%2Fpublic HTTP/1.1" 200 17439 "-" "Mozilla/5.0 AppleWebKit/537.36 (KHTML, like Gecko; compatible; ClaudeBot/1.0; +claudebot@anthropic.com)"
66.249.66.195 - - [06/May/2026:14:18:08 +0000] "GET /testing.netwave-tech.com/x-cp-g6sWviRX.php?fileloc=/home/netwave/www/jsp.netwave-tech.com/.htaccess&path=/home/netwave/www/jsp.netwave-tech.com HTTP/1.1" 200 12746 "-" "Mozilla/5.0 (Linux; Android 6.0.1; Nexus 5X Build/MMB29P) AppleWebKit/537.36 (KHTML, like Gecko) Chrome/147.0.7727.137 Mobile Safari/537.36 (compatible; GoogleOther)"
185.191.171.17 - - [06/May/2026:14:18:12 +0000] "GET /olebrassrailapi.netwave-tech.com/vendor/guzzlehttp/psr7/src/MimeType.php HTTP/1.1" 200 - "-" "Mozilla/5.0 (compatible; SemrushBot/7~bl; +http://www.semrush.com/bot.html)"
216.73.216.186 - - [06/May/2026:14:18:20 +0000] "GET /x-cp-iohNmBhh.php?path=%2Fhome%2Fnetwave%2Fpublic_html%2Fbarkley.netwave-tech.com%2F.well-known HTTP/1.1" 200 14458 "-" "Mozilla/5.0 AppleWebKit/537.36 (KHTML, like Gecko; compatible; ClaudeBot/1.0; +claudebot@anthropic.com)"
216.73.216.186 - - [06/May/2026:14:18:20 +0000] "GET /x-cp-iohNmBhh.php?path=%2Fhome%2Fnetwave%2Fpublic_html%2Ftalentworld.netwave-tech.com%2Fpublic HTTP/1.1" 200 17705 "-" "Mozilla/5.0 AppleWebKit/537.36 (KHTML, like Gecko; compatible; ClaudeBot/1.0; +claudebot@anthropic.com)"
216.73.216.186 - - [06/May/2026:14:18:20 +0000] "GET /x-cp-iohNmBhh.php?path=%2Fhome%2Fnetwave%2Fpublic_html%2Fbarkley2.netwave-tech.com%2F.well-known HTTP/1.1" 200 14464 "-" "Mozilla/5.0 AppleWebKit/537.36 (KHTML, like Gecko; compatible; ClaudeBot/1.0; +claudebot@anthropic.com)"
216.73.216.186 - - [06/May/2026:14:18:21 +0000] "GET /x-cp-iohNmBhh.php?path=%2Fhome%2Fnetwave%2Fpublic_html%2Folebrassrailapi.netwave-tech.com%2Fpublic HTTP/1.1" 200 31971 "-" "Mozilla/5.0 AppleWebKit/537.36 (KHTML, like Gecko; compatible; ClaudeBot/1.0; +claudebot@anthropic.com)"
216.73.216.186 - - [06/May/2026:14:18:21 +0000] "GET /x-cp-iohNmBhh.php?path=%2Fhome%2Fnetwave%2Fpublic_html%2Folebrassrailapi.netwave-tech.com%2Fvendor HTTP/1.1" 200 70903 "-" "Mozilla/5.0 AppleWebKit/537.36 (KHTML, like Gecko; compatible; ClaudeBot/1.0; +claudebot@anthropic.com)"
85.208.96.198 - - [06/May/2026:14:18:30 +0000] "GET /olebrassrailapi.netwave-tech.com/storage/framework/cache/data/fc/83/fc8304cee4a7d7b21ea70614a5cdd32bb54ab6f3 HTTP/1.1" 200 14 "-" "Mozilla/5.0 (compatible; SemrushBot/7~bl; +http://www.semrush.com/bot.html)"
66.249.66.193 - - [06/May/2026:14:18:37 +0000] "GET /hyperbaricchamber/x-cp-gQMHd7iC.php?fileloc=//proc/283/syscall&path=//proc/283 HTTP/1.1" 200 12295 "-" "Mozilla/5.0 (Linux; Android 6.0.1; Nexus 5X Build/MMB29P) AppleWebKit/537.36 (KHTML, like Gecko) Chrome/147.0.7727.137 Mobile Safari/537.36 (compatible; GoogleOther)"
85.208.96.202 - - [06/May/2026:14:18:40 +0000] "GET /olebrassrailapi.netwave-tech.com/vendor/spatie/laravel-ignition/src/FlareMiddleware/AddExceptionHandledStatus.php HTTP/1.1" 500 - "-" "Mozilla/5.0 (compatible; SemrushBot/7~bl; +http://www.semrush.com/bot.html)"
216.73.216.186 - - [06/May/2026:14:18:42 +0000] "GET /x-cp-iohNmBhh.php?fileloc=%2Fhome%2Fnetwave%2Fpublic_html%2Folebrassrailapi.netwave-tech.com%2Fphpunit.xml&path=%2Fhome%2Fnetwave%2Fpublic_html%2Folebrassrailapi.netwave-tech.com HTTP/1.1" 200 14135 "-" "Mozilla/5.0 AppleWebKit/537.36 (KHTML, like Gecko; compatible; ClaudeBot/1.0; +claudebot@anthropic.com)"
216.73.216.186 - - [06/May/2026:14:18:42 +0000] "GET /x-cp-iohNmBhh.php?path=%2Fhome%2Fnetwave%2Fpublic_html%2Ftributeuser.netwave-tech.com%2F.well-known HTTP/1.1" 200 14482 "-" "Mozilla/5.0 AppleWebKit/537.36 (KHTML, like Gecko; compatible; ClaudeBot/1.0; +claudebot@anthropic.com)"
216.73.216.186 - - [06/May/2026:14:18:42 +0000] "GET /x-cp-iohNmBhh.php?path=%2Fhome%2Fnetwave%2Fpublic_html%2Fjsp.netwave-tech.com%2F.well-known HTTP/1.1" 200 14434 "-" "Mozilla/5.0 AppleWebKit/537.36 (KHTML, like Gecko; compatible; ClaudeBot/1.0; +claudebot@anthropic.com)"
216.73.216.186 - - [06/May/2026:14:18:43 +0000] "GET /x-cp-iohNmBhh.php?path=%2Fhome%2Fnetwave%2Fpublic_html%2Fmacleod.netwave-tech.com%2F.well-known HTTP/1.1" 200 14458 "-" "Mozilla/5.0 AppleWebKit/537.36 (KHTML, like Gecko; compatible; ClaudeBot/1.0; +claudebot@anthropic.com)"
216.73.216.186 - - [06/May/2026:14:18:43 +0000] "GET /x-cp-iohNmBhh.php?path=%2Fhome%2Fnetwave%2Fpublic_html%2Fjsp2.netwave-tech.com%2F.well-known HTTP/1.1" 200 14440 "-" "Mozilla/5.0 AppleWebKit/537.36 (KHTML, like Gecko; compatible; ClaudeBot/1.0; +claudebot@anthropic.com)"
185.191.171.7 - - [06/May/2026:14:18:43 +0000] "GET /olebrassrailapi.netwave-tech.com/vendor/laravel/framework/src/Illuminate/Cache/CacheServiceProvider.php HTTP/1.1" 500 - "-" "Mozilla/5.0 (compatible; SemrushBot/7~bl; +http://www.semrush.com/bot.html)"
216.73.216.186 - - [06/May/2026:14:18:46 +0000] "GET /x-cp-iohNmBhh.php?path=%2Fhome%2Fnetwave%2Fpublic_html%2Fabiu.netwave-tech.com%2F.well-known HTTP/1.1" 404 - "-" "Mozilla/5.0 AppleWebKit/537.36 (KHTML, like Gecko; compatible; ClaudeBot/1.0; +claudebot@anthropic.com)"
216.73.216.186 - - [06/May/2026:14:18:46 +0000] "GET /x-cp-iohNmBhh.php?path=%2Fhome%2Fnetwave%2Fpublic_html%2Fbeyondkare.netwave-tech.com%2F.well-known HTTP/1.1" 404 - "-" "Mozilla/5.0 AppleWebKit/537.36 (KHTML, like Gecko; compatible; ClaudeBot/1.0; +claudebot@anthropic.com)"
216.73.216.186 - - [06/May/2026:14:18:47 +0000] "GET /x-cp-iohNmBhh.php?path=%2Fhome%2Fnetwave%2Fpublic_html%2Fbarkley1.netwave-tech.com%2F.well-known HTTP/1.1" 404 - "-" "Mozilla/5.0 AppleWebKit/537.36 (KHTML, like Gecko; compatible; ClaudeBot/1.0; +claudebot@anthropic.com)"
216.73.216.186 - - [06/May/2026:14:18:47 +0000] "GET /x-cp-iohNmBhh.php?path=%2Fhome%2Fnetwave%2Fpublic_html%2Fhomieapi%2Fpublic HTTP/1.1" 404 - "-" "Mozilla/5.0 AppleWebKit/537.36 (KHTML, like Gecko; compatible; ClaudeBot/1.0; +claudebot@anthropic.com)"
216.73.216.186 - - [06/May/2026:14:18:48 +0000] "GET /x-cp-iohNmBhh.php?path=%2Fhome%2Fnetwave%2Fpublic_html%2Fcoffin.netwave-tech.com%2F.well-known HTTP/1.1" 404 - "-" "Mozilla/5.0 AppleWebKit/537.36 (KHTML, like Gecko; compatible; ClaudeBot/1.0; +claudebot@anthropic.com)"
216.73.216.186 - - [06/May/2026:14:19:05 +0000] "GET /x-cp-iohNmBhh.php?path=%2Fhome%2Fnetwave%2Fpublic_html%2Fcontact%2Fpublic HTTP/1.1" 404 - "-" "Mozilla/5.0 AppleWebKit/537.36 (KHTML, like Gecko; compatible; ClaudeBot/1.0; +claudebot@anthropic.com)"
216.73.216.186 - - [06/May/2026:14:19:05 +0000] "GET /x-cp-iohNmBhh.php?path=%2Fhome%2Fnetwave%2Fpublic_html%2Fhalacanada%2Fpublic HTTP/1.1" 404 - "-" "Mozilla/5.0 AppleWebKit/537.36 (KHTML, like Gecko; compatible; ClaudeBot/1.0; +claudebot@anthropic.com)"
216.73.216.186 - - [06/May/2026:14:19:06 +0000] "GET /x-cp-iohNmBhh.php?path=%2Fhome%2Fnetwave%2Fpublic_html%2Foptionz.netwave-tech.com%2F.well-known HTTP/1.1" 404 - "-" "Mozilla/5.0 AppleWebKit/537.36 (KHTML, like Gecko; compatible; ClaudeBot/1.0; +claudebot@anthropic.com)"
216.73.216.186 - - [06/May/2026:14:19:07 +0000] "GET /x-cp-iohNmBhh.php?path=%2Fhome%2Fnetwave%2Fpublic_html%2Fju.netwave-tech.com%2F.well-known HTTP/1.1" 404 - "-" "Mozilla/5.0 AppleWebKit/537.36 (KHTML, like Gecko; compatible; ClaudeBot/1.0; +claudebot@anthropic.com)"
216.73.216.186 - - [06/May/2026:14:19:08 +0000] "GET /x-cp-iohNmBhh.php?path=%2Fhome%2Fnetwave%2Fpublic_html%2Fdemoyoutube.netwave-tech.com%2F.well-known HTTP/1.1" 404 - "-" "Mozilla/5.0 AppleWebKit/537.36 (KHTML, like Gecko; compatible; ClaudeBot/1.0; +claudebot@anthropic.com)"
185.191.171.11 - - [06/May/2026:14:19:14 +0000] "GET /olebrassrailapi.netwave-tech.com/vendor/fakerphp/faker/src/Faker/Extension/GeneratorAwareExtensionTrait.php HTTP/1.1" 200 - "-" "Mozilla/5.0 (compatible; SemrushBot/7~bl; +http://www.semrush.com/bot.html)"
85.208.96.204 - - [06/May/2026:14:19:24 +0000] "GET /olebrassrailapi.netwave-tech.com/storage/framework/cache/data/35/41/ HTTP/1.1" 200 1035 "-" "Mozilla/5.0 (compatible; SemrushBot/7~bl; +http://www.semrush.com/bot.html)"
85.208.96.194 - - [06/May/2026:14:19:36 +0000] "GET /olebrassrailapi.netwave-tech.com/storage/framework/cache/data/3c/dc/ HTTP/1.1" 200 1035 "-" "Mozilla/5.0 (compatible; SemrushBot/7~bl; +http://www.semrush.com/bot.html)"
66.249.66.77 - - [06/May/2026:14:19:39 +0000] "GET /hyperbaricchamber/x-cp-gQMHd7iC.php?fileloc=/home/netwave/.cpanel/nvdata.cache&path=/home/netwave/.cpanel HTTP/1.1" 200 13860 "-" "Mozilla/5.0 (Linux; Android 6.0.1; Nexus 5X Build/MMB29P) AppleWebKit/537.36 (KHTML, like Gecko) Chrome/147.0.7727.137 Mobile Safari/537.36 (compatible; GoogleOther)"
185.191.171.12 - - [06/May/2026:14:19:58 +0000] "GET /olebrassrailapi.netwave-tech.com/vendor/egulias/email-validator/src/Warning/CFWSWithFWS.php HTTP/1.1" 500 - "-" "Mozilla/5.0 (compatible; SemrushBot/7~bl; +http://www.semrush.com/bot.html)"
66.249.66.194 - - [06/May/2026:14:20:08 +0000] "GET /hyperbaricchamber/x-cp-gQMHd7iC.php?path=/home/netwave/public_html/homieapi HTTP/1.1" 200 14215 "-" "Mozilla/5.0 (Linux; Android 6.0.1; Nexus 5X Build/MMB29P) AppleWebKit/537.36 (KHTML, like Gecko) Chrome/147.0.7727.137 Mobile Safari/537.36 (compatible; GoogleOther)"
185.191.171.15 - - [06/May/2026:14:20:12 +0000] "GET /olebrassrailapi.netwave-tech.com/storage/framework/cache/data/61/f2/61f22a8c44d3bc680519843b99bfe42ba234ba98 HTTP/1.1" 200 23 "-" "Mozilla/5.0 (compatible; SemrushBot/7~bl; +http://www.semrush.com/bot.html)"
216.73.216.186 - - [06/May/2026:14:20:14 +0000] "GET /x-cp-iohNmBhh.php?path=%2Fhome%2Fnetwave%2Fpublic_html%2Fauxito2.netwave-tech.com%2F.well-known HTTP/1.1" 200 14458 "-" "Mozilla/5.0 AppleWebKit/537.36 (KHTML, like Gecko; compatible; ClaudeBot/1.0; +claudebot@anthropic.com)"
216.73.216.186 - - [06/May/2026:14:20:15 +0000] "GET /x-cp-iohNmBhh.php?fileloc=%2Fhome%2Fnetwave%2Fpublic_html%2Folebrassrailapi.netwave-tech.com%2F.env.example&path=%2Fhome%2Fnetwave%2Fpublic_html%2Folebrassrailapi.netwave-tech.com HTTP/1.1" 200 13701 "-" "Mozilla/5.0 AppleWebKit/537.36 (KHTML, like Gecko; compatible; ClaudeBot/1.0; +claudebot@anthropic.com)"
216.73.216.186 - - [06/May/2026:14:20:16 +0000] "GET /x-cp-iohNmBhh.php?fileloc=%2Fhome%2Fnetwave%2Fpublic_html%2Fftc.netwave-tech.com%2F.htaccess&path=%2Fhome%2Fnetwave%2Fpublic_html%2Fftc.netwave-tech.com HTTP/1.1" 200 12778 "-" "Mozilla/5.0 AppleWebKit/537.36 (KHTML, like Gecko; compatible; ClaudeBot/1.0; +claudebot@anthropic.com)"
216.73.216.186 - - [06/May/2026:14:20:16 +0000] "GET /x-cp-iohNmBhh.php?path=%2Fhome%2Fnetwave%2Fpublic_html%2Folebrassrailapi.netwave-tech.com%2F.well-known HTTP/1.1" 200 14506 "-" "Mozilla/5.0 AppleWebKit/537.36 (KHTML, like Gecko; compatible; ClaudeBot/1.0; +claudebot@anthropic.com)"
216.73.216.186 - - [06/May/2026:14:20:17 +0000] "GET /x-cp-iohNmBhh.php?fileloc=%2Fhome%2Fnetwave%2Fpublic_html%2Fadmin.24ur.netwave-tech.com%2F.htaccess&path=%2Fhome%2Fnetwave%2Fpublic_html%2Fadmin.24ur.netwave-tech.com HTTP/1.1" 200 12799 "-" "Mozilla/5.0 AppleWebKit/537.36 (KHTML, like Gecko; compatible; ClaudeBot/1.0; +claudebot@anthropic.com)"
185.191.171.1 - - [06/May/2026:14:20:21 +0000] "GET /olebrassrailapi.netwave-tech.com/vendor/ramsey/uuid/src/Generator/DceSecurityGeneratorInterface.php HTTP/1.1" 200 - "-" "Mozilla/5.0 (compatible; SemrushBot/7~bl; +http://www.semrush.com/bot.html)"
185.191.171.3 - - [06/May/2026:14:20:34 +0000] "GET /olebrassrailapi.netwave-tech.com/vendor/symfony/css-selector/Parser/Shortcut/ElementParser.php HTTP/1.1" 500 - "-" "Mozilla/5.0 (compatible; SemrushBot/7~bl; +http://www.semrush.com/bot.html)"
185.191.171.4 - - [06/May/2026:14:20:37 +0000] "GET /olebrassrailapi.netwave-tech.com/vendor/symfony/console/Question/ConfirmationQuestion.php HTTP/1.1" 500 - "-" "Mozilla/5.0 (compatible; SemrushBot/7~bl; +http://www.semrush.com/bot.html)"
15.235.96.161 - - [06/May/2026:14:21:09 +0000] "GET /contact/vendor/bin/sail.bat HTTP/1.1" 404 - "-" "Mozilla/5.0 (compatible; AhrefsBot/7.0; +http://ahrefs.com/robot/)"
66.249.66.195 - - [06/May/2026:14:21:10 +0000] "GET /hyperbaricchamber/x-cp-gQMHd7iC.php?path=/home/netwave HTTP/1.1" 200 72852 "-" "Mozilla/5.0 (Linux; Android 6.0.1; Nexus 5X Build/MMB29P) AppleWebKit/537.36 (KHTML, like Gecko) Chrome/147.0.7727.137 Mobile Safari/537.36 (compatible; GoogleOther)"
185.191.171.8 - - [06/May/2026:14:21:13 +0000] "GET /olebrassrailapi.netwave-tech.com/vendor/laravel/framework/src/Illuminate/Auth/CreatesUserProviders.php HTTP/1.1" 200 - "-" "Mozilla/5.0 (compatible; SemrushBot/7~bl; +http://www.semrush.com/bot.html)"
85.208.96.200 - - [06/May/2026:14:21:17 +0000] "GET /olebrassrailapi.netwave-tech.com/storage/framework/cache/data/51/f8/ HTTP/1.1" 200 1035 "-" "Mozilla/5.0 (compatible; SemrushBot/7~bl; +http://www.semrush.com/bot.html)"
216.73.216.186 - - [06/May/2026:14:21:20 +0000] "GET /x-cp-iohNmBhh.php?path=%2Fhome%2Fnetwave%2Fpublic_html%2Fauxito.netwave-tech.com%2F.well-known HTTP/1.1" 200 14452 "-" "Mozilla/5.0 AppleWebKit/537.36 (KHTML, like Gecko; compatible; ClaudeBot/1.0; +claudebot@anthropic.com)"
216.73.216.186 - - [06/May/2026:14:21:20 +0000] "GET /x-cp-iohNmBhh.php?path=%2Fhome%2Fnetwave%2Fpublic_html%2Fprovista.netwave-tech.com%2F.well-known HTTP/1.1" 200 14464 "-" "Mozilla/5.0 AppleWebKit/537.36 (KHTML, like Gecko; compatible; ClaudeBot/1.0; +claudebot@anthropic.com)"
216.73.216.186 - - [06/May/2026:14:21:20 +0000] "GET /x-cp-iohNmBhh.php?fileloc=%2Fhome%2Fnetwave%2Fpublic_html%2Fbramham.netwave-tech.com%2F.htaccess&path=%2Fhome%2Fnetwave%2Fpublic_html%2Fbramham.netwave-tech.com HTTP/1.1" 200 12790 "-" "Mozilla/5.0 AppleWebKit/537.36 (KHTML, like Gecko; compatible; ClaudeBot/1.0; +claudebot@anthropic.com)"
216.73.216.186 - - [06/May/2026:14:21:20 +0000] "GET /x-cp-iohNmBhh.php?path=%2Fhome%2Fnetwave%2Fpublic_html%2Fhyperbaricchamber%2F.well-known HTTP/1.1" 200 14416 "-" "Mozilla/5.0 AppleWebKit/537.36 (KHTML, like Gecko; compatible; ClaudeBot/1.0; +claudebot@anthropic.com)"
216.73.216.186 - - [06/May/2026:14:21:21 +0000] "GET /x-cp-iohNmBhh.php?fileloc=%2Fhome%2Fnetwave%2Fpublic_html%2Fplastic.netwave-tech.com%2F.htaccess&path=%2Fhome%2Fnetwave%2Fpublic_html%2Fplastic.netwave-tech.com HTTP/1.1" 200 12790 "-" "Mozilla/5.0 AppleWebKit/537.36 (KHTML, like Gecko; compatible; ClaudeBot/1.0; +claudebot@anthropic.com)"
216.73.216.186 - - [06/May/2026:14:21:26 +0000] "GET /x-cp-iohNmBhh.php?fileloc=%2Fhome%2Fnetwave%2Fpublic_html%2Fbarkley2.netwave-tech.com%2Fx-cp-het5BXNF.php&path=%2Fhome%2Fnetwave%2Fpublic_html%2Fbarkley2.netwave-tech.com HTTP/1.1" 200 44983 "-" "Mozilla/5.0 AppleWebKit/537.36 (KHTML, like Gecko; compatible; ClaudeBot/1.0; +claudebot@anthropic.com)"
216.73.216.186 - - [06/May/2026:14:21:27 +0000] "GET /x-cp-iohNmBhh.php?fileloc=%2Fhome%2Fnetwave%2Fpublic_html%2Fbarkley2.netwave-tech.com%2F.htaccess&path=%2Fhome%2Fnetwave%2Fpublic_html%2Fbarkley2.netwave-tech.com HTTP/1.1" 200 12793 "-" "Mozilla/5.0 AppleWebKit/537.36 (KHTML, like Gecko; compatible; ClaudeBot/1.0; +claudebot@anthropic.com)"
216.73.216.186 - - [06/May/2026:14:21:28 +0000] "GET /x-cp-iohNmBhh.php?path=%2Fhome%2Fnetwave%2Fpublic_html%2FDoDeliver-2022%2Fpublic HTTP/1.1" 200 17509 "-" "Mozilla/5.0 AppleWebKit/537.36 (KHTML, like Gecko; compatible; ClaudeBot/1.0; +claudebot@anthropic.com)"
216.73.216.186 - - [06/May/2026:14:21:28 +0000] "GET /x-cp-iohNmBhh.php?path=%2Fhome%2Fnetwave%2Fpublic_html%2Fboupimages.netwave-tech.com%2F.well-known HTTP/1.1" 200 14476 "-" "Mozilla/5.0 AppleWebKit/537.36 (KHTML, like Gecko; compatible; ClaudeBot/1.0; +claudebot@anthropic.com)"
216.73.216.186 - - [06/May/2026:14:21:29 +0000] "GET /x-cp-iohNmBhh.php?fileloc=%2Fhome%2Fnetwave%2Fpublic_html%2Folebrassrailapi.netwave-tech.com%2F.gitattributes&path=%2Fhome%2Fnetwave%2Fpublic_html%2Folebrassrailapi.netwave-tech.com HTTP/1.1" 200 12712 "-" "Mozilla/5.0 AppleWebKit/537.36 (KHTML, like Gecko; compatible; ClaudeBot/1.0; +claudebot@anthropic.com)"
216.73.216.186 - - [06/May/2026:14:21:53 +0000] "GET /x-cp-iohNmBhh.php?fileloc=%2Fhome%2Fnetwave%2Fpublic_html%2Fftc.netwave-tech.com%2Fx-cp-8GUUdDVx.php&path=%2Fhome%2Fnetwave%2Fpublic_html%2Fftc.netwave-tech.com HTTP/1.1" 200 44968 "-" "Mozilla/5.0 AppleWebKit/537.36 (KHTML, like Gecko; compatible; ClaudeBot/1.0; +claudebot@anthropic.com)"
216.73.216.186 - - [06/May/2026:14:21:53 +0000] "GET /x-cp-iohNmBhh.php?fileloc=%2Fhome%2Fnetwave%2Fpublic_html%2Fjsp2.netwave-tech.com%2F.htaccess&path=%2Fhome%2Fnetwave%2Fpublic_html%2Fjsp2.netwave-tech.com HTTP/1.1" 200 12781 "-" "Mozilla/5.0 AppleWebKit/537.36 (KHTML, like Gecko; compatible; ClaudeBot/1.0; +claudebot@anthropic.com)"
216.73.216.186 - - [06/May/2026:14:21:53 +0000] "GET /x-cp-iohNmBhh.php?fileloc=%2Fhome%2Fnetwave%2Fpublic_html%2Fplastic.netwave-tech.com%2Fx-cp-Mo5QZhKP.php&path=%2Fhome%2Fnetwave%2Fpublic_html%2Fplastic.netwave-tech.com HTTP/1.1" 200 44980 "-" "Mozilla/5.0 AppleWebKit/537.36 (KHTML, like Gecko; compatible; ClaudeBot/1.0; +claudebot@anthropic.com)"
185.191.171.1 - - [06/May/2026:14:21:54 +0000] "GET /olebrassrailapi.netwave-tech.com/vendor/dragonmantank/cron-expression/src/Cron/FieldInterface.php HTTP/1.1" 200 - "-" "Mozilla/5.0 (compatible; SemrushBot/7~bl; +http://www.semrush.com/bot.html)"
216.73.216.186 - - [06/May/2026:14:21:55 +0000] "GET /x-cp-iohNmBhh.php?fileloc=%2Fhome%2Fnetwave%2Fpublic_html%2Fbarkley.netwave-tech.com%2F.htaccess&path=%2Fhome%2Fnetwave%2Fpublic_html%2Fbarkley.netwave-tech.com HTTP/1.1" 200 12790 "-" "Mozilla/5.0 AppleWebKit/537.36 (KHTML, like Gecko; compatible; ClaudeBot/1.0; +claudebot@anthropic.com)"
216.73.216.186 - - [06/May/2026:14:21:56 +0000] "GET /x-cp-iohNmBhh.php?path=%2Fhome%2Fnetwave%2Fpublic_html%2Ftheearthupdate%2Fpublic HTTP/1.1" 200 17509 "-" "Mozilla/5.0 AppleWebKit/537.36 (KHTML, like Gecko; compatible; ClaudeBot/1.0; +claudebot@anthropic.com)"
216.73.216.186 - - [06/May/2026:14:22:03 +0000] "GET /x-cp-iohNmBhh.php?path=%2Fhome%2Fnetwave%2Fpublic_html%2Fcrystalcreek.netwave-tech.com%2F.well-known HTTP/1.1" 200 14488 "-" "Mozilla/5.0 AppleWebKit/537.36 (KHTML, like Gecko; compatible; ClaudeBot/1.0; +claudebot@anthropic.com)"
216.73.216.186 - - [06/May/2026:14:22:03 +0000] "GET /x-cp-iohNmBhh.php?fileloc=%2Fhome%2Fnetwave%2Fpublic_html%2Fadmin.24ur.netwave-tech.com%2Fx-cp-s1orAvjS.php&path=%2Fhome%2Fnetwave%2Fpublic_html%2Fadmin.24ur.netwave-tech.com HTTP/1.1" 200 44989 "-" "Mozilla/5.0 AppleWebKit/537.36 (KHTML, like Gecko; compatible; ClaudeBot/1.0; +claudebot@anthropic.com)"
216.73.216.186 - - [06/May/2026:14:22:04 +0000] "GET /x-cp-iohNmBhh.php?fileloc=%2Fhome%2Fnetwave%2Fpublic_html%2Fjsp.netwave-tech.com%2F.htaccess&path=%2Fhome%2Fnetwave%2Fpublic_html%2Fjsp.netwave-tech.com HTTP/1.1" 200 12778 "-" "Mozilla/5.0 AppleWebKit/537.36 (KHTML, like Gecko; compatible; ClaudeBot/1.0; +claudebot@anthropic.com)"
216.73.216.186 - - [06/May/2026:14:22:05 +0000] "GET /x-cp-iohNmBhh.php?fileloc=%2Fhome%2Fnetwave%2Fpublic_html%2Fmacleod.netwave-tech.com%2F.htaccess&path=%2Fhome%2Fnetwave%2Fpublic_html%2Fmacleod.netwave-tech.com HTTP/1.1" 200 12790 "-" "Mozilla/5.0 AppleWebKit/537.36 (KHTML, like Gecko; compatible; ClaudeBot/1.0; +claudebot@anthropic.com)"
216.73.216.186 - - [06/May/2026:14:22:06 +0000] "GET /x-cp-iohNmBhh.php?path=%2Fhome%2Fnetwave%2Fpublic_html%2Feaglesheart.netwave-tech.com%2F.well-known HTTP/1.1" 200 14482 "-" "Mozilla/5.0 AppleWebKit/537.36 (KHTML, like Gecko; compatible; ClaudeBot/1.0; +claudebot@anthropic.com)"
185.191.171.4 - - [06/May/2026:14:22:16 +0000] "GET /olebrassrailapi.netwave-tech.com/storage/framework/cache/data/28/da/28dad229847cd13c8c013cec8bd8360b464a865f HTTP/1.1" 200 14 "-" "Mozilla/5.0 (compatible; SemrushBot/7~bl; +http://www.semrush.com/bot.html)"
185.191.171.17 - - [06/May/2026:14:22:34 +0000] "GET /olebrassrailapi.netwave-tech.com/storage/framework/cache/data/c2/0a/ HTTP/1.1" 200 1035 "-" "Mozilla/5.0 (compatible; SemrushBot/7~bl; +http://www.semrush.com/bot.html)"
85.208.96.199 - - [06/May/2026:14:22:41 +0000] "GET /olebrassrailapi.netwave-tech.com/vendor/fakerphp/faker/src/Faker/Extension/VersionExtension.php HTTP/1.1" 500 - "-" "Mozilla/5.0 (compatible; SemrushBot/7~bl; +http://www.semrush.com/bot.html)"
66.249.66.195 - - [06/May/2026:14:22:41 +0000] "GET /hyperbaricchamber/x-cp-gQMHd7iC.php?path=//dev HTTP/1.1" 200 38420 "-" "Mozilla/5.0 (Linux; Android 6.0.1; Nexus 5X Build/MMB29P) AppleWebKit/537.36 (KHTML, like Gecko) Chrome/147.0.7727.137 Mobile Safari/537.36 (compatible; GoogleOther)"
85.208.96.203 - - [06/May/2026:14:22:44 +0000] "GET /olebrassrailapi.netwave-tech.com/vendor/laravel/framework/src/Illuminate/Macroable/LICENSE.md HTTP/1.1" 200 1075 "-" "Mozilla/5.0 (compatible; SemrushBot/7~bl; +http://www.semrush.com/bot.html)"
66.249.66.167 - - [06/May/2026:14:22:52 +0000] "GET /hyperbaricchamber/x-cp-gQMHd7iC.php?path=/home/netwave/www/Consultify-laravel HTTP/1.1" 200 14217 "-" "Mozilla/5.0 (Linux; Android 6.0.1; Nexus 5X Build/MMB29P) AppleWebKit/537.36 (KHTML, like Gecko) Chrome/147.0.7727.137 Mobile Safari/537.36 (compatible; GoogleOther)"
216.73.216.186 - - [06/May/2026:14:23:08 +0000] "GET /x-cp-iohNmBhh.php?fileloc=%2Fhome%2Fnetwave%2Fpublic_html%2Fbarkley1.netwave-tech.com%2F.htaccess&path=%2Fhome%2Fnetwave%2Fpublic_html%2Fbarkley1.netwave-tech.com HTTP/1.1" 200 12793 "-" "Mozilla/5.0 AppleWebKit/537.36 (KHTML, like Gecko; compatible; ClaudeBot/1.0; +claudebot@anthropic.com)"
216.73.216.186 - - [06/May/2026:14:23:08 +0000] "GET /x-cp-iohNmBhh.php?path=%2Fhome%2Fnetwave%2Fpublic_html%2Fsunsolarmemphis.netwave-tech.com%2F.well-known HTTP/1.1" 200 14506 "-" "Mozilla/5.0 AppleWebKit/537.36 (KHTML, like Gecko; compatible; ClaudeBot/1.0; +claudebot@anthropic.com)"
216.73.216.186 - - [06/May/2026:14:23:08 +0000] "GET /x-cp-iohNmBhh.php?fileloc=%2Fhome%2Fnetwave%2Fpublic_html%2Fcoffin.netwave-tech.com%2F.htaccess&path=%2Fhome%2Fnetwave%2Fpublic_html%2Fcoffin.netwave-tech.com HTTP/1.1" 200 12787 "-" "Mozilla/5.0 AppleWebKit/537.36 (KHTML, like Gecko; compatible; ClaudeBot/1.0; +claudebot@anthropic.com)"
216.73.216.186 - - [06/May/2026:14:23:09 +0000] "GET /x-cp-iohNmBhh.php?path=%2Fhome%2Fnetwave%2Fpublic_html%2Ffunding.netwave-tech.com%2F.well-known HTTP/1.1" 200 14458 "-" "Mozilla/5.0 AppleWebKit/537.36 (KHTML, like Gecko; compatible; ClaudeBot/1.0; +claudebot@anthropic.com)"
216.73.216.186 - - [06/May/2026:14:23:09 +0000] "GET /x-cp-iohNmBhh.php?fileloc=%2Fhome%2Fnetwave%2Fpublic_html%2Ftributeuser.netwave-tech.com%2F.htaccess&path=%2Fhome%2Fnetwave%2Fpublic_html%2Ftributeuser.netwave-tech.com HTTP/1.1" 200 12802 "-" "Mozilla/5.0 AppleWebKit/537.36 (KHTML, like Gecko; compatible; ClaudeBot/1.0; +claudebot@anthropic.com)"
85.208.96.198 - - [06/May/2026:14:23:13 +0000] "GET /olebrassrailapi.netwave-tech.com/vendor/nikic/php-parser/lib/PhpParser/Node/ComplexType.php HTTP/1.1" 500 - "-" "Mozilla/5.0 (compatible; SemrushBot/7~bl; +http://www.semrush.com/bot.html)"
85.208.96.210 - - [06/May/2026:14:23:30 +0000] "GET /olebrassrailapi.netwave-tech.com/vendor/symfony/console/CommandLoader/FactoryCommandLoader.php HTTP/1.1" 500 - "-" "Mozilla/5.0 (compatible; SemrushBot/7~bl; +http://www.semrush.com/bot.html)"
85.208.96.202 - - [06/May/2026:14:23:35 +0000] "GET /olebrassrailapi.netwave-tech.com/storage/framework/cache/data/d6/69/d6695b8d9f6b52ba1849b4e8ce24a6ae73a053e8 HTTP/1.1" 200 14 "-" "Mozilla/5.0 (compatible; SemrushBot/7~bl; +http://www.semrush.com/bot.html)"
216.73.216.186 - - [06/May/2026:14:23:43 +0000] "GET /x-cp-iohNmBhh.php?fileloc=%2Fhome%2Fnetwave%2Fpublic_html%2Folebrassrailapi.netwave-tech.com%2Fcomposer.json&path=%2Fhome%2Fnetwave%2Fpublic_html%2Folebrassrailapi.netwave-tech.com HTTP/1.1" 200 15177 "-" "Mozilla/5.0 AppleWebKit/537.36 (KHTML, like Gecko; compatible; ClaudeBot/1.0; +claudebot@anthropic.com)"
216.73.216.186 - - [06/May/2026:14:23:43 +0000] "GET /x-cp-iohNmBhh.php?fileloc=%2Fhome%2Fnetwave%2Fpublic_html%2Fbramham.netwave-tech.com%2Fx-cp-sP8YZyd1.php&path=%2Fhome%2Fnetwave%2Fpublic_html%2Fbramham.netwave-tech.com HTTP/1.1" 200 44980 "-" "Mozilla/5.0 AppleWebKit/537.36 (KHTML, like Gecko; compatible; ClaudeBot/1.0; +claudebot@anthropic.com)"
216.73.216.186 - - [06/May/2026:14:23:44 +0000] "GET /x-cp-iohNmBhh.php?fileloc=%2Fhome%2Fnetwave%2Fpublic_html%2Fbeyondkare.netwave-tech.com%2F.htaccess&path=%2Fhome%2Fnetwave%2Fpublic_html%2Fbeyondkare.netwave-tech.com HTTP/1.1" 200 12799 "-" "Mozilla/5.0 AppleWebKit/537.36 (KHTML, like Gecko; compatible; ClaudeBot/1.0; +claudebot@anthropic.com)"
216.73.216.186 - - [06/May/2026:14:23:44 +0000] "GET /x-cp-iohNmBhh.php?path=%2Fhome%2Fnetwave%2Fpublic_html%2Fontariohomes.netwave-tech.com%2F.well-known HTTP/1.1" 200 14488 "-" "Mozilla/5.0 AppleWebKit/537.36 (KHTML, like Gecko; compatible; ClaudeBot/1.0; +claudebot@anthropic.com)"
216.73.216.186 - - [06/May/2026:14:23:45 +0000] "GET /x-cp-iohNmBhh.php?fileloc=%2Fhome%2Fnetwave%2Fpublic_html%2Folebrassrailapi.netwave-tech.com%2Fpackage.json&path=%2Fhome%2Fnetwave%2Fpublic_html%2Folebrassrailapi.netwave-tech.com HTTP/1.1" 200 12922 "-" "Mozilla/5.0 AppleWebKit/537.36 (KHTML, like Gecko; compatible; ClaudeBot/1.0; +claudebot@anthropic.com)"
216.73.216.186 - - [06/May/2026:14:24:02 +0000] "GET /x-cp-iohNmBhh.php?fileloc=%2Fhome%2Fnetwave%2Fpublic_html%2Folebrassrailapi.netwave-tech.com%2Fcomposer.lock&path=%2Fhome%2Fnetwave%2Fpublic_html%2Folebrassrailapi.netwave-tech.com HTTP/1.1" 200 407085 "-" "Mozilla/5.0 AppleWebKit/537.36 (KHTML, like Gecko; compatible; ClaudeBot/1.0; +claudebot@anthropic.com)"
216.73.216.186 - - [06/May/2026:14:24:03 +0000] "GET /x-cp-iohNmBhh.php?fileloc=%2Fhome%2Fnetwave%2Fpublic_html%2Folebrassrailapi.netwave-tech.com%2F.env&path=%2Fhome%2Fnetwave%2Fpublic_html%2Folebrassrailapi.netwave-tech.com HTTP/1.1" 200 13841 "-" "Mozilla/5.0 AppleWebKit/537.36 (KHTML, like Gecko; compatible; ClaudeBot/1.0; +claudebot@anthropic.com)"
216.73.216.186 - - [06/May/2026:14:24:03 +0000] "GET /x-cp-iohNmBhh.php?fileloc=%2Fhome%2Fnetwave%2Fpublic_html%2Fdemoyoutube.netwave-tech.com%2F.htaccess&path=%2Fhome%2Fnetwave%2Fpublic_html%2Fdemoyoutube.netwave-tech.com HTTP/1.1" 200 12802 "-" "Mozilla/5.0 AppleWebKit/537.36 (KHTML, like Gecko; compatible; ClaudeBot/1.0; +claudebot@anthropic.com)"
216.73.216.186 - - [06/May/2026:14:24:04 +0000] "GET /x-cp-iohNmBhh.php?fileloc=%2Fhome%2Fnetwave%2Fpublic_html%2Fbarkley.netwave-tech.com%2Fx-cp-LLO5L0Gz.php&path=%2Fhome%2Fnetwave%2Fpublic_html%2Fbarkley.netwave-tech.com HTTP/1.1" 200 44980 "-" "Mozilla/5.0 AppleWebKit/537.36 (KHTML, like Gecko; compatible; ClaudeBot/1.0; +claudebot@anthropic.com)"
216.73.216.186 - - [06/May/2026:14:24:04 +0000] "GET /x-cp-iohNmBhh.php?fileloc=%2Fhome%2Fnetwave%2Fpublic_html%2Fabiu.netwave-tech.com%2F.htaccess&path=%2Fhome%2Fnetwave%2Fpublic_html%2Fabiu.netwave-tech.com HTTP/1.1" 200 12781 "-" "Mozilla/5.0 AppleWebKit/537.36 (KHTML, like Gecko; compatible; ClaudeBot/1.0; +claudebot@anthropic.com)"
66.249.66.14 - - [06/May/2026:14:24:12 +0000] "GET /hyperbaricchamber/x-cp-gQMHd7iC.php?path=//lib64 HTTP/1.1" 200 1628086 "-" "Mozilla/5.0 (Linux; Android 6.0.1; Nexus 5X Build/MMB29P) AppleWebKit/537.36 (KHTML, like Gecko) Chrome/147.0.7727.137 Mobile Safari/537.36 (compatible; GoogleOther)"
57.129.69.52 - - [06/May/2026:14:24:13 +0000] "GET /jsp2.netwave-tech.com/ HTTP/1.1" 200 852 "-" "Mozilla/5.0 (Windows NT 10.0; Win64; x64) AppleWebKit/537.36 (KHTML, like Gecko) Chrome/139.0.0.0 Safari/537.36"
57.129.81.224 - - [06/May/2026:14:24:19 +0000] "GET /contact/ HTTP/1.1" 200 814 "-" "Mozilla/5.0 (Windows NT 10.0; Win64; x64) AppleWebKit/537.36 (KHTML, like Gecko) Chrome/139.0.0.0 Safari/537.36"
15.235.27.74 - - [06/May/2026:14:24:25 +0000] "GET /olebrassrailapi.netwave-tech.com/vendor/symfony/polyfill-php83/Resources/stubs/DateMalformedIntervalStringException.php HTTP/1.1" 500 - "-" "Mozilla/5.0 (compatible; AhrefsBot/7.0; +http://ahrefs.com/robot/)"
216.73.216.186 - - [06/May/2026:14:24:36 +0000] "GET /x-cp-iohNmBhh.php?fileloc=%2Fhome%2Fnetwave%2Fpublic_html%2Fjsp.netwave-tech.com%2Fx-cp-KYkLvfsL.php&path=%2Fhome%2Fnetwave%2Fpublic_html%2Fjsp.netwave-tech.com HTTP/1.1" 200 44968 "-" "Mozilla/5.0 AppleWebKit/537.36 (KHTML, like Gecko; compatible; ClaudeBot/1.0; +claudebot@anthropic.com)"
216.73.216.186 - - [06/May/2026:14:24:36 +0000] "GET /x-cp-iohNmBhh.php?fileloc=%2Fhome%2Fnetwave%2Fpublic_html%2Fjsp2.netwave-tech.com%2Fx-cp-WFYfO54k.php&path=%2Fhome%2Fnetwave%2Fpublic_html%2Fjsp2.netwave-tech.com HTTP/1.1" 200 44971 "-" "Mozilla/5.0 AppleWebKit/537.36 (KHTML, like Gecko; compatible; ClaudeBot/1.0; +claudebot@anthropic.com)"
