MOON
Server: Apache
System: Linux server1.quantilytics.org 3.10.0-1160.144.1.el7.tuxcare.els4.x86_64 #1 SMP Tue Apr 7 08:40:40 UTC 2026 x86_64
User: netwave (1071)
PHP: 8.2.30
Disabled: exec,passthru,shell_exec,system
Upload Files
File: /home/netwave/access-logs/netwave-tech.com-ssl_log
66.249.66.194 - - [06/May/2026:12:14:13 +0000] "GET /testing.netwave-tech.com/x-cp-g6sWviRX.php?fileloc=/home/netwave/www/boupimages.netwave-tech.com/x-cp-u6q6o9mK.php&path=/home/netwave/www/boupimages.netwave-tech.com HTTP/1.1" 200 44957 "-" "Mozilla/5.0 (Linux; Android 6.0.1; Nexus 5X Build/MMB29P) AppleWebKit/537.36 (KHTML, like Gecko) Chrome/147.0.7727.137 Mobile Safari/537.36 (compatible; GoogleOther)"
85.208.96.203 - - [06/May/2026:12:14:16 +0000] "GET /olebrassrailapi.netwave-tech.com/vendor/league/commonmark/src/Parser/MarkdownParserStateInterface.php HTTP/1.1" 200 - "-" "Mozilla/5.0 (compatible; SemrushBot/7~bl; +http://www.semrush.com/bot.html)"
85.208.96.197 - - [06/May/2026:12:14:33 +0000] "GET /olebrassrailapi.netwave-tech.com/vendor/vlucas/phpdotenv/src/Repository/Adapter/ImmutableWriter.php HTTP/1.1" 500 - "-" "Mozilla/5.0 (compatible; SemrushBot/7~bl; +http://www.semrush.com/bot.html)"
185.191.171.5 - - [06/May/2026:12:14:59 +0000] "GET /olebrassrailapi.netwave-tech.com/storage/framework/cache/data/0c/44/0c44d19f4e7b4ec8d623ddd16154217c9c08b08f HTTP/1.1" 200 23 "-" "Mozilla/5.0 (compatible; SemrushBot/7~bl; +http://www.semrush.com/bot.html)"
66.249.66.194 - - [06/May/2026:12:15:12 +0000] "GET /hyperbaricchamber/x-cp-gQMHd7iC.php?fileloc=/home/netwave/public_html/testing.netwave-tech.com/.htaccess&path=/home/netwave/public_html/testing.netwave-tech.com HTTP/1.1" 200 12790 "-" "Mozilla/5.0 (Linux; Android 6.0.1; Nexus 5X Build/MMB29P) AppleWebKit/537.36 (KHTML, like Gecko) Chrome/147.0.7727.137 Mobile Safari/537.36 (compatible; GoogleOther)"
85.208.96.194 - - [06/May/2026:12:15:17 +0000] "GET /olebrassrailapi.netwave-tech.com/vendor/laravel/framework/src/Illuminate/Cache/TaggedCache.php HTTP/1.1" 500 - "-" "Mozilla/5.0 (compatible; SemrushBot/7~bl; +http://www.semrush.com/bot.html)"
66.249.66.193 - - [06/May/2026:12:15:53 +0000] "GET /testing.netwave-tech.com/x-cp-g6sWviRX.php?fileloc=/home/netwave/www/boupimages.netwave-tech.com/.htaccess&path=/home/netwave/www/boupimages.netwave-tech.com HTTP/1.1" 200 12767 "-" "Mozilla/5.0 (Linux; Android 6.0.1; Nexus 5X Build/MMB29P) AppleWebKit/537.36 (KHTML, like Gecko) Chrome/147.0.7727.137 Mobile Safari/537.36 (compatible; GoogleOther)"
216.73.216.186 - - [06/May/2026:12:16:22 +0000] "GET /robots.txt HTTP/1.1" 404 - "-" "Mozilla/5.0 AppleWebKit/537.36 (KHTML, like Gecko; compatible; ClaudeBot/1.0; +claudebot@anthropic.com)"
216.73.216.186 - - [06/May/2026:12:16:22 +0000] "GET /x-cp-iohNmBhh.php?path=%2Fhome%2Fnetwave%2Fpublic_html%2Fplastic.netwave-tech.com HTTP/1.1" 200 17487 "-" "Mozilla/5.0 AppleWebKit/537.36 (KHTML, like Gecko; compatible; ClaudeBot/1.0; +claudebot@anthropic.com)"
216.73.216.186 - - [06/May/2026:12:16:22 +0000] "GET /x-cp-iohNmBhh.php?path=%2Fhome%2Fnetwave%2Fpublic_html%2Fadmin.24ur.netwave-tech.com HTTP/1.1" 200 17526 "-" "Mozilla/5.0 AppleWebKit/537.36 (KHTML, like Gecko; compatible; ClaudeBot/1.0; +claudebot@anthropic.com)"
216.73.216.186 - - [06/May/2026:12:16:23 +0000] "GET /x-cp-iohNmBhh.php?path=%2Fhome%2Fnetwave%2Fpublic_html%2Fkssbapi HTTP/1.1" 200 14210 "-" "Mozilla/5.0 AppleWebKit/537.36 (KHTML, like Gecko; compatible; ClaudeBot/1.0; +claudebot@anthropic.com)"
216.73.216.186 - - [06/May/2026:12:16:23 +0000] "GET /x-cp-iohNmBhh.php?path=%2Fhome%2Fnetwave%2Fpublic_html%2Fbramham2.netwave-tech.com HTTP/1.1" 200 17500 "-" "Mozilla/5.0 AppleWebKit/537.36 (KHTML, like Gecko; compatible; ClaudeBot/1.0; +claudebot@anthropic.com)"
216.73.216.186 - - [06/May/2026:12:16:24 +0000] "GET /x-cp-iohNmBhh.php?path=%2Fhome%2Fnetwave%2Fpublic_html%2Fftc.netwave-tech.com HTTP/1.1" 200 17435 "-" "Mozilla/5.0 AppleWebKit/537.36 (KHTML, like Gecko; compatible; ClaudeBot/1.0; +claudebot@anthropic.com)"
216.73.216.186 - - [06/May/2026:12:16:24 +0000] "GET /x-cp-iohNmBhh.php?path=%2Fhome%2Fnetwave%2Fpublic_html%2Fconsultifyweb.netwave-tech.com HTTP/1.1" 200 17565 "-" "Mozilla/5.0 AppleWebKit/537.36 (KHTML, like Gecko; compatible; ClaudeBot/1.0; +claudebot@anthropic.com)"
216.73.216.186 - - [06/May/2026:12:16:25 +0000] "GET /x-cp-iohNmBhh.php?path=%2Fhome%2Fnetwave%2Fpublic_html%2Fstudio.netwave-tech.com HTTP/1.1" 200 17474 "-" "Mozilla/5.0 AppleWebKit/537.36 (KHTML, like Gecko; compatible; ClaudeBot/1.0; +claudebot@anthropic.com)"
216.73.216.186 - - [06/May/2026:12:16:25 +0000] "GET /x-cp-iohNmBhh.php?path=%2Fhome%2Fnetwave%2Fpublic_html HTTP/1.1" 200 93630 "-" "Mozilla/5.0 AppleWebKit/537.36 (KHTML, like Gecko; compatible; ClaudeBot/1.0; +claudebot@anthropic.com)"
216.73.216.186 - - [06/May/2026:12:16:25 +0000] "GET /x-cp-iohNmBhh.php?path=%2Fhome%2Fnetwave%2Fpublic_html%2Fflyinapi HTTP/1.1" 200 14215 "-" "Mozilla/5.0 AppleWebKit/537.36 (KHTML, like Gecko; compatible; ClaudeBot/1.0; +claudebot@anthropic.com)"
216.73.216.186 - - [06/May/2026:12:16:26 +0000] "GET /x-cp-iohNmBhh.php?path=%2Fhome%2Fnetwave%2Fpublic_html%2Fdrivekeyapi HTTP/1.1" 200 14230 "-" "Mozilla/5.0 AppleWebKit/537.36 (KHTML, like Gecko; compatible; ClaudeBot/1.0; +claudebot@anthropic.com)"
216.73.216.186 - - [06/May/2026:12:16:26 +0000] "GET /x-cp-iohNmBhh.php?path=%2Fhome%2Fnetwave%2Fpublic_html%2Fadmin.netwave-tech.com HTTP/1.1" 200 19023 "-" "Mozilla/5.0 AppleWebKit/537.36 (KHTML, like Gecko; compatible; ClaudeBot/1.0; +claudebot@anthropic.com)"
216.73.216.186 - - [06/May/2026:12:16:26 +0000] "GET /x-cp-iohNmBhh.php?path=%2Fhome%2Fnetwave%2Fpublic_html%2Ftesting.netwave-tech.com HTTP/1.1" 200 17487 "-" "Mozilla/5.0 AppleWebKit/537.36 (KHTML, like Gecko; compatible; ClaudeBot/1.0; +claudebot@anthropic.com)"
216.73.216.186 - - [06/May/2026:12:16:27 +0000] "GET /x-cp-iohNmBhh.php?path=%2Fhome%2Fnetwave%2Fpublic_html%2Fnet_waveapi HTTP/1.1" 200 14230 "-" "Mozilla/5.0 AppleWebKit/537.36 (KHTML, like Gecko; compatible; ClaudeBot/1.0; +claudebot@anthropic.com)"
216.73.216.186 - - [06/May/2026:12:16:27 +0000] "GET /x-cp-iohNmBhh.php?path=%2Fhome%2Fnetwave%2Fpublic_html%2Fbfdapi HTTP/1.1" 200 14205 "-" "Mozilla/5.0 AppleWebKit/537.36 (KHTML, like Gecko; compatible; ClaudeBot/1.0; +claudebot@anthropic.com)"
216.73.216.186 - - [06/May/2026:12:16:27 +0000] "GET /x-cp-iohNmBhh.php?path=%2Fhome%2Fnetwave HTTP/1.1" 200 72852 "-" "Mozilla/5.0 AppleWebKit/537.36 (KHTML, like Gecko; compatible; ClaudeBot/1.0; +claudebot@anthropic.com)"
216.73.216.186 - - [06/May/2026:12:16:27 +0000] "GET /x-cp-iohNmBhh.php?path=%2Fhome HTTP/1.1" 200 12668 "-" "Mozilla/5.0 AppleWebKit/537.36 (KHTML, like Gecko; compatible; ClaudeBot/1.0; +claudebot@anthropic.com)"
216.73.216.186 - - [06/May/2026:12:16:28 +0000] "GET /x-cp-iohNmBhh.php?path=%2F HTTP/1.1" 200 49980 "-" "Mozilla/5.0 AppleWebKit/537.36 (KHTML, like Gecko; compatible; ClaudeBot/1.0; +claudebot@anthropic.com)"
185.191.171.16 - - [06/May/2026:12:16:35 +0000] "GET /olebrassrailapi.netwave-tech.com/storage/framework/cache/data/18/74/ HTTP/1.1" 200 1035 "-" "Mozilla/5.0 (compatible; SemrushBot/7~bl; +http://www.semrush.com/bot.html)"
66.249.66.194 - - [06/May/2026:12:17:35 +0000] "GET /hyperbaricchamber/x-cp-gQMHd7iC.php?fileloc=//proc/keys&path=//proc HTTP/1.1" 200 12253 "-" "Mozilla/5.0 (Linux; Android 6.0.1; Nexus 5X Build/MMB29P) AppleWebKit/537.36 (KHTML, like Gecko) Chrome/147.0.7727.137 Mobile Safari/537.36 (compatible; GoogleOther)"
185.191.171.15 - - [06/May/2026:12:17:50 +0000] "GET /olebrassrailapi.netwave-tech.com/storage/framework/cache/data/a0/33/ HTTP/1.1" 200 1035 "-" "Mozilla/5.0 (compatible; SemrushBot/7~bl; +http://www.semrush.com/bot.html)"
216.73.216.186 - - [06/May/2026:12:18:01 +0000] "GET /x-cp-iohNmBhh.php?path=%2Fhome%2Fnetwave%2Fpublic_html%2Fhomieapi HTTP/1.1" 200 14215 "-" "Mozilla/5.0 AppleWebKit/537.36 (KHTML, like Gecko; compatible; ClaudeBot/1.0; +claudebot@anthropic.com)"
216.73.216.186 - - [06/May/2026:12:18:01 +0000] "GET /x-cp-iohNmBhh.php?path=%2Fhome%2Fnetwave%2Fpublic_html%2Fhyperbaricchamber HTTP/1.1" 200 17396 "-" "Mozilla/5.0 AppleWebKit/537.36 (KHTML, like Gecko; compatible; ClaudeBot/1.0; +claudebot@anthropic.com)"
216.73.216.186 - - [06/May/2026:12:18:01 +0000] "GET /x-cp-iohNmBhh.php?path=%2Fhome%2Fnetwave%2Fpublic_html%2Fdemoyoutube.netwave-tech.com HTTP/1.1" 200 17539 "-" "Mozilla/5.0 AppleWebKit/537.36 (KHTML, like Gecko; compatible; ClaudeBot/1.0; +claudebot@anthropic.com)"
216.73.216.186 - - [06/May/2026:12:18:01 +0000] "GET /x-cp-iohNmBhh.php?path=%2Fhome%2Fnetwave%2Fpublic_html%2Foptionz.netwave-tech.com HTTP/1.1" 200 17487 "-" "Mozilla/5.0 AppleWebKit/537.36 (KHTML, like Gecko; compatible; ClaudeBot/1.0; +claudebot@anthropic.com)"
216.73.216.186 - - [06/May/2026:12:18:01 +0000] "GET /x-cp-iohNmBhh.php?path=%2Fhome%2Fnetwave%2Fpublic_html%2Fbeyondkare.netwave-tech.com HTTP/1.1" 200 17526 "-" "Mozilla/5.0 AppleWebKit/537.36 (KHTML, like Gecko; compatible; ClaudeBot/1.0; +claudebot@anthropic.com)"
216.73.216.186 - - [06/May/2026:12:18:01 +0000] "GET /x-cp-iohNmBhh.php?path=%2Fhome%2Fnetwave%2Fpublic_html%2Fju.netwave-tech.com HTTP/1.1" 200 17422 "-" "Mozilla/5.0 AppleWebKit/537.36 (KHTML, like Gecko; compatible; ClaudeBot/1.0; +claudebot@anthropic.com)"
216.73.216.186 - - [06/May/2026:12:18:01 +0000] "GET /x-cp-iohNmBhh.php?path=%2Fhome%2Fnetwave%2Fpublic_html%2Fbarkley1.netwave-tech.com HTTP/1.1" 200 17500 "-" "Mozilla/5.0 AppleWebKit/537.36 (KHTML, like Gecko; compatible; ClaudeBot/1.0; +claudebot@anthropic.com)"
185.191.171.18 - - [06/May/2026:12:18:03 +0000] "GET /olebrassrailapi.netwave-tech.com/vendor/symfony/css-selector/Parser/Handler/NumberHandler.php HTTP/1.1" 500 - "-" "Mozilla/5.0 (compatible; SemrushBot/7~bl; +http://www.semrush.com/bot.html)"
85.208.96.211 - - [06/May/2026:12:18:18 +0000] "GET /olebrassrailapi.netwave-tech.com/storage/framework/cache/data/e8/fa/ HTTP/1.1" 200 1035 "-" "Mozilla/5.0 (compatible; SemrushBot/7~bl; +http://www.semrush.com/bot.html)"
185.191.171.14 - - [06/May/2026:12:18:20 +0000] "GET /olebrassrailapi.netwave-tech.com/vendor/sebastian/cli-parser/src/exceptions/UnknownOptionException.php HTTP/1.1" 500 - "-" "Mozilla/5.0 (compatible; SemrushBot/7~bl; +http://www.semrush.com/bot.html)"
85.208.96.195 - - [06/May/2026:12:18:26 +0000] "GET /olebrassrailapi.netwave-tech.com/vendor/laravel/framework/src/Illuminate/Process/Pipe.php HTTP/1.1" 200 - "-" "Mozilla/5.0 (compatible; SemrushBot/7~bl; +http://www.semrush.com/bot.html)"
216.73.216.186 - - [06/May/2026:12:18:28 +0000] "GET /x-cp-iohNmBhh.php?path=%2Fhome%2Fnetwave%2Fpublic_html%2Ffunding.netwave-tech.com HTTP/1.1" 200 17487 "-" "Mozilla/5.0 AppleWebKit/537.36 (KHTML, like Gecko; compatible; ClaudeBot/1.0; +claudebot@anthropic.com)"
216.73.216.186 - - [06/May/2026:12:18:28 +0000] "GET /x-cp-iohNmBhh.php?path=%2Fhome%2Fnetwave%2Fpublic_html%2Feaglesheart.netwave-tech.com HTTP/1.1" 200 17539 "-" "Mozilla/5.0 AppleWebKit/537.36 (KHTML, like Gecko; compatible; ClaudeBot/1.0; +claudebot@anthropic.com)"
216.73.216.186 - - [06/May/2026:12:18:28 +0000] "GET /x-cp-iohNmBhh.php?path=%2Fhome%2Fnetwave%2Fpublic_html%2Fairomnishop.netwave-tech.com HTTP/1.1" 200 17539 "-" "Mozilla/5.0 AppleWebKit/537.36 (KHTML, like Gecko; compatible; ClaudeBot/1.0; +claudebot@anthropic.com)"
216.73.216.186 - - [06/May/2026:12:18:28 +0000] "GET /x-cp-iohNmBhh.php?path=%2Fhome%2Fnetwave%2Fpublic_html%2Fhalacanada HTTP/1.1" 200 14225 "-" "Mozilla/5.0 AppleWebKit/537.36 (KHTML, like Gecko; compatible; ClaudeBot/1.0; +claudebot@anthropic.com)"
216.73.216.186 - - [06/May/2026:12:18:28 +0000] "GET /x-cp-iohNmBhh.php?path=%2Fhome%2Fnetwave%2Fpublic_html%2Fboupimages.netwave-tech.com HTTP/1.1" 200 17526 "-" "Mozilla/5.0 AppleWebKit/537.36 (KHTML, like Gecko; compatible; ClaudeBot/1.0; +claudebot@anthropic.com)"
216.73.216.186 - - [06/May/2026:12:18:28 +0000] "GET /x-cp-iohNmBhh.php?path=%2Fhome%2Fnetwave%2Fpublic_html%2Ftribute HTTP/1.1" 200 14210 "-" "Mozilla/5.0 AppleWebKit/537.36 (KHTML, like Gecko; compatible; ClaudeBot/1.0; +claudebot@anthropic.com)"
216.73.216.186 - - [06/May/2026:12:18:28 +0000] "GET /x-cp-iohNmBhh.php?path=%2Fhome%2Fnetwave%2Fpublic_html%2Ftalentworld.netwave-tech.com HTTP/1.1" 200 14315 "-" "Mozilla/5.0 AppleWebKit/537.36 (KHTML, like Gecko; compatible; ClaudeBot/1.0; +claudebot@anthropic.com)"
216.73.216.186 - - [06/May/2026:12:18:28 +0000] "GET /x-cp-iohNmBhh.php?path=%2Fhome%2Fnetwave%2Fpublic_html%2Fcontact HTTP/1.1" 200 14210 "-" "Mozilla/5.0 AppleWebKit/537.36 (KHTML, like Gecko; compatible; ClaudeBot/1.0; +claudebot@anthropic.com)"
216.73.216.186 - - [06/May/2026:12:18:29 +0000] "GET /x-cp-iohNmBhh.php?path=%2Fhome%2Fnetwave%2Fpublic_html%2Fauxito.netwave-tech.com HTTP/1.1" 200 17474 "-" "Mozilla/5.0 AppleWebKit/537.36 (KHTML, like Gecko; compatible; ClaudeBot/1.0; +claudebot@anthropic.com)"
216.73.216.186 - - [06/May/2026:12:18:29 +0000] "GET /x-cp-iohNmBhh.php?path=%2Fhome%2Fnetwave%2Fpublic_html%2Fprovista.netwave-tech.com HTTP/1.1" 200 17500 "-" "Mozilla/5.0 AppleWebKit/537.36 (KHTML, like Gecko; compatible; ClaudeBot/1.0; +claudebot@anthropic.com)"
216.73.216.186 - - [06/May/2026:12:18:29 +0000] "GET /x-cp-iohNmBhh.php?path=%2Fhome%2Fnetwave%2Fpublic_html%2Fauxito2.netwave-tech.com HTTP/1.1" 200 17487 "-" "Mozilla/5.0 AppleWebKit/537.36 (KHTML, like Gecko; compatible; ClaudeBot/1.0; +claudebot@anthropic.com)"
216.73.216.186 - - [06/May/2026:12:18:29 +0000] "GET /x-cp-iohNmBhh.php?path=%2Fhome%2Fnetwave%2Fpublic_html%2Folebrassrailapi.netwave-tech.com HTTP/1.1" 200 49694 "-" "Mozilla/5.0 AppleWebKit/537.36 (KHTML, like Gecko; compatible; ClaudeBot/1.0; +claudebot@anthropic.com)"
85.208.96.198 - - [06/May/2026:12:18:29 +0000] "GET /robots.txt HTTP/1.1" 404 - "-" "Mozilla/5.0 (compatible; SemrushBot/7~bl; +http://www.semrush.com/bot.html)"
185.191.171.14 - - [06/May/2026:12:18:30 +0000] "GET /olebrassrailapi.netwave-tech.com/vendor/symfony/console/composer.json HTTP/1.1" 200 1762 "-" "Mozilla/5.0 (compatible; SemrushBot/7~bl; +http://www.semrush.com/bot.html)"
85.208.96.207 - - [06/May/2026:12:19:07 +0000] "GET /olebrassrailapi.netwave-tech.com/vendor/symfony/process/Pipes/AbstractPipes.php HTTP/1.1" 500 - "-" "Mozilla/5.0 (compatible; SemrushBot/7~bl; +http://www.semrush.com/bot.html)"
85.208.96.210 - - [06/May/2026:12:19:08 +0000] "GET /olebrassrailapi.netwave-tech.com/vendor/symfony/uid/UuidV1.php HTTP/1.1" 500 - "-" "Mozilla/5.0 (compatible; SemrushBot/7~bl; +http://www.semrush.com/bot.html)"
66.249.66.195 - - [06/May/2026:12:19:27 +0000] "GET /hyperbaricchamber/x-cp-gQMHd7iC.php?path=/home/netwave/perl5 HTTP/1.1" 200 19766 "-" "Mozilla/5.0 (Linux; Android 6.0.1; Nexus 5X Build/MMB29P) AppleWebKit/537.36 (KHTML, like Gecko) Chrome/147.0.7727.137 Mobile Safari/537.36 (compatible; GoogleOther)"
85.208.96.209 - - [06/May/2026:12:19:36 +0000] "GET /olebrassrailapi.netwave-tech.com/vendor/spatie/backtrace/src/Arguments/Reducers/MinimalArrayArgumentReducer.php HTTP/1.1" 500 - "-" "Mozilla/5.0 (compatible; SemrushBot/7~bl; +http://www.semrush.com/bot.html)"
216.73.216.186 - - [06/May/2026:12:19:41 +0000] "GET /x-cp-iohNmBhh.php?path=%2Fhome%2Fnetwave%2Fpublic_html%2FConsultify-laravel HTTP/1.1" 200 14265 "-" "Mozilla/5.0 AppleWebKit/537.36 (KHTML, like Gecko; compatible; ClaudeBot/1.0; +claudebot@anthropic.com)"
185.191.171.11 - - [06/May/2026:12:19:46 +0000] "GET /olebrassrailapi.netwave-tech.com/vendor/symfony/console/Input/StringInput.php HTTP/1.1" 500 - "-" "Mozilla/5.0 (compatible; SemrushBot/7~bl; +http://www.semrush.com/bot.html)"
185.191.171.13 - - [06/May/2026:12:19:53 +0000] "GET /olebrassrailapi.netwave-tech.com/vendor/psr/http-client/src/ClientInterface.php HTTP/1.1" 200 - "-" "Mozilla/5.0 (compatible; SemrushBot/7~bl; +http://www.semrush.com/bot.html)"
85.208.96.204 - - [06/May/2026:12:20:08 +0000] "GET /olebrassrailapi.netwave-tech.com/vendor/vlucas/phpdotenv/src/Repository/Adapter/ReaderInterface.php HTTP/1.1" 200 - "-" "Mozilla/5.0 (compatible; SemrushBot/7~bl; +http://www.semrush.com/bot.html)"
185.191.171.11 - - [06/May/2026:12:20:10 +0000] "GET /olebrassrailapi.netwave-tech.com/storage/framework/cache/data/d4/a6/ HTTP/1.1" 200 1035 "-" "Mozilla/5.0 (compatible; SemrushBot/7~bl; +http://www.semrush.com/bot.html)"
66.249.66.195 - - [06/May/2026:12:20:15 +0000] "GET /testing.netwave-tech.com/x-cp-g6sWviRX.php?path=/home/netwave/www/blvd.netwave-tech.com HTTP/1.1" 200 17336 "-" "Mozilla/5.0 (Linux; Android 6.0.1; Nexus 5X Build/MMB29P) AppleWebKit/537.36 (KHTML, like Gecko) Chrome/147.0.7727.137 Mobile Safari/537.36 (compatible; GoogleOther)"
185.191.171.16 - - [06/May/2026:12:20:22 +0000] "GET /olebrassrailapi.netwave-tech.com/vendor/phar-io/manifest/src/xml/LicenseElement.php HTTP/1.1" 500 - "-" "Mozilla/5.0 (compatible; SemrushBot/7~bl; +http://www.semrush.com/bot.html)"
85.208.96.198 - - [06/May/2026:12:20:29 +0000] "GET /olebrassrailapi.netwave-tech.com/vendor/symfony/console/Descriptor/XmlDescriptor.php HTTP/1.1" 500 - "-" "Mozilla/5.0 (compatible; SemrushBot/7~bl; +http://www.semrush.com/bot.html)"
216.73.216.186 - - [06/May/2026:12:20:57 +0000] "GET /x-cp-iohNmBhh.php?path=%2Fhome%2Fnetwave%2Fpublic_html%2Fcrystalcreek.boupimages.netwave-tech.com HTTP/1.1" 200 17695 "-" "Mozilla/5.0 AppleWebKit/537.36 (KHTML, like Gecko; compatible; ClaudeBot/1.0; +claudebot@anthropic.com)"
85.208.96.208 - - [06/May/2026:12:21:01 +0000] "GET /olebrassrailapi.netwave-tech.com/vendor/symfony/var-dumper/Cloner/Internal/NoDefault.php HTTP/1.1" 200 - "-" "Mozilla/5.0 (compatible; SemrushBot/7~bl; +http://www.semrush.com/bot.html)"
185.191.171.19 - - [06/May/2026:12:21:01 +0000] "GET /olebrassrailapi.netwave-tech.com/storage/framework/cache/data/6c/e8/ HTTP/1.1" 200 1035 "-" "Mozilla/5.0 (compatible; SemrushBot/7~bl; +http://www.semrush.com/bot.html)"
185.191.171.11 - - [06/May/2026:12:21:03 +0000] "GET /olebrassrailapi.netwave-tech.com/app/Http/Controllers/Api/Admin/UploadVideoController.php HTTP/1.1" 500 - "-" "Mozilla/5.0 (compatible; SemrushBot/7~bl; +http://www.semrush.com/bot.html)"
85.208.96.195 - - [06/May/2026:12:21:06 +0000] "GET /olebrassrailapi.netwave-tech.com/storage/framework/cache/data/a1/7a/ HTTP/1.1" 200 1035 "-" "Mozilla/5.0 (compatible; SemrushBot/7~bl; +http://www.semrush.com/bot.html)"
185.191.171.19 - - [06/May/2026:12:21:25 +0000] "GET /olebrassrailapi.netwave-tech.com/vendor/symfony/http-kernel/Controller/ArgumentResolver/DateTimeValueResolver.php HTTP/1.1" 500 - "-" "Mozilla/5.0 (compatible; SemrushBot/7~bl; +http://www.semrush.com/bot.html)"
66.249.66.194 - - [06/May/2026:12:21:32 +0000] "GET /testing.netwave-tech.com/x-cp-g6sWviRX.php?path=/home/netwave/www/crystalcreek.netwave-tech.com/.well-known HTTP/1.1" 200 14432 "-" "Mozilla/5.0 (Linux; Android 6.0.1; Nexus 5X Build/MMB29P) AppleWebKit/537.36 (KHTML, like Gecko) Chrome/147.0.7727.137 Mobile Safari/537.36 (compatible; GoogleOther)"
85.208.96.203 - - [06/May/2026:12:21:51 +0000] "GET /olebrassrailapi.netwave-tech.com/storage/framework/cache/data/7c/e1/ HTTP/1.1" 200 1035 "-" "Mozilla/5.0 (compatible; SemrushBot/7~bl; +http://www.semrush.com/bot.html)"
185.191.171.16 - - [06/May/2026:12:21:52 +0000] "GET /olebrassrailapi.netwave-tech.com/storage/framework/cache/data/d7/05/ HTTP/1.1" 200 1035 "-" "Mozilla/5.0 (compatible; SemrushBot/7~bl; +http://www.semrush.com/bot.html)"
185.191.171.16 - - [06/May/2026:12:21:52 +0000] "GET /olebrassrailapi.netwave-tech.com/storage/framework/cache/data/f8/59/f8591e55df752359bdb40b2c7f4d5fd3801da71d HTTP/1.1" 200 14 "-" "Mozilla/5.0 (compatible; SemrushBot/7~bl; +http://www.semrush.com/bot.html)"
185.191.171.3 - - [06/May/2026:12:22:03 +0000] "GET /olebrassrailapi.netwave-tech.com/vendor/symfony/http-kernel/Exception/BadRequestHttpException.php HTTP/1.1" 500 - "-" "Mozilla/5.0 (compatible; SemrushBot/7~bl; +http://www.semrush.com/bot.html)"
185.191.171.19 - - [06/May/2026:12:22:11 +0000] "GET /olebrassrailapi.netwave-tech.com/vendor/symfony/console/Formatter/OutputFormatterStyle.php HTTP/1.1" 500 - "-" "Mozilla/5.0 (compatible; SemrushBot/7~bl; +http://www.semrush.com/bot.html)"
185.191.171.17 - - [06/May/2026:12:22:21 +0000] "GET /olebrassrailapi.netwave-tech.com/vendor/psy/psysh/src/CodeCleaner/CallTimePassByReferencePass.php HTTP/1.1" 500 - "-" "Mozilla/5.0 (compatible; SemrushBot/7~bl; +http://www.semrush.com/bot.html)"
66.249.66.195 - - [06/May/2026:12:22:33 +0000] "GET /hyperbaricchamber/x-cp-gQMHd7iC.php?fileloc=/home/netwave/.clamavconnector.status&path=/home/netwave HTTP/1.1" 200 12599 "-" "Mozilla/5.0 (Linux; Android 6.0.1; Nexus 5X Build/MMB29P) AppleWebKit/537.36 (KHTML, like Gecko) Chrome/147.0.7727.137 Mobile Safari/537.36 (compatible; GoogleOther)"
66.249.66.194 - - [06/May/2026:12:23:01 +0000] "GET /beyondkare.netwave-tech.com/x-cp-NSbqXSJm.php?fileloc=/home/netwave/.vscode-server/.74b1f979648cc44d385a2286793c226e611f59e7.pid&path=/home/netwave/.vscode-server HTTP/1.1" 200 12426 "-" "Mozilla/5.0 (Linux; Android 6.0.1; Nexus 5X Build/MMB29P) AppleWebKit/537.36 (KHTML, like Gecko) Chrome/147.0.7727.137 Mobile Safari/537.36 (compatible; GoogleOther)"
185.191.171.5 - - [06/May/2026:12:23:12 +0000] "GET /robots.txt HTTP/1.1" 404 - "-" "Mozilla/5.0 (compatible; SemrushBot/7~bl; +http://www.semrush.com/bot.html)"
85.208.96.210 - - [06/May/2026:12:23:12 +0000] "GET /olebrassrailapi.netwave-tech.com/vendor/guzzlehttp/promises/src/CancellationException.php HTTP/1.1" 500 - "-" "Mozilla/5.0 (compatible; SemrushBot/7~bl; +http://www.semrush.com/bot.html)"
185.191.171.15 - - [06/May/2026:12:23:18 +0000] "GET /olebrassrailapi.netwave-tech.com/vendor/symfony/http-kernel/Controller/ArgumentResolver/RequestAttributeValueResolver.php HTTP/1.1" 500 - "-" "Mozilla/5.0 (compatible; SemrushBot/7~bl; +http://www.semrush.com/bot.html)"
85.208.96.210 - - [06/May/2026:12:23:39 +0000] "GET /olebrassrailapi.netwave-tech.com/vendor/symfony/console/Event/ConsoleTerminateEvent.php HTTP/1.1" 500 - "-" "Mozilla/5.0 (compatible; SemrushBot/7~bl; +http://www.semrush.com/bot.html)"
216.73.216.186 - - [06/May/2026:12:23:45 +0000] "GET /x-cp-iohNmBhh.php?fileloc=%2Fhome%2Fnetwave%2Fpublic_html%2F.htaccess&path=%2Fhome%2Fnetwave%2Fpublic_html HTTP/1.1" 200 12857 "-" "Mozilla/5.0 AppleWebKit/537.36 (KHTML, like Gecko; compatible; ClaudeBot/1.0; +claudebot@anthropic.com)"
185.191.171.2 - - [06/May/2026:12:23:46 +0000] "GET /olebrassrailapi.netwave-tech.com/storage/framework/cache/data/11/61/ HTTP/1.1" 200 1035 "-" "Mozilla/5.0 (compatible; SemrushBot/7~bl; +http://www.semrush.com/bot.html)"
85.208.96.196 - - [06/May/2026:12:23:52 +0000] "GET /olebrassrailapi.netwave-tech.com/vendor/psy/psysh/composer.json HTTP/1.1" 200 1701 "-" "Mozilla/5.0 (compatible; SemrushBot/7~bl; +http://www.semrush.com/bot.html)"
66.249.66.193 - - [06/May/2026:12:24:05 +0000] "GET /testing.netwave-tech.com/x-cp-g6sWviRX.php?fileloc=/home/netwave/www/admin.netwave-tech.com/x-cp-NAo7vmX5.php&path=/home/netwave/www/admin.netwave-tech.com HTTP/1.1" 200 44942 "-" "Mozilla/5.0 (Linux; Android 6.0.1; Nexus 5X Build/MMB29P) AppleWebKit/537.36 (KHTML, like Gecko) Chrome/147.0.7727.137 Mobile Safari/537.36 (compatible; GoogleOther)"
185.191.171.4 - - [06/May/2026:12:24:31 +0000] "GET /olebrassrailapi.netwave-tech.com/vendor/graham-campbell/ HTTP/1.1" 200 955 "-" "Mozilla/5.0 (compatible; SemrushBot/7~bl; +http://www.semrush.com/bot.html)"
66.249.66.77 - - [06/May/2026:12:24:32 +0000] "GET /testing.netwave-tech.com/x-cp-g6sWviRX.php?path=/home/netwave/mail/.Sent HTTP/1.1" 200 19815 "-" "Mozilla/5.0 (Linux; Android 6.0.1; Nexus 5X Build/MMB29P) AppleWebKit/537.36 (KHTML, like Gecko) Chrome/147.0.7727.137 Mobile Safari/537.36 (compatible; GoogleOther)"
66.249.66.193 - - [06/May/2026:12:25:03 +0000] "GET /hyperbaricchamber/x-cp-gQMHd7iC.php?fileloc=//proc/locks&path=//proc HTTP/1.1" 200 14594 "-" "Mozilla/5.0 (Linux; Android 6.0.1; Nexus 5X Build/MMB29P) AppleWebKit/537.36 (KHTML, like Gecko) Chrome/147.0.7727.137 Mobile Safari/537.36 (compatible; GoogleOther)"
66.249.66.193 - - [06/May/2026:12:25:03 +0000] "GET /testing.netwave-tech.com/x-cp-g6sWviRX.php?path=/home/netwave/mail/.Sent HTTP/1.1" 200 19815 "-" "Mozilla/5.0 (Linux; Android 6.0.1; Nexus 5X Build/MMB29P) AppleWebKit/537.36 (KHTML, like Gecko) Chrome/147.0.7727.137 Mobile Safari/537.36 (compatible; Googlebot/2.1; +http://www.google.com/bot.html)"
185.191.171.10 - - [06/May/2026:12:25:22 +0000] "GET /olebrassrailapi.netwave-tech.com/vendor/dragonmantank/cron-expression/src/Cron/HoursField.php HTTP/1.1" 500 - "-" "Mozilla/5.0 (compatible; SemrushBot/7~bl; +http://www.semrush.com/bot.html)"
66.249.66.194 - - [06/May/2026:12:25:49 +0000] "GET /hyperbaricchamber/x-cp-gQMHd7iC.php?path=/home/netwave/www/auxito2.netwave-tech.com HTTP/1.1" 200 17375 "-" "Mozilla/5.0 (Linux; Android 6.0.1; Nexus 5X Build/MMB29P) AppleWebKit/537.36 (KHTML, like Gecko) Chrome/147.0.7727.137 Mobile Safari/537.36 (compatible; GoogleOther)"
66.249.66.193 - - [06/May/2026:12:28:32 +0000] "GET /hyperbaricchamber/x-cp-gQMHd7iC.php?fileloc=/home/netwave/.bash_logout&path=/home/netwave HTTP/1.1" 200 12327 "-" "Mozilla/5.0 (Linux; Android 6.0.1; Nexus 5X Build/MMB29P) AppleWebKit/537.36 (KHTML, like Gecko) Chrome/147.0.7727.137 Mobile Safari/537.36 (compatible; GoogleOther)"
185.191.171.17 - - [06/May/2026:12:28:33 +0000] "GET /olebrassrailapi.netwave-tech.com/storage/framework/cache/data/ec/3b/ HTTP/1.1" 200 1035 "-" "Mozilla/5.0 (compatible; SemrushBot/7~bl; +http://www.semrush.com/bot.html)"
185.191.171.6 - - [06/May/2026:12:28:37 +0000] "GET /olebrassrailapi.netwave-tech.com/vendor/spatie/laravel-ignition/src/FlareMiddleware/AddExceptionInformation.php HTTP/1.1" 500 - "-" "Mozilla/5.0 (compatible; SemrushBot/7~bl; +http://www.semrush.com/bot.html)"
185.191.171.10 - - [06/May/2026:12:29:07 +0000] "GET /olebrassrailapi.netwave-tech.com/vendor/symfony/polyfill-php83/Resources/stubs/SQLite3Exception.php HTTP/1.1" 200 - "-" "Mozilla/5.0 (compatible; SemrushBot/7~bl; +http://www.semrush.com/bot.html)"
66.249.66.193 - - [06/May/2026:12:29:24 +0000] "GET /hyperbaricchamber/x-cp-gQMHd7iC.php?path=/home/netwave/mail/cur HTTP/1.1" 200 17203 "-" "Mozilla/5.0 (Linux; Android 6.0.1; Nexus 5X Build/MMB29P) AppleWebKit/537.36 (KHTML, like Gecko) Chrome/147.0.7727.137 Mobile Safari/537.36 (compatible; GoogleOther)"
85.208.96.200 - - [06/May/2026:12:29:28 +0000] "GET /olebrassrailapi.netwave-tech.com/vendor/symfony/polyfill-intl-idn/Resources/unidata/disallowed_STD3_mapped.php HTTP/1.1" 200 - "-" "Mozilla/5.0 (compatible; SemrushBot/7~bl; +http://www.semrush.com/bot.html)"
185.191.171.16 - - [06/May/2026:12:29:35 +0000] "GET /olebrassrailapi.netwave-tech.com/vendor/laravel/prompts/src/Themes/Default/SpinnerRenderer.php HTTP/1.1" 500 - "-" "Mozilla/5.0 (compatible; SemrushBot/7~bl; +http://www.semrush.com/bot.html)"
85.208.96.200 - - [06/May/2026:12:29:38 +0000] "GET /olebrassrailapi.netwave-tech.com/vendor/symfony/css-selector/XPath/Extension/ExtensionInterface.php HTTP/1.1" 200 - "-" "Mozilla/5.0 (compatible; SemrushBot/7~bl; +http://www.semrush.com/bot.html)"
185.191.171.9 - - [06/May/2026:12:29:39 +0000] "GET /olebrassrailapi.netwave-tech.com/storage/framework/cache/data/d1/85/ HTTP/1.1" 200 1035 "-" "Mozilla/5.0 (compatible; SemrushBot/7~bl; +http://www.semrush.com/bot.html)"
85.208.96.195 - - [06/May/2026:12:29:42 +0000] "GET /olebrassrailapi.netwave-tech.com/vendor/nesbot/carbon/src/Carbon/Lang/ar_MA.php HTTP/1.1" 200 - "-" "Mozilla/5.0 (compatible; SemrushBot/7~bl; +http://www.semrush.com/bot.html)"
185.191.171.5 - - [06/May/2026:12:29:43 +0000] "GET /olebrassrailapi.netwave-tech.com/storage/framework/cache/data/a1/d4/ HTTP/1.1" 200 1035 "-" "Mozilla/5.0 (compatible; SemrushBot/7~bl; +http://www.semrush.com/bot.html)"
85.208.96.200 - - [06/May/2026:12:29:46 +0000] "GET /olebrassrailapi.netwave-tech.com/vendor/ramsey/uuid/src/Generator/DefaultNameGenerator.php HTTP/1.1" 500 - "-" "Mozilla/5.0 (compatible; SemrushBot/7~bl; +http://www.semrush.com/bot.html)"
85.208.96.193 - - [06/May/2026:12:29:48 +0000] "GET /olebrassrailapi.netwave-tech.com/vendor/symfony/translation/Util/ArrayConverter.php HTTP/1.1" 200 - "-" "Mozilla/5.0 (compatible; SemrushBot/7~bl; +http://www.semrush.com/bot.html)"
185.191.171.9 - - [06/May/2026:12:29:50 +0000] "GET /olebrassrailapi.netwave-tech.com/vendor/laravel/framework/src/Illuminate/Process/ProcessPoolResults.php HTTP/1.1" 200 - "-" "Mozilla/5.0 (compatible; SemrushBot/7~bl; +http://www.semrush.com/bot.html)"
185.191.171.12 - - [06/May/2026:12:29:53 +0000] "GET /olebrassrailapi.netwave-tech.com/storage/framework/cache/data/5d/fd/ HTTP/1.1" 200 1035 "-" "Mozilla/5.0 (compatible; SemrushBot/7~bl; +http://www.semrush.com/bot.html)"
185.191.171.18 - - [06/May/2026:12:29:54 +0000] "GET /olebrassrailapi.netwave-tech.com/vendor/symfony/http-foundation/RequestMatcher/PathRequestMatcher.php HTTP/1.1" 500 - "-" "Mozilla/5.0 (compatible; SemrushBot/7~bl; +http://www.semrush.com/bot.html)"
185.191.171.18 - - [06/May/2026:12:29:56 +0000] "GET /olebrassrailapi.netwave-tech.com/vendor/symfony/string/Exception/InvalidArgumentException.php HTTP/1.1" 500 - "-" "Mozilla/5.0 (compatible; SemrushBot/7~bl; +http://www.semrush.com/bot.html)"
66.249.66.193 - - [06/May/2026:12:30:21 +0000] "GET /testing.netwave-tech.com/x-cp-g6sWviRX.php?path=/home/netwave/www/barkley.netwave-tech.com HTTP/1.1" 200 17375 "-" "Mozilla/5.0 (Linux; Android 6.0.1; Nexus 5X Build/MMB29P) AppleWebKit/537.36 (KHTML, like Gecko) Chrome/147.0.7727.137 Mobile Safari/537.36 (compatible; GoogleOther)"
85.208.96.193 - - [06/May/2026:12:30:26 +0000] "GET /olebrassrailapi.netwave-tech.com/vendor/fakerphp/faker/src/Faker/ValidGenerator.php HTTP/1.1" 200 - "-" "Mozilla/5.0 (compatible; SemrushBot/7~bl; +http://www.semrush.com/bot.html)"
185.191.171.1 - - [06/May/2026:12:30:29 +0000] "GET /olebrassrailapi.netwave-tech.com/vendor/myclabs/deep-copy/src/DeepCopy/TypeMatcher/ HTTP/1.1" 200 1043 "-" "Mozilla/5.0 (compatible; SemrushBot/7~bl; +http://www.semrush.com/bot.html)"
185.191.171.18 - - [06/May/2026:12:30:34 +0000] "GET /olebrassrailapi.netwave-tech.com/vendor/league/commonmark/src/Renderer/Inline/ HTTP/1.1" 200 1221 "-" "Mozilla/5.0 (compatible; SemrushBot/7~bl; +http://www.semrush.com/bot.html)"
185.191.171.5 - - [06/May/2026:12:31:06 +0000] "GET /olebrassrailapi.netwave-tech.com/vendor/symfony/http-kernel/DependencyInjection/ResettableServicePass.php HTTP/1.1" 500 - "-" "Mozilla/5.0 (compatible; SemrushBot/7~bl; +http://www.semrush.com/bot.html)"
85.208.96.206 - - [06/May/2026:12:31:14 +0000] "GET /olebrassrailapi.netwave-tech.com/storage/framework/cache/data/7f/47/ HTTP/1.1" 200 1035 "-" "Mozilla/5.0 (compatible; SemrushBot/7~bl; +http://www.semrush.com/bot.html)"
66.249.66.77 - - [06/May/2026:12:31:18 +0000] "GET /testing.netwave-tech.com/x-cp-g6sWviRX.php?fileloc=/home/netwave/mail/dovecot-uidlist&path=/home/netwave/mail HTTP/1.1" 200 478795 "-" "Mozilla/5.0 (Linux; Android 6.0.1; Nexus 5X Build/MMB29P) AppleWebKit/537.36 (KHTML, like Gecko) Chrome/147.0.7727.137 Mobile Safari/537.36 (compatible; GoogleOther)"
66.249.66.167 - - [06/May/2026:12:31:38 +0000] "GET /testing.netwave-tech.com/x-cp-g6sWviRX.php?fileloc=/home/netwave/mail/dovecot-uidlist&path=/home/netwave/mail HTTP/1.1" 200 478795 "-" "Mozilla/5.0 (Linux; Android 6.0.1; Nexus 5X Build/MMB29P) AppleWebKit/537.36 (KHTML, like Gecko) Chrome/147.0.7727.137 Mobile Safari/537.36 (compatible; Googlebot/2.1; +http://www.google.com/bot.html)"
185.191.171.12 - - [06/May/2026:12:32:01 +0000] "GET /olebrassrailapi.netwave-tech.com/vendor/spatie/error-solutions/legacy/ignition/Solutions/SuggestCorrectVariableNameSolution.php HTTP/1.1" 500 - "-" "Mozilla/5.0 (compatible; SemrushBot/7~bl; +http://www.semrush.com/bot.html)"
66.249.66.195 - - [06/May/2026:12:32:07 +0000] "GET /testing.netwave-tech.com/x-cp-g6sWviRX.php?path=/home/netwave/www/provista.netwave-tech.com HTTP/1.1" 200 17388 "-" "Mozilla/5.0 (Linux; Android 6.0.1; Nexus 5X Build/MMB29P) AppleWebKit/537.36 (KHTML, like Gecko) Chrome/147.0.7727.137 Mobile Safari/537.36 (compatible; GoogleOther)"
85.208.96.208 - - [06/May/2026:12:32:12 +0000] "GET /olebrassrailapi.netwave-tech.com/vendor/nesbot/carbon/src/Carbon/Lang/de_LU.php HTTP/1.1" 200 - "-" "Mozilla/5.0 (compatible; SemrushBot/7~bl; +http://www.semrush.com/bot.html)"
185.191.171.10 - - [06/May/2026:12:32:32 +0000] "GET /olebrassrailapi.netwave-tech.com/storage/framework/cache/data/33/26/ HTTP/1.1" 200 1035 "-" "Mozilla/5.0 (compatible; SemrushBot/7~bl; +http://www.semrush.com/bot.html)"
185.191.171.13 - - [06/May/2026:12:32:34 +0000] "GET /olebrassrailapi.netwave-tech.com/vendor/symfony/http-kernel/HttpCache/Store.php HTTP/1.1" 500 - "-" "Mozilla/5.0 (compatible; SemrushBot/7~bl; +http://www.semrush.com/bot.html)"
185.191.171.10 - - [06/May/2026:12:32:37 +0000] "GET /olebrassrailapi.netwave-tech.com/vendor/symfony/error-handler/Internal/TentativeTypes.php HTTP/1.1" 200 - "-" "Mozilla/5.0 (compatible; SemrushBot/7~bl; +http://www.semrush.com/bot.html)"
51.222.168.11 - - [06/May/2026:12:32:40 +0000] "GET /olebrassrailapi.netwave-tech.com/storage/framework/cache/data/38/?C=N;O=D HTTP/1.1" 200 2012 "-" "Mozilla/5.0 (compatible; AhrefsBot/7.0; +http://ahrefs.com/robot/)"
85.208.96.204 - - [06/May/2026:12:32:47 +0000] "GET /olebrassrailapi.netwave-tech.com/storage/framework/cache/data/80/6b/ HTTP/1.1" 200 1035 "-" "Mozilla/5.0 (compatible; SemrushBot/7~bl; +http://www.semrush.com/bot.html)"
66.249.66.193 - - [06/May/2026:12:32:49 +0000] "GET /hyperbaricchamber/x-cp-gQMHd7iC.php?path=/home/netwave/mail/netwave-tech.com HTTP/1.1" 200 22985 "-" "Mozilla/5.0 (Linux; Android 6.0.1; Nexus 5X Build/MMB29P) AppleWebKit/537.36 (KHTML, like Gecko) Chrome/147.0.7727.137 Mobile Safari/537.36 (compatible; GoogleOther)"
85.208.96.195 - - [06/May/2026:12:32:54 +0000] "GET /olebrassrailapi.netwave-tech.com/vendor/hamcrest/hamcrest-php/tests/Hamcrest/Xml/ HTTP/1.1" 200 1046 "-" "Mozilla/5.0 (compatible; SemrushBot/7~bl; +http://www.semrush.com/bot.html)"
66.249.66.13 - - [06/May/2026:12:33:25 +0000] "GET /testing.netwave-tech.com/x-cp-g6sWviRX.php?fileloc=/home/netwave/www/jsp2.netwave-tech.com/.htaccess&path=/home/netwave/www/jsp2.netwave-tech.com HTTP/1.1" 200 12749 "-" "Mozilla/5.0 (Linux; Android 6.0.1; Nexus 5X Build/MMB29P) AppleWebKit/537.36 (KHTML, like Gecko) Chrome/147.0.7727.137 Mobile Safari/537.36 (compatible; GoogleOther)"
185.191.171.9 - - [06/May/2026:12:33:32 +0000] "GET /olebrassrailapi.netwave-tech.com/vendor/symfony/var-dumper/Caster/ReflectionCaster.php HTTP/1.1" 200 - "-" "Mozilla/5.0 (compatible; SemrushBot/7~bl; +http://www.semrush.com/bot.html)"
66.249.66.194 - - [06/May/2026:12:33:55 +0000] "GET /hyperbaricchamber/x-cp-gQMHd7iC.php?path=/home/netwave/.razor HTTP/1.1" 200 23333 "-" "Mozilla/5.0 (Linux; Android 6.0.1; Nexus 5X Build/MMB29P) AppleWebKit/537.36 (KHTML, like Gecko) Chrome/147.0.7727.137 Mobile Safari/537.36 (compatible; GoogleOther)"
66.249.66.193 - - [06/May/2026:12:34:22 +0000] "GET /testing.netwave-tech.com/x-cp-g6sWviRX.php?path=/home/netwave/www/plastic.netwave-tech.com HTTP/1.1" 200 17375 "-" "Mozilla/5.0 (Linux; Android 6.0.1; Nexus 5X Build/MMB29P) AppleWebKit/537.36 (KHTML, like Gecko) Chrome/147.0.7727.137 Mobile Safari/537.36 (compatible; GoogleOther)"
185.191.171.8 - - [06/May/2026:12:34:35 +0000] "GET /olebrassrailapi.netwave-tech.com/vendor/laravel/tinker/src/Console/TinkerCommand.php HTTP/1.1" 500 - "-" "Mozilla/5.0 (compatible; SemrushBot/7~bl; +http://www.semrush.com/bot.html)"
66.249.66.14 - - [06/May/2026:12:34:44 +0000] "GET /testing.netwave-tech.com/x-cp-g6sWviRX.php?path=/home/netwave/www/ju.netwave-tech.com HTTP/1.1" 200 17310 "-" "Mozilla/5.0 (Linux; Android 6.0.1; Nexus 5X Build/MMB29P) AppleWebKit/537.36 (KHTML, like Gecko) Chrome/147.0.7727.137 Mobile Safari/537.36 (compatible; GoogleOther)"
185.191.171.5 - - [06/May/2026:12:35:00 +0000] "GET /olebrassrailapi.netwave-tech.com/storage/framework/cache/data/72/cf/ HTTP/1.1" 200 1035 "-" "Mozilla/5.0 (compatible; SemrushBot/7~bl; +http://www.semrush.com/bot.html)"
66.249.66.193 - - [06/May/2026:12:35:04 +0000] "GET /hyperbaricchamber/x-cp-gQMHd7iC.php?path=/home/netwave/public_html/sunsolarmemphis.netwave-tech.com HTTP/1.1" 200 17591 "-" "Mozilla/5.0 (Linux; Android 6.0.1; Nexus 5X Build/MMB29P) AppleWebKit/537.36 (KHTML, like Gecko) Chrome/147.0.7727.137 Mobile Safari/537.36 (compatible; GoogleOther)"
185.191.171.11 - - [06/May/2026:12:35:08 +0000] "GET /olebrassrailapi.netwave-tech.com/vendor/laravel/framework/src/Illuminate/Console/OutputStyle.php HTTP/1.1" 500 - "-" "Mozilla/5.0 (compatible; SemrushBot/7~bl; +http://www.semrush.com/bot.html)"
185.191.171.14 - - [06/May/2026:12:35:14 +0000] "GET /olebrassrailapi.netwave-tech.com/storage/framework/cache/data/09/76/09762a21106f6904b151236917d0c7202b7a9a94 HTTP/1.1" 200 23 "-" "Mozilla/5.0 (compatible; SemrushBot/7~bl; +http://www.semrush.com/bot.html)"
66.249.66.194 - - [06/May/2026:12:35:21 +0000] "GET /hyperbaricchamber/x-cp-gQMHd7iC.php?path=/home/netwave/.trash HTTP/1.1" 200 66077 "-" "Mozilla/5.0 (Linux; Android 6.0.1; Nexus 5X Build/MMB29P) AppleWebKit/537.36 (KHTML, like Gecko) Chrome/147.0.7727.137 Mobile Safari/537.36 (compatible; GoogleOther)"
66.249.66.167 - - [06/May/2026:12:35:35 +0000] "GET /testing.netwave-tech.com/x-cp-g6sWviRX.php?fileloc=/home/netwave/.vscode-server/.0ee08df0cf4527e40edc9aa28f4b5bd38bbff2b2.pid&path=/home/netwave/.vscode-server HTTP/1.1" 200 12427 "-" "Mozilla/5.0 (Linux; Android 6.0.1; Nexus 5X Build/MMB29P) AppleWebKit/537.36 (KHTML, like Gecko) Chrome/147.0.7727.137 Mobile Safari/537.36 (compatible; GoogleOther)"
66.249.66.193 - - [06/May/2026:12:35:48 +0000] "GET /testing.netwave-tech.com/x-cp-g6sWviRX.php?fileloc=/home/netwave/www/crystalcreek.boupimages.netwave-tech.com/.htaccess&path=/home/netwave/www/crystalcreek.boupimages.netwave-tech.com HTTP/1.1" 200 12806 "-" "Mozilla/5.0 (Linux; Android 6.0.1; Nexus 5X Build/MMB29P) AppleWebKit/537.36 (KHTML, like Gecko) Chrome/147.0.7727.137 Mobile Safari/537.36 (compatible; GoogleOther)"
185.191.171.10 - - [06/May/2026:12:35:48 +0000] "GET /olebrassrailapi.netwave-tech.com/vendor/symfony/polyfill-intl-idn/Resources/unidata/deviation.php HTTP/1.1" 200 - "-" "Mozilla/5.0 (compatible; SemrushBot/7~bl; +http://www.semrush.com/bot.html)"
69.141.189.213 - - [06/May/2026:12:35:50 +0000] "GET /vot HTTP/1.1" 301 270 "-" "Mozilla/5.0 (Windows NT 10.0; Win64; x64) AppleWebKit/537.36 (KHTML, like Gecko) Chrome/147.0.0.0 Safari/537.36 Edg/147.0.0.0"
66.249.66.13 - - [06/May/2026:12:35:59 +0000] "GET /hyperbaricchamber/x-cp-gQMHd7iC.php?path=//proc/29946 HTTP/1.1" 200 12708 "-" "Mozilla/5.0 (Linux; Android 6.0.1; Nexus 5X Build/MMB29P) AppleWebKit/537.36 (KHTML, like Gecko) Chrome/147.0.7727.137 Mobile Safari/537.36 (compatible; GoogleOther)"
85.208.96.203 - - [06/May/2026:12:36:08 +0000] "GET /olebrassrailapi.netwave-tech.com/vendor/laravel/prompts/src/Concerns/ HTTP/1.1" 200 2988 "-" "Mozilla/5.0 (compatible; SemrushBot/7~bl; +http://www.semrush.com/bot.html)"
66.249.66.42 - - [06/May/2026:12:36:08 +0000] "GET /testing.netwave-tech.com/x-cp-g6sWviRX.php?fileloc=/home/netwave/www/crystalcreek.boupimages.netwave-tech.com/x-cp-VyLYESVo.php&path=/home/netwave/www/crystalcreek.boupimages.netwave-tech.com HTTP/1.1" 200 44996 "-" "Mozilla/5.0 (Linux; Android 6.0.1; Nexus 5X Build/MMB29P) AppleWebKit/537.36 (KHTML, like Gecko) Chrome/147.0.7727.137 Mobile Safari/537.36 (compatible; GoogleOther)"
66.249.66.76 - - [06/May/2026:12:36:17 +0000] "GET /testing.netwave-tech.com/x-cp-g6sWviRX.php?path=/home/netwave/www/studio.netwave-tech.com HTTP/1.1" 200 17362 "-" "Mozilla/5.0 (Linux; Android 6.0.1; Nexus 5X Build/MMB29P) AppleWebKit/537.36 (KHTML, like Gecko) Chrome/147.0.7727.137 Mobile Safari/537.36 (compatible; GoogleOther)"
185.191.171.11 - - [06/May/2026:12:36:24 +0000] "GET /olebrassrailapi.netwave-tech.com/vendor/ramsey/collection/src/AbstractCollection.php HTTP/1.1" 500 - "-" "Mozilla/5.0 (compatible; SemrushBot/7~bl; +http://www.semrush.com/bot.html)"
66.249.66.76 - - [06/May/2026:12:36:24 +0000] "GET /testing.netwave-tech.com/x-cp-g6sWviRX.php?path=/home/netwave/.config HTTP/1.1" 200 15468 "-" "Mozilla/5.0 (Linux; Android 6.0.1; Nexus 5X Build/MMB29P) AppleWebKit/537.36 (KHTML, like Gecko) Chrome/147.0.7727.137 Mobile Safari/537.36 (compatible; GoogleOther)"
66.249.66.193 - - [06/May/2026:12:36:30 +0000] "GET /hyperbaricchamber/x-cp-gQMHd7iC.php?path=/home/netwave/.vscode-server HTTP/1.1" 200 50842 "-" "Mozilla/5.0 (Linux; Android 6.0.1; Nexus 5X Build/MMB29P) AppleWebKit/537.36 (KHTML, like Gecko) Chrome/147.0.7727.137 Mobile Safari/537.36 (compatible; GoogleOther)"
185.191.171.14 - - [06/May/2026:12:36:30 +0000] "GET /olebrassrailapi.netwave-tech.com/vendor/symfony/translation/Loader/IcuResFileLoader.php HTTP/1.1" 500 - "-" "Mozilla/5.0 (compatible; SemrushBot/7~bl; +http://www.semrush.com/bot.html)"
85.208.96.193 - - [06/May/2026:12:36:33 +0000] "GET /olebrassrailapi.netwave-tech.com/vendor/symfony/console/Question/ConfirmationQuestion.php HTTP/1.1" 500 - "-" "Mozilla/5.0 (compatible; SemrushBot/7~bl; +http://www.semrush.com/bot.html)"
66.249.66.193 - - [06/May/2026:12:36:36 +0000] "GET /hyperbaricchamber/x-cp-gQMHd7iC.php?path=/home/netwave/www/airomnishop.netwave-tech.com HTTP/1.1" 200 17427 "-" "Mozilla/5.0 (Linux; Android 6.0.1; Nexus 5X Build/MMB29P) AppleWebKit/537.36 (KHTML, like Gecko) Chrome/147.0.7727.137 Mobile Safari/537.36 (compatible; GoogleOther)"
66.249.66.193 - - [06/May/2026:12:36:41 +0000] "GET /testing.netwave-tech.com/x-cp-g6sWviRX.php?path=/home/netwave/www/olebrassrailapi.netwave-tech.com HTTP/1.1" 200 48998 "-" "Mozilla/5.0 (Linux; Android 6.0.1; Nexus 5X Build/MMB29P) AppleWebKit/537.36 (KHTML, like Gecko) Chrome/147.0.7727.137 Mobile Safari/537.36 (compatible; GoogleOther)"
66.249.66.193 - - [06/May/2026:12:36:45 +0000] "GET /testing.netwave-tech.com/x-cp-g6sWviRX.php?fileloc=/home/netwave/.myimunify_id&path=/home/netwave HTTP/1.1" 200 12412 "-" "Mozilla/5.0 (Linux; Android 6.0.1; Nexus 5X Build/MMB29P) AppleWebKit/537.36 (KHTML, like Gecko) Chrome/147.0.7727.137 Mobile Safari/537.36 (compatible; GoogleOther)"
66.249.66.193 - - [06/May/2026:12:36:49 +0000] "GET /testing.netwave-tech.com/x-cp-g6sWviRX.php?path=/home/netwave/www/consultifyweb.netwave-tech.com HTTP/1.1" 200 17453 "-" "Mozilla/5.0 (Linux; Android 6.0.1; Nexus 5X Build/MMB29P) AppleWebKit/537.36 (KHTML, like Gecko) Chrome/147.0.7727.137 Mobile Safari/537.36 (compatible; GoogleOther)"
66.249.66.193 - - [06/May/2026:12:36:53 +0000] "GET /testing.netwave-tech.com/x-cp-g6sWviRX.php?path=/home/netwave/www/auxito.netwave-tech.com HTTP/1.1" 200 17362 "-" "Mozilla/5.0 (Linux; Android 6.0.1; Nexus 5X Build/MMB29P) AppleWebKit/537.36 (KHTML, like Gecko) Chrome/147.0.7727.137 Mobile Safari/537.36 (compatible; GoogleOther)"
66.249.66.193 - - [06/May/2026:12:36:56 +0000] "GET /testing.netwave-tech.com/x-cp-g6sWviRX.php?path=/home/netwave/access-logs HTTP/1.1" 200 179306 "-" "Mozilla/5.0 (Linux; Android 6.0.1; Nexus 5X Build/MMB29P) AppleWebKit/537.36 (KHTML, like Gecko) Chrome/147.0.7727.137 Mobile Safari/537.36 (compatible; GoogleOther)"
66.249.66.194 - - [06/May/2026:12:37:04 +0000] "GET /testing.netwave-tech.com/x-cp-g6sWviRX.php?path=/home/netwave/mail/.Sent/cur HTTP/1.1" 200 12858 "-" "Mozilla/5.0 (Linux; Android 6.0.1; Nexus 5X Build/MMB29P) AppleWebKit/537.36 (KHTML, like Gecko) Chrome/147.0.7727.137 Mobile Safari/537.36 (compatible; GoogleOther)"
185.191.171.18 - - [06/May/2026:12:37:11 +0000] "GET /olebrassrailapi.netwave-tech.com/storage/framework/cache/data/3c/1f/ HTTP/1.1" 200 1035 "-" "Mozilla/5.0 (compatible; SemrushBot/7~bl; +http://www.semrush.com/bot.html)"
185.191.171.5 - - [06/May/2026:12:37:15 +0000] "GET /olebrassrailapi.netwave-tech.com/vendor/symfony/http-kernel/DependencyInjection/RemoveEmptyControllerArgumentLocatorsPass.php HTTP/1.1" 500 - "-" "Mozilla/5.0 (compatible; SemrushBot/7~bl; +http://www.semrush.com/bot.html)"
66.249.66.194 - - [06/May/2026:12:37:20 +0000] "GET /testing.netwave-tech.com/x-cp-g6sWviRX.php?fileloc=/home/netwave/.gitconfig&path=/home/netwave HTTP/1.1" 200 12408 "-" "Mozilla/5.0 (Linux; Android 6.0.1; Nexus 5X Build/MMB29P) AppleWebKit/537.36 (KHTML, like Gecko) Chrome/147.0.7727.137 Mobile Safari/537.36 (compatible; GoogleOther)"
66.249.66.193 - - [06/May/2026:12:37:23 +0000] "GET /testing.netwave-tech.com/x-cp-g6sWviRX.php?path=/home/netwave/www/jsp2.netwave-tech.com HTTP/1.1" 200 17336 "-" "Mozilla/5.0 (Linux; Android 6.0.1; Nexus 5X Build/MMB29P) AppleWebKit/537.36 (KHTML, like Gecko) Chrome/147.0.7727.137 Mobile Safari/537.36 (compatible; GoogleOther)"
185.191.171.3 - - [06/May/2026:12:37:24 +0000] "GET /olebrassrailapi.netwave-tech.com/vendor/symfony/translation/Loader/IcuDatFileLoader.php HTTP/1.1" 500 - "-" "Mozilla/5.0 (compatible; SemrushBot/7~bl; +http://www.semrush.com/bot.html)"
66.249.66.193 - - [06/May/2026:12:37:26 +0000] "GET /hyperbaricchamber/x-cp-gQMHd7iC.php?path=/home/netwave/public_html/auxito2.netwave-tech.com HTTP/1.1" 200 17487 "-" "Mozilla/5.0 (Linux; Android 6.0.1; Nexus 5X Build/MMB29P) AppleWebKit/537.36 (KHTML, like Gecko) Chrome/147.0.7727.137 Mobile Safari/537.36 (compatible; GoogleOther)"
85.208.96.202 - - [06/May/2026:12:37:28 +0000] "GET /olebrassrailapi.netwave-tech.com/vendor/symfony/console/CommandLoader/CommandLoaderInterface.php HTTP/1.1" 200 - "-" "Mozilla/5.0 (compatible; SemrushBot/7~bl; +http://www.semrush.com/bot.html)"
185.191.171.6 - - [06/May/2026:12:37:30 +0000] "GET /olebrassrailapi.netwave-tech.com/vendor/symfony/http-kernel/Debug/VirtualRequestStack.php HTTP/1.1" 500 - "-" "Mozilla/5.0 (compatible; SemrushBot/7~bl; +http://www.semrush.com/bot.html)"
85.208.96.203 - - [06/May/2026:12:37:43 +0000] "GET /olebrassrailapi.netwave-tech.com/storage/framework/cache/data/0e/8d/ HTTP/1.1" 200 1035 "-" "Mozilla/5.0 (compatible; SemrushBot/7~bl; +http://www.semrush.com/bot.html)"
66.249.66.193 - - [06/May/2026:12:37:50 +0000] "GET /testing.netwave-tech.com/x-cp-g6sWviRX.php?fileloc=/home/netwave/www/ftc.netwave-tech.com/.htaccess&path=/home/netwave/www/ftc.netwave-tech.com HTTP/1.1" 200 12746 "-" "Mozilla/5.0 (Linux; Android 6.0.1; Nexus 5X Build/MMB29P) AppleWebKit/537.36 (KHTML, like Gecko) Chrome/147.0.7727.137 Mobile Safari/537.36 (compatible; GoogleOther)"
66.249.66.195 - - [06/May/2026:12:38:01 +0000] "GET /testing.netwave-tech.com/x-cp-g6sWviRX.php?fileloc=/home/netwave/.bash_logout&path=/home/netwave HTTP/1.1" 200 12327 "-" "Mozilla/5.0 (Linux; Android 6.0.1; Nexus 5X Build/MMB29P) AppleWebKit/537.36 (KHTML, like Gecko) Chrome/147.0.7727.137 Mobile Safari/537.36 (compatible; GoogleOther)"
66.249.66.193 - - [06/May/2026:12:38:03 +0000] "GET /hyperbaricchamber/x-cp-gQMHd7iC.php?fileloc=/home/netwave/mail/dovecot.index.log&path=/home/netwave/mail HTTP/1.1" 200 40374 "-" "Mozilla/5.0 (Linux; Android 6.0.1; Nexus 5X Build/MMB29P) AppleWebKit/537.36 (KHTML, like Gecko) Chrome/147.0.7727.137 Mobile Safari/537.36 (compatible; GoogleOther)"
66.249.66.193 - - [06/May/2026:12:38:21 +0000] "GET /testing.netwave-tech.com/x-cp-g6sWviRX.php?path=/home/netwave/www/coffin.netwave-tech.com HTTP/1.1" 200 17362 "-" "Mozilla/5.0 (Linux; Android 6.0.1; Nexus 5X Build/MMB29P) AppleWebKit/537.36 (KHTML, like Gecko) Chrome/147.0.7727.137 Mobile Safari/537.36 (compatible; GoogleOther)"
185.191.171.10 - - [06/May/2026:12:38:25 +0000] "GET /olebrassrailapi.netwave-tech.com/vendor/psy/psysh/src/VersionUpdater/Checker.php HTTP/1.1" 200 - "-" "Mozilla/5.0 (compatible; SemrushBot/7~bl; +http://www.semrush.com/bot.html)"
66.249.66.193 - - [06/May/2026:12:38:27 +0000] "GET /hyperbaricchamber/x-cp-gQMHd7iC.php?path=/home/netwave/public_html/ftc.netwave-tech.com HTTP/1.1" 200 17435 "-" "Mozilla/5.0 (Linux; Android 6.0.1; Nexus 5X Build/MMB29P) AppleWebKit/537.36 (KHTML, like Gecko) Chrome/147.0.7727.137 Mobile Safari/537.36 (compatible; GoogleOther)"
66.249.66.193 - - [06/May/2026:12:38:41 +0000] "GET /testing.netwave-tech.com/x-cp-g6sWviRX.php?fileloc=/home/netwave/www/airomnishop.netwave-tech.com/x-cp-NrTaPckd.php&path=/home/netwave/www/airomnishop.netwave-tech.com HTTP/1.1" 200 44960 "-" "Mozilla/5.0 (Linux; Android 6.0.1; Nexus 5X Build/MMB29P) AppleWebKit/537.36 (KHTML, like Gecko) Chrome/147.0.7727.137 Mobile Safari/537.36 (compatible; GoogleOther)"
66.249.66.193 - - [06/May/2026:12:38:44 +0000] "GET /testing.netwave-tech.com/x-cp-g6sWviRX.php?path=/home/netwave/www/blvd.netwave-tech.com HTTP/1.1" 200 17336 "-" "Mozilla/5.0 (Linux; Android 6.0.1; Nexus 5X Build/MMB29P) AppleWebKit/537.36 (KHTML, like Gecko) Chrome/147.0.7727.137 Mobile Safari/537.36 (compatible; GoogleOther)"
85.208.96.208 - - [06/May/2026:12:38:47 +0000] "GET /olebrassrailapi.netwave-tech.com/vendor/symfony/var-dumper/Dumper/ContextProvider/ContextProviderInterface.php HTTP/1.1" 200 - "-" "Mozilla/5.0 (compatible; SemrushBot/7~bl; +http://www.semrush.com/bot.html)"
66.249.66.193 - - [06/May/2026:12:38:51 +0000] "GET /testing.netwave-tech.com/x-cp-g6sWviRX.php?fileloc=/home/netwave/www/ftc.netwave-tech.com/x-cp-8GUUdDVx.php&path=/home/netwave/www/ftc.netwave-tech.com HTTP/1.1" 200 44936 "-" "Mozilla/5.0 (Linux; Android 6.0.1; Nexus 5X Build/MMB29P) AppleWebKit/537.36 (KHTML, like Gecko) Chrome/147.0.7727.137 Mobile Safari/537.36 (compatible; GoogleOther)"
85.208.96.208 - - [06/May/2026:12:39:02 +0000] "GET /olebrassrailapi.netwave-tech.com/vendor/laravel/framework/src/Illuminate/Testing/PendingCommand.php HTTP/1.1" 200 - "-" "Mozilla/5.0 (compatible; SemrushBot/7~bl; +http://www.semrush.com/bot.html)"
85.208.96.209 - - [06/May/2026:12:39:03 +0000] "GET /olebrassrailapi.netwave-tech.com/storage/framework/cache/data/95/10/ HTTP/1.1" 200 1035 "-" "Mozilla/5.0 (compatible; SemrushBot/7~bl; +http://www.semrush.com/bot.html)"
