216.73.216.186 - - [06/May/2026:13:33:21 +0000] "GET /x-cp-iohNmBhh.php?fileloc=%2Fhome%2Fnetwave%2F.pearrc&path=%2Fhome%2Fnetwave HTTP/1.1" 404 - "-" "Mozilla/5.0 AppleWebKit/537.36 (KHTML, like Gecko; compatible; ClaudeBot/1.0; +claudebot@anthropic.com)"
216.73.216.186 - - [06/May/2026:13:33:21 +0000] "GET /x-cp-iohNmBhh.php?fileloc=%2Fhome%2Fnetwave%2Fpublic_html%2Folebrassrailapi.netwave-tech.com%2Fpackage.json&path=%2Fhome%2Fnetwave%2Fpublic_html%2Folebrassrailapi.netwave-tech.com HTTP/1.1" 404 - "-" "Mozilla/5.0 AppleWebKit/537.36 (KHTML, like Gecko; compatible; ClaudeBot/1.0; +claudebot@anthropic.com)"
216.73.216.186 - - [06/May/2026:13:33:21 +0000] "GET /x-cp-iohNmBhh.php?fileloc=%2Fhome%2Fnetwave%2Fpublic_html%2Fbarkley1.netwave-tech.com%2F.htaccess&path=%2Fhome%2Fnetwave%2Fpublic_html%2Fbarkley1.netwave-tech.com HTTP/1.1" 404 - "-" "Mozilla/5.0 AppleWebKit/537.36 (KHTML, like Gecko; compatible; ClaudeBot/1.0; +claudebot@anthropic.com)"
216.73.216.186 - - [06/May/2026:13:33:21 +0000] "GET /x-cp-iohNmBhh.php?fileloc=%2Fhome%2Fnetwave%2Fpublic_html%2Fadmin.24ur.netwave-tech.com%2Fx-cp-s1orAvjS.php&path=%2Fhome%2Fnetwave%2Fpublic_html%2Fadmin.24ur.netwave-tech.com HTTP/1.1" 404 - "-" "Mozilla/5.0 AppleWebKit/537.36 (KHTML, like Gecko; compatible; ClaudeBot/1.0; +claudebot@anthropic.com)"
216.73.216.186 - - [06/May/2026:13:33:21 +0000] "GET /x-cp-iohNmBhh.php?fileloc=%2Fhome%2Fnetwave%2F.bash_history&path=%2Fhome%2Fnetwave HTTP/1.1" 404 - "-" "Mozilla/5.0 AppleWebKit/537.36 (KHTML, like Gecko; compatible; ClaudeBot/1.0; +claudebot@anthropic.com)"
216.73.216.186 - - [06/May/2026:13:33:21 +0000] "GET /x-cp-iohNmBhh.php?fileloc=%2Fhome%2Fnetwave%2Fpublic_html%2Fstudio.netwave-tech.com%2Fx-cp-ckneBMTV.php&path=%2Fhome%2Fnetwave%2Fpublic_html%2Fstudio.netwave-tech.com HTTP/1.1" 404 - "-" "Mozilla/5.0 AppleWebKit/537.36 (KHTML, like Gecko; compatible; ClaudeBot/1.0; +claudebot@anthropic.com)"
216.73.216.186 - - [06/May/2026:13:33:22 +0000] "GET /x-cp-iohNmBhh.php?fileloc=%2Fhome%2Fnetwave%2Fpublic_html%2Fftc.netwave-tech.com%2Fx-cp-8GUUdDVx.php&path=%2Fhome%2Fnetwave%2Fpublic_html%2Fftc.netwave-tech.com HTTP/1.1" 404 - "-" "Mozilla/5.0 AppleWebKit/537.36 (KHTML, like Gecko; compatible; ClaudeBot/1.0; +claudebot@anthropic.com)"
216.73.216.186 - - [06/May/2026:13:33:22 +0000] "GET /x-cp-iohNmBhh.php?fileloc=%2Fhome%2Fnetwave%2F.spamassassinboxenable&path=%2Fhome%2Fnetwave HTTP/1.1" 404 - "-" "Mozilla/5.0 AppleWebKit/537.36 (KHTML, like Gecko; compatible; ClaudeBot/1.0; +claudebot@anthropic.com)"
216.73.216.186 - - [06/May/2026:13:33:22 +0000] "GET /x-cp-iohNmBhh.php?fileloc=%2Fhome%2Fnetwave%2F.spamassassinenable&path=%2Fhome%2Fnetwave HTTP/1.1" 404 - "-" "Mozilla/5.0 AppleWebKit/537.36 (KHTML, like Gecko; compatible; ClaudeBot/1.0; +claudebot@anthropic.com)"
216.73.216.186 - - [06/May/2026:13:33:22 +0000] "GET /x-cp-iohNmBhh.php?path=%2Fhome%2Fnetwave%2Fpublic_html%2FConsultify-laravel%2Fpublic HTTP/1.1" 404 - "-" "Mozilla/5.0 AppleWebKit/537.36 (KHTML, like Gecko; compatible; ClaudeBot/1.0; +claudebot@anthropic.com)"
216.73.216.186 - - [06/May/2026:13:33:22 +0000] "GET /x-cp-iohNmBhh.php?fileloc=%2Fhome%2Fnetwave%2Fpublic_html%2Fplastic.netwave-tech.com%2Fx-cp-Mo5QZhKP.php&path=%2Fhome%2Fnetwave%2Fpublic_html%2Fplastic.netwave-tech.com HTTP/1.1" 404 - "-" "Mozilla/5.0 AppleWebKit/537.36 (KHTML, like Gecko; compatible; ClaudeBot/1.0; +claudebot@anthropic.com)"
216.73.216.186 - - [06/May/2026:13:33:22 +0000] "GET /x-cp-iohNmBhh.php?fileloc=%2Fhome%2Fnetwave%2F.pf&path=%2Fhome%2Fnetwave HTTP/1.1" 404 - "-" "Mozilla/5.0 AppleWebKit/537.36 (KHTML, like Gecko; compatible; ClaudeBot/1.0; +claudebot@anthropic.com)"
216.73.216.186 - - [06/May/2026:13:33:22 +0000] "GET /x-cp-iohNmBhh.php?fileloc=%2Fhome%2Fnetwave%2Fpublic_html%2Fconsultifyweb.netwave-tech.com%2Fx-cp-1597Smqv.php&path=%2Fhome%2Fnetwave%2Fpublic_html%2Fconsultifyweb.netwave-tech.com HTTP/1.1" 404 - "-" "Mozilla/5.0 AppleWebKit/537.36 (KHTML, like Gecko; compatible; ClaudeBot/1.0; +claudebot@anthropic.com)"
216.73.216.186 - - [06/May/2026:13:33:22 +0000] "GET /x-cp-iohNmBhh.php?path=%2Fhome%2Fnetwave%2Fpublic_html%2Ffunding.netwave-tech.com%2F.well-known HTTP/1.1" 404 - "-" "Mozilla/5.0 AppleWebKit/537.36 (KHTML, like Gecko; compatible; ClaudeBot/1.0; +claudebot@anthropic.com)"
216.73.216.186 - - [06/May/2026:13:33:22 +0000] "GET /x-cp-iohNmBhh.php?path=%2Fhome%2Fnetwave%2Fpublic_html%2Feaglesheart.netwave-tech.com%2F.well-known HTTP/1.1" 404 - "-" "Mozilla/5.0 AppleWebKit/537.36 (KHTML, like Gecko; compatible; ClaudeBot/1.0; +claudebot@anthropic.com)"
216.73.216.186 - - [06/May/2026:13:33:47 +0000] "GET /x-cp-iohNmBhh.php?fileloc=%2Fhome%2Fnetwave%2Fpublic_html%2Fbarkley1.netwave-tech.com%2Fx-cp-V87GkuFu.php&path=%2Fhome%2Fnetwave%2Fpublic_html%2Fbarkley1.netwave-tech.com HTTP/1.1" 200 44983 "-" "Mozilla/5.0 AppleWebKit/537.36 (KHTML, like Gecko; compatible; ClaudeBot/1.0; +claudebot@anthropic.com)"
216.73.216.186 - - [06/May/2026:13:33:47 +0000] "GET /x-cp-iohNmBhh.php?fileloc=%2Fhome%2Fnetwave%2Fpublic_html%2Folebrassrailapi.netwave-tech.com%2FREADME.md&path=%2Fhome%2Fnetwave%2Fpublic_html%2Folebrassrailapi.netwave-tech.com HTTP/1.1" 200 16939 "-" "Mozilla/5.0 AppleWebKit/537.36 (KHTML, like Gecko; compatible; ClaudeBot/1.0; +claudebot@anthropic.com)"
216.73.216.186 - - [06/May/2026:13:33:47 +0000] "GET /x-cp-iohNmBhh.php?fileloc=%2Fhome%2Fnetwave%2F.lastlogin&path=%2Fhome%2Fnetwave HTTP/1.1" 200 12942 "-" "Mozilla/5.0 AppleWebKit/537.36 (KHTML, like Gecko; compatible; ClaudeBot/1.0; +claudebot@anthropic.com)"
85.208.96.198 - - [06/May/2026:13:33:49 +0000] "GET /olebrassrailapi.netwave-tech.com/vendor/spatie/laravel-ignition/src/FlareMiddleware/AddEnvironmentInformation.php HTTP/1.1" 500 - "-" "Mozilla/5.0 (compatible; SemrushBot/7~bl; +http://www.semrush.com/bot.html)"
66.249.66.204 - - [06/May/2026:13:34:05 +0000] "GET /hyperbaricchamber/x-cp-gQMHd7iC.php?path=/home/netwave/public_html/ju.netwave-tech.com HTTP/1.1" 200 17422 "-" "Mozilla/5.0 (Linux; Android 6.0.1; Nexus 5X Build/MMB29P) AppleWebKit/537.36 (KHTML, like Gecko) Chrome/147.0.7727.137 Mobile Safari/537.36 (compatible; GoogleOther)"
51.195.183.246 - - [06/May/2026:13:34:07 +0000] "GET /robots.txt HTTP/1.1" 404 - "-" "Mozilla/5.0 (compatible; AhrefsBot/7.0; +http://ahrefs.com/robot/)"
216.73.216.186 - - [06/May/2026:13:34:08 +0000] "GET /x-cp-iohNmBhh.php?fileloc=%2Fhome%2Fnetwave%2Fpublic_html%2Folebrassrailapi.netwave-tech.com%2F.editorconfig&path=%2Fhome%2Fnetwave%2Fpublic_html%2Folebrassrailapi.netwave-tech.com HTTP/1.1" 200 12783 "-" "Mozilla/5.0 AppleWebKit/537.36 (KHTML, like Gecko; compatible; ClaudeBot/1.0; +claudebot@anthropic.com)"
216.73.216.186 - - [06/May/2026:13:34:08 +0000] "GET /x-cp-iohNmBhh.php?fileloc=%2Fhome%2Fnetwave%2Fpublic_html%2Folebrassrailapi.netwave-tech.com%2Fcomposer.lock&path=%2Fhome%2Fnetwave%2Fpublic_html%2Folebrassrailapi.netwave-tech.com HTTP/1.1" 200 407085 "-" "Mozilla/5.0 AppleWebKit/537.36 (KHTML, like Gecko; compatible; ClaudeBot/1.0; +claudebot@anthropic.com)"
216.73.216.186 - - [06/May/2026:13:34:08 +0000] "GET /x-cp-iohNmBhh.php?fileloc=%2Fhome%2Fnetwave%2Fpublic_html%2Folebrassrailapi.netwave-tech.com%2F.gitignore&path=%2Fhome%2Fnetwave%2Fpublic_html%2Folebrassrailapi.netwave-tech.com HTTP/1.1" 200 12765 "-" "Mozilla/5.0 AppleWebKit/537.36 (KHTML, like Gecko; compatible; ClaudeBot/1.0; +claudebot@anthropic.com)"
216.73.216.186 - - [06/May/2026:13:34:08 +0000] "GET /x-cp-iohNmBhh.php?fileloc=%2Fhome%2Fnetwave%2Fpublic_html%2Folebrassrailapi.netwave-tech.com%2F.env&path=%2Fhome%2Fnetwave%2Fpublic_html%2Folebrassrailapi.netwave-tech.com HTTP/1.1" 200 13841 "-" "Mozilla/5.0 AppleWebKit/537.36 (KHTML, like Gecko; compatible; ClaudeBot/1.0; +claudebot@anthropic.com)"
216.73.216.186 - - [06/May/2026:13:34:08 +0000] "GET /x-cp-iohNmBhh.php?fileloc=%2Fhome%2Fnetwave%2Fpublic_html%2Foptionz.netwave-tech.com%2F.htaccess&path=%2Fhome%2Fnetwave%2Fpublic_html%2Foptionz.netwave-tech.com HTTP/1.1" 200 12790 "-" "Mozilla/5.0 AppleWebKit/537.36 (KHTML, like Gecko; compatible; ClaudeBot/1.0; +claudebot@anthropic.com)"
216.73.216.186 - - [06/May/2026:13:34:08 +0000] "GET /x-cp-iohNmBhh.php?fileloc=%2Fhome%2Fnetwave%2Fpublic_html%2Fju.netwave-tech.com%2F.htaccess&path=%2Fhome%2Fnetwave%2Fpublic_html%2Fju.netwave-tech.com HTTP/1.1" 200 12775 "-" "Mozilla/5.0 AppleWebKit/537.36 (KHTML, like Gecko; compatible; ClaudeBot/1.0; +claudebot@anthropic.com)"
216.73.216.186 - - [06/May/2026:13:34:08 +0000] "GET /x-cp-iohNmBhh.php?fileloc=%2Fhome%2Fnetwave%2Fpublic_html%2Fdemoyoutube.netwave-tech.com%2F.htaccess&path=%2Fhome%2Fnetwave%2Fpublic_html%2Fdemoyoutube.netwave-tech.com HTTP/1.1" 200 12802 "-" "Mozilla/5.0 AppleWebKit/537.36 (KHTML, like Gecko; compatible; ClaudeBot/1.0; +claudebot@anthropic.com)"
216.73.216.186 - - [06/May/2026:13:34:09 +0000] "GET /x-cp-iohNmBhh.php?fileloc=%2Fhome%2Fnetwave%2F.rnd&path=%2Fhome%2Fnetwave HTTP/1.1" 200 14193 "-" "Mozilla/5.0 AppleWebKit/537.36 (KHTML, like Gecko; compatible; ClaudeBot/1.0; +claudebot@anthropic.com)"
54.39.210.197 - - [06/May/2026:13:34:09 +0000] "GET /olebrassrailapi.netwave-tech.com/vendor/sebastian/version/src/?C=M;O=D HTTP/1.1" 200 984 "-" "Mozilla/5.0 (compatible; AhrefsBot/7.0; +http://ahrefs.com/robot/)"
85.208.96.195 - - [06/May/2026:13:34:10 +0000] "GET /drivekeyapi/ HTTP/1.1" 200 822 "-" "Mozilla/5.0 (compatible; SemrushBot/7~bl; +http://www.semrush.com/bot.html)"
85.208.96.198 - - [06/May/2026:13:34:12 +0000] "GET /olebrassrailapi.netwave-tech.com/storage/framework/cache/data/92/b7/ HTTP/1.1" 200 1035 "-" "Mozilla/5.0 (compatible; SemrushBot/7~bl; +http://www.semrush.com/bot.html)"
185.191.171.10 - - [06/May/2026:13:34:29 +0000] "GET /olebrassrailapi.netwave-tech.com/storage/framework/cache/data/09/53/09530da08439cd30deca74a6de5d1b1ed6f326f3 HTTP/1.1" 200 14 "-" "Mozilla/5.0 (compatible; SemrushBot/7~bl; +http://www.semrush.com/bot.html)"
185.191.171.8 - - [06/May/2026:13:34:32 +0000] "GET /olebrassrailapi.netwave-tech.com/storage/framework/cache/data/0d/35/0d35e486531097b384ed4121a2de100c8cc228d7 HTTP/1.1" 200 14 "-" "Mozilla/5.0 (compatible; SemrushBot/7~bl; +http://www.semrush.com/bot.html)"
66.249.66.203 - - [06/May/2026:13:34:39 +0000] "GET /hyperbaricchamber/x-cp-gQMHd7iC.php?path=/home/netwave/public_html/livelocalevents HTTP/1.1" 200 17370 "-" "Mozilla/5.0 (Linux; Android 6.0.1; Nexus 5X Build/MMB29P) AppleWebKit/537.36 (KHTML, like Gecko) Chrome/147.0.7727.137 Mobile Safari/537.36 (compatible; GoogleOther)"
185.191.171.18 - - [06/May/2026:13:34:40 +0000] "GET /olebrassrailapi.netwave-tech.com/vendor/fakerphp/faker/src/Faker/Core/Color.php HTTP/1.1" 500 - "-" "Mozilla/5.0 (compatible; SemrushBot/7~bl; +http://www.semrush.com/bot.html)"
54.39.89.71 - - [06/May/2026:13:34:55 +0000] "GET /olebrassrailapi.netwave-tech.com/vendor/nesbot/carbon/lazy/Carbon/?C=D;O=A HTTP/1.1" 200 1560 "-" "Mozilla/5.0 (compatible; AhrefsBot/7.0; +http://ahrefs.com/robot/)"
216.73.216.186 - - [06/May/2026:13:35:00 +0000] "GET /x-cp-iohNmBhh.php?fileloc=%2Fhome%2Fnetwave%2Fpublic_html%2Fhyperbaricchamber%2F.htaccess&path=%2Fhome%2Fnetwave%2Fpublic_html%2Fhyperbaricchamber HTTP/1.1" 200 12769 "-" "Mozilla/5.0 AppleWebKit/537.36 (KHTML, like Gecko; compatible; ClaudeBot/1.0; +claudebot@anthropic.com)"
216.73.216.186 - - [06/May/2026:13:35:00 +0000] "GET /x-cp-iohNmBhh.php?fileloc=%2Fhome%2Fnetwave%2Fpublic_html%2Folebrassrailapi.netwave-tech.com%2Fartisan&path=%2Fhome%2Fnetwave%2Fpublic_html%2Folebrassrailapi.netwave-tech.com HTTP/1.1" 200 14257 "-" "Mozilla/5.0 AppleWebKit/537.36 (KHTML, like Gecko; compatible; ClaudeBot/1.0; +claudebot@anthropic.com)"
216.73.216.186 - - [06/May/2026:13:35:00 +0000] "GET /x-cp-iohNmBhh.php?fileloc=%2Fhome%2Fnetwave%2Fpublic_html%2Fauxito.netwave-tech.com%2F.htaccess&path=%2Fhome%2Fnetwave%2Fpublic_html%2Fauxito.netwave-tech.com HTTP/1.1" 200 12787 "-" "Mozilla/5.0 AppleWebKit/537.36 (KHTML, like Gecko; compatible; ClaudeBot/1.0; +claudebot@anthropic.com)"
216.73.216.186 - - [06/May/2026:13:35:00 +0000] "GET /x-cp-iohNmBhh.php?fileloc=%2Fhome%2Fnetwave%2Fpublic_html%2Folebrassrailapi.netwave-tech.com%2Fvite.config.js&path=%2Fhome%2Fnetwave%2Fpublic_html%2Folebrassrailapi.netwave-tech.com HTTP/1.1" 200 12829 "-" "Mozilla/5.0 AppleWebKit/537.36 (KHTML, like Gecko; compatible; ClaudeBot/1.0; +claudebot@anthropic.com)"
216.73.216.186 - - [06/May/2026:13:35:00 +0000] "GET /x-cp-iohNmBhh.php?fileloc=%2Fhome%2Fnetwave%2Fpublic_html%2Fauxito2.netwave-tech.com%2F.htaccess&path=%2Fhome%2Fnetwave%2Fpublic_html%2Fauxito2.netwave-tech.com HTTP/1.1" 200 12790 "-" "Mozilla/5.0 AppleWebKit/537.36 (KHTML, like Gecko; compatible; ClaudeBot/1.0; +claudebot@anthropic.com)"
216.73.216.186 - - [06/May/2026:13:35:02 +0000] "GET /x-cp-iohNmBhh.php?fileloc=%2Fhome%2Fnetwave%2F.myimunify_id&path=%2Fhome%2Fnetwave HTTP/1.1" 200 12412 "-" "Mozilla/5.0 AppleWebKit/537.36 (KHTML, like Gecko; compatible; ClaudeBot/1.0; +claudebot@anthropic.com)"
216.73.216.186 - - [06/May/2026:13:35:02 +0000] "GET /x-cp-iohNmBhh.php?fileloc=%2Fhome%2Fnetwave%2Fpublic_html%2Fbramham2.netwave-tech.com%2Fx-cp-lwy9wBRy.php&path=%2Fhome%2Fnetwave%2Fpublic_html%2Fbramham2.netwave-tech.com HTTP/1.1" 200 44983 "-" "Mozilla/5.0 AppleWebKit/537.36 (KHTML, like Gecko; compatible; ClaudeBot/1.0; +claudebot@anthropic.com)"
216.73.216.186 - - [06/May/2026:13:35:03 +0000] "GET /x-cp-iohNmBhh.php?fileloc=%2Fhome%2Fnetwave%2Fpublic_html%2Fauxito.netwave-tech.com%2Fx-cp-jGU54OF0.php&path=%2Fhome%2Fnetwave%2Fpublic_html%2Fauxito.netwave-tech.com HTTP/1.1" 200 44977 "-" "Mozilla/5.0 AppleWebKit/537.36 (KHTML, like Gecko; compatible; ClaudeBot/1.0; +claudebot@anthropic.com)"
216.73.216.186 - - [06/May/2026:13:35:03 +0000] "GET /x-cp-iohNmBhh.php?fileloc=%2Fhome%2Fnetwave%2Fpublic_html%2Fboupimages.netwave-tech.com%2F.htaccess&path=%2Fhome%2Fnetwave%2Fpublic_html%2Fboupimages.netwave-tech.com HTTP/1.1" 200 12799 "-" "Mozilla/5.0 AppleWebKit/537.36 (KHTML, like Gecko; compatible; ClaudeBot/1.0; +claudebot@anthropic.com)"
216.73.216.186 - - [06/May/2026:13:35:03 +0000] "GET /x-cp-iohNmBhh.php?fileloc=%2Fhome%2Fnetwave%2Fpublic_html%2Fauxito2.netwave-tech.com%2Fx-cp-WS58a9VD.php&path=%2Fhome%2Fnetwave%2Fpublic_html%2Fauxito2.netwave-tech.com HTTP/1.1" 200 44980 "-" "Mozilla/5.0 AppleWebKit/537.36 (KHTML, like Gecko; compatible; ClaudeBot/1.0; +claudebot@anthropic.com)"
216.73.216.186 - - [06/May/2026:13:35:03 +0000] "GET /x-cp-iohNmBhh.php?fileloc=%2Fhome%2Fnetwave%2Fpublic_html%2Fprovista.netwave-tech.com%2F.htaccess&path=%2Fhome%2Fnetwave%2Fpublic_html%2Fprovista.netwave-tech.com HTTP/1.1" 200 12793 "-" "Mozilla/5.0 AppleWebKit/537.36 (KHTML, like Gecko; compatible; ClaudeBot/1.0; +claudebot@anthropic.com)"
185.191.171.11 - - [06/May/2026:13:35:05 +0000] "GET /olebrassrailapi.netwave-tech.com/vendor/nesbot/carbon/src/Carbon/Lang/jmc.php HTTP/1.1" 200 - "-" "Mozilla/5.0 (compatible; SemrushBot/7~bl; +http://www.semrush.com/bot.html)"
66.249.66.202 - - [06/May/2026:13:35:10 +0000] "GET /testing.netwave-tech.com/x-cp-g6sWviRX.php?path=/home/netwave/mail/.Drafts HTTP/1.1" 200 19853 "-" "Mozilla/5.0 (Linux; Android 6.0.1; Nexus 5X Build/MMB29P) AppleWebKit/537.36 (KHTML, like Gecko) Chrome/147.0.7727.137 Mobile Safari/537.36 (compatible; GoogleOther)"
85.208.96.211 - - [06/May/2026:13:35:12 +0000] "GET /olebrassrailapi.netwave-tech.com/vendor/symfony/mime/HtmlToTextConverter/LeagueHtmlToMarkdownConverter.php HTTP/1.1" 500 - "-" "Mozilla/5.0 (compatible; SemrushBot/7~bl; +http://www.semrush.com/bot.html)"
66.249.66.202 - - [06/May/2026:13:35:28 +0000] "GET /testing.netwave-tech.com/x-cp-g6sWviRX.php?path=/home/netwave/www/bramham.netwave-tech.com/.well-known HTTP/1.1" 200 14402 "-" "Mozilla/5.0 (Linux; Android 6.0.1; Nexus 5X Build/MMB29P) AppleWebKit/537.36 (KHTML, like Gecko) Chrome/147.0.7727.137 Mobile Safari/537.36 (compatible; GoogleOther)"
66.249.66.202 - - [06/May/2026:13:35:31 +0000] "GET /testing.netwave-tech.com/x-cp-g6sWviRX.php?path=/home/netwave/mail/.Trash/cur HTTP/1.1" 404 - "-" "Mozilla/5.0 (Linux; Android 6.0.1; Nexus 5X Build/MMB29P) AppleWebKit/537.36 (KHTML, like Gecko) Chrome/147.0.7727.137 Mobile Safari/537.36 (compatible; GoogleOther)"
85.208.96.206 - - [06/May/2026:13:35:47 +0000] "GET /olebrassrailapi.netwave-tech.com/storage/framework/cache/data/e3/db/ HTTP/1.1" 200 1035 "-" "Mozilla/5.0 (compatible; SemrushBot/7~bl; +http://www.semrush.com/bot.html)"
185.191.171.15 - - [06/May/2026:13:35:48 +0000] "GET /olebrassrailapi.netwave-tech.com/vendor/phpunit/php-code-coverage/src/Report/PHP.php HTTP/1.1" 200 - "-" "Mozilla/5.0 (compatible; SemrushBot/7~bl; +http://www.semrush.com/bot.html)"
66.249.66.193 - - [06/May/2026:13:35:55 +0000] "GET /hyperbaricchamber/x-cp-gQMHd7iC.php?fileloc=//proc/530/clear_refs&path=//proc/530 HTTP/1.1" 200 12298 "-" "Mozilla/5.0 (Linux; Android 6.0.1; Nexus 5X Build/MMB29P) AppleWebKit/537.36 (KHTML, like Gecko) Chrome/147.0.7727.137 Mobile Safari/537.36 (compatible; GoogleOther)"
185.191.171.3 - - [06/May/2026:13:35:56 +0000] "GET /olebrassrailapi.netwave-tech.com/vendor/symfony/polyfill-intl-normalizer/Normalizer.php HTTP/1.1" 200 - "-" "Mozilla/5.0 (compatible; SemrushBot/7~bl; +http://www.semrush.com/bot.html)"
216.73.216.186 - - [06/May/2026:13:36:04 +0000] "GET /x-cp-iohNmBhh.php?fileloc=%2Fhome%2Fnetwave%2Fpublic_html%2Foptionz.netwave-tech.com%2Fx-cp-xmpKQI5E.php&path=%2Fhome%2Fnetwave%2Fpublic_html%2Foptionz.netwave-tech.com HTTP/1.1" 200 44980 "-" "Mozilla/5.0 AppleWebKit/537.36 (KHTML, like Gecko; compatible; ClaudeBot/1.0; +claudebot@anthropic.com)"
216.73.216.186 - - [06/May/2026:13:36:04 +0000] "GET /x-cp-iohNmBhh.php?fileloc=%2Fhome%2Fnetwave%2F.clamavconnector.status&path=%2Fhome%2Fnetwave HTTP/1.1" 200 12599 "-" "Mozilla/5.0 AppleWebKit/537.36 (KHTML, like Gecko; compatible; ClaudeBot/1.0; +claudebot@anthropic.com)"
216.73.216.186 - - [06/May/2026:13:36:04 +0000] "GET /x-cp-iohNmBhh.php?fileloc=%2Fhome%2Fnetwave%2Fpublic_html%2Fairomnishop.netwave-tech.com%2F.htaccess&path=%2Fhome%2Fnetwave%2Fpublic_html%2Fairomnishop.netwave-tech.com HTTP/1.1" 200 12802 "-" "Mozilla/5.0 AppleWebKit/537.36 (KHTML, like Gecko; compatible; ClaudeBot/1.0; +claudebot@anthropic.com)"
216.73.216.186 - - [06/May/2026:13:36:04 +0000] "GET /x-cp-iohNmBhh.php?fileloc=%2Fhome%2Fnetwave%2Fpublic_html%2Fbeyondkare.netwave-tech.com%2Fx-cp-NSbqXSJm.php&path=%2Fhome%2Fnetwave%2Fpublic_html%2Fbeyondkare.netwave-tech.com HTTP/1.1" 200 44989 "-" "Mozilla/5.0 AppleWebKit/537.36 (KHTML, like Gecko; compatible; ClaudeBot/1.0; +claudebot@anthropic.com)"
216.73.216.186 - - [06/May/2026:13:36:04 +0000] "GET /x-cp-iohNmBhh.php?path=%2Fhome%2Fnetwave%2Fpublic_html%2Fcrystalcreek.boupimages.netwave-tech.com%2F.well-known HTTP/1.1" 200 14554 "-" "Mozilla/5.0 AppleWebKit/537.36 (KHTML, like Gecko; compatible; ClaudeBot/1.0; +claudebot@anthropic.com)"
216.73.216.186 - - [06/May/2026:13:36:10 +0000] "GET /x-cp-iohNmBhh.php?fileloc=%2Fhome%2Fnetwave%2Fpublic_html%2Fprovista.netwave-tech.com%2Fx-cp-m6o4Ouli.php&path=%2Fhome%2Fnetwave%2Fpublic_html%2Fprovista.netwave-tech.com HTTP/1.1" 200 44983 "-" "Mozilla/5.0 AppleWebKit/537.36 (KHTML, like Gecko; compatible; ClaudeBot/1.0; +claudebot@anthropic.com)"
216.73.216.186 - - [06/May/2026:13:36:10 +0000] "GET /x-cp-iohNmBhh.php?fileloc=%2Fhome%2Fnetwave%2Fpublic_html%2Fju.netwave-tech.com%2Fx-cp-kQqn79Hu.php&path=%2Fhome%2Fnetwave%2Fpublic_html%2Fju.netwave-tech.com HTTP/1.1" 200 44965 "-" "Mozilla/5.0 AppleWebKit/537.36 (KHTML, like Gecko; compatible; ClaudeBot/1.0; +claudebot@anthropic.com)"
216.73.216.186 - - [06/May/2026:13:36:10 +0000] "GET /x-cp-iohNmBhh.php?fileloc=%2Fhome%2Fnetwave%2Fpublic_html%2Fhyperbaricchamber%2Fx-cp-gQMHd7iC.php&path=%2Fhome%2Fnetwave%2Fpublic_html%2Fhyperbaricchamber HTTP/1.1" 200 44959 "-" "Mozilla/5.0 AppleWebKit/537.36 (KHTML, like Gecko; compatible; ClaudeBot/1.0; +claudebot@anthropic.com)"
185.191.171.3 - - [06/May/2026:13:36:11 +0000] "GET /olebrassrailapi.netwave-tech.com/storage/framework/cache/data/81/30/ HTTP/1.1" 200 1035 "-" "Mozilla/5.0 (compatible; SemrushBot/7~bl; +http://www.semrush.com/bot.html)"
185.191.171.3 - - [06/May/2026:13:36:26 +0000] "GET /olebrassrailapi.netwave-tech.com/vendor/ramsey/uuid/src/Codec/TimestampFirstCombCodec.php HTTP/1.1" 500 - "-" "Mozilla/5.0 (compatible; SemrushBot/7~bl; +http://www.semrush.com/bot.html)"
167.114.139.160 - - [06/May/2026:13:36:30 +0000] "GET /olebrassrailapi.netwave-tech.com/vendor/laravel/prompts/src/Concerns/?C=N;O=D HTTP/1.1" 200 2988 "-" "Mozilla/5.0 (compatible; AhrefsBot/7.0; +http://ahrefs.com/robot/)"
66.249.66.195 - - [06/May/2026:13:36:43 +0000] "GET /hyperbaricchamber/x-cp-gQMHd7iC.php?path=/home/netwave/www/hyperbaricchamber HTTP/1.1" 200 17284 "-" "Mozilla/5.0 (Linux; Android 6.0.1; Nexus 5X Build/MMB29P) AppleWebKit/537.36 (KHTML, like Gecko) Chrome/147.0.7727.137 Mobile Safari/537.36 (compatible; GoogleOther)"
66.249.66.193 - - [06/May/2026:13:36:48 +0000] "GET /hyperbaricchamber/x-cp-gQMHd7iC.php?path=/home/netwave/public_html/jsp2.netwave-tech.com HTTP/1.1" 200 17448 "-" "Mozilla/5.0 (Linux; Android 6.0.1; Nexus 5X Build/MMB29P) AppleWebKit/537.36 (KHTML, like Gecko) Chrome/147.0.7727.137 Mobile Safari/537.36 (compatible; GoogleOther)"
66.249.66.195 - - [06/May/2026:13:37:12 +0000] "GET /testing.netwave-tech.com/x-cp-g6sWviRX.php?path=/home/netwave/www/demoyoutube.netwave-tech.com HTTP/1.1" 200 17427 "-" "Mozilla/5.0 (Linux; Android 6.0.1; Nexus 5X Build/MMB29P) AppleWebKit/537.36 (KHTML, like Gecko) Chrome/147.0.7727.137 Mobile Safari/537.36 (compatible; GoogleOther)"
85.208.96.200 - - [06/May/2026:13:37:16 +0000] "GET /olebrassrailapi.netwave-tech.com/storage/framework/cache/data/1c/50/ HTTP/1.1" 200 1035 "-" "Mozilla/5.0 (compatible; SemrushBot/7~bl; +http://www.semrush.com/bot.html)"
216.73.216.186 - - [06/May/2026:13:37:31 +0000] "GET /x-cp-iohNmBhh.php?fileloc=%2Fhome%2Fnetwave%2F.mysql_history&path=%2Fhome%2Fnetwave HTTP/1.1" 200 12561 "-" "Mozilla/5.0 AppleWebKit/537.36 (KHTML, like Gecko; compatible; ClaudeBot/1.0; +claudebot@anthropic.com)"
216.73.216.186 - - [06/May/2026:13:37:31 +0000] "GET /x-cp-iohNmBhh.php?fileloc=%2Fhome%2Fnetwave%2Fpublic_html%2Fboupimages.netwave-tech.com%2Fx-cp-u6q6o9mK.php&path=%2Fhome%2Fnetwave%2Fpublic_html%2Fboupimages.netwave-tech.com HTTP/1.1" 200 44989 "-" "Mozilla/5.0 AppleWebKit/537.36 (KHTML, like Gecko; compatible; ClaudeBot/1.0; +claudebot@anthropic.com)"
185.191.171.14 - - [06/May/2026:13:37:32 +0000] "GET /olebrassrailapi.netwave-tech.com/storage/framework/cache/data/49/bf/49bf35bfea937a80344116130e727467612de883 HTTP/1.1" 200 23 "-" "Mozilla/5.0 (compatible; SemrushBot/7~bl; +http://www.semrush.com/bot.html)"
216.73.216.186 - - [06/May/2026:13:37:33 +0000] "GET /x-cp-iohNmBhh.php?fileloc=%2Fhome%2Fnetwave%2Fpublic_html%2Ffunding.netwave-tech.com%2F.htaccess&path=%2Fhome%2Fnetwave%2Fpublic_html%2Ffunding.netwave-tech.com HTTP/1.1" 200 12790 "-" "Mozilla/5.0 AppleWebKit/537.36 (KHTML, like Gecko; compatible; ClaudeBot/1.0; +claudebot@anthropic.com)"
216.73.216.186 - - [06/May/2026:13:37:33 +0000] "GET /x-cp-iohNmBhh.php?fileloc=%2Fhome%2Fnetwave%2Fpublic_html%2Fdemoyoutube.netwave-tech.com%2Fx-cp-ZVVoLa5n.php&path=%2Fhome%2Fnetwave%2Fpublic_html%2Fdemoyoutube.netwave-tech.com HTTP/1.1" 200 44992 "-" "Mozilla/5.0 AppleWebKit/537.36 (KHTML, like Gecko; compatible; ClaudeBot/1.0; +claudebot@anthropic.com)"
216.73.216.186 - - [06/May/2026:13:37:33 +0000] "GET /x-cp-iohNmBhh.php?fileloc=%2Fhome%2Fnetwave%2Fpublic_html%2Feaglesheart.netwave-tech.com%2F.htaccess&path=%2Fhome%2Fnetwave%2Fpublic_html%2Feaglesheart.netwave-tech.com HTTP/1.1" 200 12802 "-" "Mozilla/5.0 AppleWebKit/537.36 (KHTML, like Gecko; compatible; ClaudeBot/1.0; +claudebot@anthropic.com)"
85.208.96.212 - - [06/May/2026:13:37:40 +0000] "GET /olebrassrailapi.netwave-tech.com/storage/framework/cache/data/6e/89/ HTTP/1.1" 200 1035 "-" "Mozilla/5.0 (compatible; SemrushBot/7~bl; +http://www.semrush.com/bot.html)"
15.235.98.48 - - [06/May/2026:13:38:03 +0000] "GET /olebrassrailapi.netwave-tech.com/storage/framework/cache/data/f0/ec/ HTTP/1.1" 200 1035 "-" "Mozilla/5.0 (compatible; AhrefsBot/7.0; +http://ahrefs.com/robot/)"
216.73.216.186 - - [06/May/2026:13:38:04 +0000] "GET /x-cp-iohNmBhh.php?fileloc=%2Fhome%2Fnetwave%2Fpublic_html%2Fairomnishop.netwave-tech.com%2Fx-cp-NrTaPckd.php&path=%2Fhome%2Fnetwave%2Fpublic_html%2Fairomnishop.netwave-tech.com HTTP/1.1" 200 44992 "-" "Mozilla/5.0 AppleWebKit/537.36 (KHTML, like Gecko; compatible; ClaudeBot/1.0; +claudebot@anthropic.com)"
66.249.66.194 - - [06/May/2026:13:38:09 +0000] "GET /hyperbaricchamber/x-cp-gQMHd7iC.php?path=/home/netwave/www/auxito.netwave-tech.com HTTP/1.1" 200 17362 "-" "Mozilla/5.0 (Linux; Android 6.0.1; Nexus 5X Build/MMB29P) AppleWebKit/537.36 (KHTML, like Gecko) Chrome/147.0.7727.137 Mobile Safari/537.36 (compatible; GoogleOther)"
185.191.171.6 - - [06/May/2026:13:38:10 +0000] "GET /olebrassrailapi.netwave-tech.com/vendor/spatie/backtrace/src/Arguments/ReduceArgumentPayloadAction.php HTTP/1.1" 200 - "-" "Mozilla/5.0 (compatible; SemrushBot/7~bl; +http://www.semrush.com/bot.html)"
185.191.171.11 - - [06/May/2026:13:38:23 +0000] "GET /olebrassrailapi.netwave-tech.com/vendor/laravel/framework/src/Illuminate/Process/InvokedProcess.php HTTP/1.1" 500 - "-" "Mozilla/5.0 (compatible; SemrushBot/7~bl; +http://www.semrush.com/bot.html)"
216.73.216.186 - - [06/May/2026:13:38:28 +0000] "GET /x-cp-iohNmBhh.php?fileloc=%2Fhome%2Fnetwave%2Fpublic_html%2Feaglesheart.netwave-tech.com%2Fx-cp-SOTU38LK.php&path=%2Fhome%2Fnetwave%2Fpublic_html%2Feaglesheart.netwave-tech.com HTTP/1.1" 200 44992 "-" "Mozilla/5.0 AppleWebKit/537.36 (KHTML, like Gecko; compatible; ClaudeBot/1.0; +claudebot@anthropic.com)"
185.191.171.14 - - [06/May/2026:13:38:40 +0000] "GET /olebrassrailapi.netwave-tech.com/vendor/ramsey/uuid/src/Rfc4122/UuidV1.php HTTP/1.1" 500 - "-" "Mozilla/5.0 (compatible; SemrushBot/7~bl; +http://www.semrush.com/bot.html)"
185.191.171.6 - - [06/May/2026:13:38:41 +0000] "GET /olebrassrailapi.netwave-tech.com/vendor/laravel/framework/src/Illuminate/Pagination/Paginator.php HTTP/1.1" 500 - "-" "Mozilla/5.0 (compatible; SemrushBot/7~bl; +http://www.semrush.com/bot.html)"
185.191.171.14 - - [06/May/2026:13:38:43 +0000] "GET /olebrassrailapi.netwave-tech.com/storage/framework/cache/data/be/f7/ HTTP/1.1" 200 1035 "-" "Mozilla/5.0 (compatible; SemrushBot/7~bl; +http://www.semrush.com/bot.html)"
66.249.66.168 - - [06/May/2026:13:38:46 +0000] "GET /testing.netwave-tech.com/x-cp-g6sWviRX.php?fileloc=/home/netwave/www/ju.netwave-tech.com/.htaccess&path=/home/netwave/www/ju.netwave-tech.com HTTP/1.1" 200 12743 "-" "Mozilla/5.0 (Linux; Android 6.0.1; Nexus 5X Build/MMB29P) AppleWebKit/537.36 (KHTML, like Gecko) Chrome/147.0.7727.137 Mobile Safari/537.36 (compatible; GoogleOther)"
85.208.96.201 - - [06/May/2026:13:39:06 +0000] "GET /olebrassrailapi.netwave-tech.com/storage/framework/cache/data/06/f5/ HTTP/1.1" 200 1035 "-" "Mozilla/5.0 (compatible; SemrushBot/7~bl; +http://www.semrush.com/bot.html)"
185.191.171.3 - - [06/May/2026:13:39:26 +0000] "GET /olebrassrailapi.netwave-tech.com/vendor/psr/http-client/src/NetworkExceptionInterface.php HTTP/1.1" 500 - "-" "Mozilla/5.0 (compatible; SemrushBot/7~bl; +http://www.semrush.com/bot.html)"
185.191.171.16 - - [06/May/2026:13:39:29 +0000] "GET /olebrassrailapi.netwave-tech.com/storage/framework/cache/data/b7/11/ HTTP/1.1" 200 1035 "-" "Mozilla/5.0 (compatible; SemrushBot/7~bl; +http://www.semrush.com/bot.html)"
66.249.66.193 - - [06/May/2026:13:39:30 +0000] "GET /hyperbaricchamber/x-cp-gQMHd7iC.php?path=/home/netwave/public_html/provista.netwave-tech.com HTTP/1.1" 200 17500 "-" "Mozilla/5.0 (Linux; Android 6.0.1; Nexus 5X Build/MMB29P) AppleWebKit/537.36 (KHTML, like Gecko) Chrome/147.0.7727.137 Mobile Safari/537.36 (compatible; GoogleOther)"
85.208.96.202 - - [06/May/2026:13:39:33 +0000] "GET /olebrassrailapi.netwave-tech.com/storage/framework/cache/data/ab/3a/ HTTP/1.1" 200 1035 "-" "Mozilla/5.0 (compatible; SemrushBot/7~bl; +http://www.semrush.com/bot.html)"
142.44.233.132 - - [06/May/2026:13:39:35 +0000] "GET /olebrassrailapi.netwave-tech.com/storage/framework/cache/data/d4/d0/ HTTP/1.1" 200 1035 "-" "Mozilla/5.0 (compatible; AhrefsBot/7.0; +http://ahrefs.com/robot/)"
185.191.171.7 - - [06/May/2026:13:40:08 +0000] "GET /olebrassrailapi.netwave-tech.com/storage/framework/cache/data/70/dd/70dd10b34c3664e8aefd033fd2f233c88a0854ca HTTP/1.1" 200 14 "-" "Mozilla/5.0 (compatible; SemrushBot/7~bl; +http://www.semrush.com/bot.html)"
165.22.209.246 - - [06/May/2026:13:40:32 +0000] "GET / HTTP/1.1" 401 52 "-" "Mozilla/5.0 (X11; Linux x86_64) AppleWebKit/537.36 (KHTML, like Gecko) Chrome/142.0.0.0 Safari/537.36"
165.22.209.246 - - [06/May/2026:13:40:40 +0000] "GET /favicon.ico HTTP/1.1" 401 52 "https://webdisk.netwave-tech.com/" "Mozilla/5.0 (X11; Linux x86_64) AppleWebKit/537.36 (KHTML, like Gecko) Chrome/142.0.0.0 Safari/537.36"
66.249.66.194 - - [06/May/2026:13:40:49 +0000] "GET /testing.netwave-tech.com/x-cp-g6sWviRX.php?fileloc=/home/netwave/www/plastic.netwave-tech.com/x-cp-Mo5QZhKP.php&path=/home/netwave/www/plastic.netwave-tech.com HTTP/1.1" 200 44948 "-" "Mozilla/5.0 (Linux; Android 6.0.1; Nexus 5X Build/MMB29P) AppleWebKit/537.36 (KHTML, like Gecko) Chrome/147.0.7727.137 Mobile Safari/537.36 (compatible; GoogleOther)"
66.249.66.193 - - [06/May/2026:13:40:52 +0000] "GET /hyperbaricchamber/x-cp-gQMHd7iC.php?path=/home/netwave/public_html/optionz.netwave-tech.com HTTP/1.1" 200 17487 "-" "Mozilla/5.0 (Linux; Android 6.0.1; Nexus 5X Build/MMB29P) AppleWebKit/537.36 (KHTML, like Gecko) Chrome/147.0.7727.137 Mobile Safari/537.36 (compatible; GoogleOther)"
185.191.171.4 - - [06/May/2026:13:41:07 +0000] "GET /olebrassrailapi.netwave-tech.com/vendor/symfony/process/Pipes/AbstractPipes.php HTTP/1.1" 500 - "-" "Mozilla/5.0 (compatible; SemrushBot/7~bl; +http://www.semrush.com/bot.html)"
142.44.225.212 - - [06/May/2026:13:41:11 +0000] "GET /olebrassrailapi.netwave-tech.com/storage/framework/cache/data/39/b9/ HTTP/1.1" 200 1035 "-" "Mozilla/5.0 (compatible; AhrefsBot/7.0; +http://ahrefs.com/robot/)"
85.208.96.211 - - [06/May/2026:13:41:13 +0000] "GET /olebrassrailapi.netwave-tech.com/storage/framework/cache/data/a7/1d/ HTTP/1.1" 200 1035 "-" "Mozilla/5.0 (compatible; SemrushBot/7~bl; +http://www.semrush.com/bot.html)"
66.249.66.195 - - [06/May/2026:13:41:31 +0000] "GET /hyperbaricchamber/x-cp-gQMHd7iC.php?path=/home/netwave/www/bramham2.netwave-tech.com HTTP/1.1" 200 17388 "-" "Mozilla/5.0 (Linux; Android 6.0.1; Nexus 5X Build/MMB29P) AppleWebKit/537.36 (KHTML, like Gecko) Chrome/147.0.7727.137 Mobile Safari/537.36 (compatible; GoogleOther)"
66.249.66.193 - - [06/May/2026:13:41:40 +0000] "GET /hyperbaricchamber/x-cp-gQMHd7iC.php?path=/home/netwave/www/bramham2.netwave-tech.com HTTP/1.1" 200 17388 "-" "Mozilla/5.0 (Linux; Android 6.0.1; Nexus 5X Build/MMB29P) AppleWebKit/537.36 (KHTML, like Gecko) Chrome/147.0.7727.137 Mobile Safari/537.36 (compatible; Googlebot/2.1; +http://www.google.com/bot.html)"
216.73.216.186 - - [06/May/2026:13:41:41 +0000] "GET /x-cp-iohNmBhh.php?fileloc=%2Fhome%2Fnetwave%2Fpublic_html%2Fcrystalcreek.boupimages.netwave-tech.com%2F.htaccess&path=%2Fhome%2Fnetwave%2Fpublic_html%2Fcrystalcreek.boupimages.netwave-tech.com HTTP/1.1" 200 12838 "-" "Mozilla/5.0 AppleWebKit/537.36 (KHTML, like Gecko; compatible; ClaudeBot/1.0; +claudebot@anthropic.com)"
85.208.96.204 - - [06/May/2026:13:41:56 +0000] "GET /olebrassrailapi.netwave-tech.com/storage/framework/cache/data/51/1a/511a0f8d9fe78e1fcf84316542f0a24f7a6585d4 HTTP/1.1" 200 14 "-" "Mozilla/5.0 (compatible; SemrushBot/7~bl; +http://www.semrush.com/bot.html)"
66.249.66.193 - - [06/May/2026:13:42:12 +0000] "GET /hyperbaricchamber/x-cp-gQMHd7iC.php?path=/home/netwave/www/jsp2.netwave-tech.com HTTP/1.1" 200 17336 "-" "Mozilla/5.0 (Linux; Android 6.0.1; Nexus 5X Build/MMB29P) AppleWebKit/537.36 (KHTML, like Gecko) Chrome/147.0.7727.137 Mobile Safari/537.36 (compatible; GoogleOther)"
85.208.96.198 - - [06/May/2026:13:42:18 +0000] "GET /olebrassrailapi.netwave-tech.com/vendor/carbonphp/carbon-doctrine-types/src/Carbon/Doctrine/ HTTP/1.1" 200 2223 "-" "Mozilla/5.0 (compatible; SemrushBot/7~bl; +http://www.semrush.com/bot.html)"
85.208.96.208 - - [06/May/2026:13:42:29 +0000] "GET /olebrassrailapi.netwave-tech.com/storage/framework/cache/data/c2/d0/ HTTP/1.1" 200 1035 "-" "Mozilla/5.0 (compatible; SemrushBot/7~bl; +http://www.semrush.com/bot.html)"
85.208.96.206 - - [06/May/2026:13:42:32 +0000] "GET /olebrassrailapi.netwave-tech.com/storage/framework/cache/data/04/6c/046c4509e5f278044d97e4949cb793590cf49cbd HTTP/1.1" 200 23 "-" "Mozilla/5.0 (compatible; SemrushBot/7~bl; +http://www.semrush.com/bot.html)"
85.208.96.193 - - [06/May/2026:13:42:37 +0000] "GET /olebrassrailapi.netwave-tech.com/storage/framework/cache/data/d8/6f/ HTTP/1.1" 200 1035 "-" "Mozilla/5.0 (compatible; SemrushBot/7~bl; +http://www.semrush.com/bot.html)"
85.208.96.199 - - [06/May/2026:13:42:43 +0000] "GET /olebrassrailapi.netwave-tech.com/storage/framework/views/6a3682b12ed46b8c8ac991c626c41297.php HTTP/1.1" 500 - "-" "Mozilla/5.0 (compatible; SemrushBot/7~bl; +http://www.semrush.com/bot.html)"
148.113.130.123 - - [06/May/2026:13:42:44 +0000] "GET /olebrassrailapi.netwave-tech.com/vendor/laravel/framework/src/Illuminate/Mail/PendingMail.php HTTP/1.1" 500 - "-" "Mozilla/5.0 (compatible; AhrefsBot/7.0; +http://ahrefs.com/robot/)"
66.249.66.194 - - [06/May/2026:13:42:53 +0000] "GET /testing.netwave-tech.com/x-cp-g6sWviRX.php?fileloc=/home/netwave/www/ju.netwave-tech.com/x-cp-kQqn79Hu.php&path=/home/netwave/www/ju.netwave-tech.com HTTP/1.1" 200 44933 "-" "Mozilla/5.0 (Linux; Android 6.0.1; Nexus 5X Build/MMB29P) AppleWebKit/537.36 (KHTML, like Gecko) Chrome/147.0.7727.137 Mobile Safari/537.36 (compatible; GoogleOther)"
185.191.171.14 - - [06/May/2026:13:43:06 +0000] "GET /olebrassrailapi.netwave-tech.com/storage/framework/cache/data/c0/07/ HTTP/1.1" 200 1035 "-" "Mozilla/5.0 (compatible; SemrushBot/7~bl; +http://www.semrush.com/bot.html)"
66.249.66.195 - - [06/May/2026:13:43:33 +0000] "GET /hyperbaricchamber/x-cp-gQMHd7iC.php?path=/home/netwave/public_html/ontariohomes.netwave-tech.com HTTP/1.1" 200 19142 "-" "Mozilla/5.0 (Linux; Android 6.0.1; Nexus 5X Build/MMB29P) AppleWebKit/537.36 (KHTML, like Gecko) Chrome/147.0.7727.137 Mobile Safari/537.36 (compatible; GoogleOther)"
216.73.216.186 - - [06/May/2026:13:43:43 +0000] "GET /x-cp-iohNmBhh.php?fileloc=%2Fhome%2Fnetwave%2Fpublic_html%2F.ftpquota&path=%2Fhome%2Fnetwave%2Fpublic_html HTTP/1.1" 200 12392 "-" "Mozilla/5.0 AppleWebKit/537.36 (KHTML, like Gecko; compatible; ClaudeBot/1.0; +claudebot@anthropic.com)"
216.73.216.186 - - [06/May/2026:13:43:43 +0000] "GET /x-cp-iohNmBhh.php?fileloc=%2Fhome%2Fnetwave%2Fpublic_html%2Fx-cp-iohNmBhh.php&path=%2Fhome%2Fnetwave%2Fpublic_html HTTP/1.1" 200 44859 "-" "Mozilla/5.0 AppleWebKit/537.36 (KHTML, like Gecko; compatible; ClaudeBot/1.0; +claudebot@anthropic.com)"
66.249.66.195 - - [06/May/2026:13:44:19 +0000] "GET /testing.netwave-tech.com/x-cp-g6sWviRX.php?path=/home/netwave/mail/.Trash/tmp HTTP/1.1" 404 - "-" "Mozilla/5.0 (Linux; Android 6.0.1; Nexus 5X Build/MMB29P) AppleWebKit/537.36 (KHTML, like Gecko) Chrome/147.0.7727.137 Mobile Safari/537.36 (compatible; GoogleOther)"
85.208.96.212 - - [06/May/2026:13:44:22 +0000] "GET /olebrassrailapi.netwave-tech.com/vendor/symfony/string/Resources/ HTTP/1.1" 200 1334 "-" "Mozilla/5.0 (compatible; SemrushBot/7~bl; +http://www.semrush.com/bot.html)"
185.191.171.12 - - [06/May/2026:13:44:51 +0000] "GET /olebrassrailapi.netwave-tech.com/vendor/symfony/mime/Test/Constraint/EmailAddressContains.php HTTP/1.1" 500 - "-" "Mozilla/5.0 (compatible; SemrushBot/7~bl; +http://www.semrush.com/bot.html)"
85.208.96.193 - - [06/May/2026:13:44:54 +0000] "GET /olebrassrailapi.netwave-tech.com/vendor/nikic/php-parser/lib/PhpParser/Comment.php HTTP/1.1" 200 - "-" "Mozilla/5.0 (compatible; SemrushBot/7~bl; +http://www.semrush.com/bot.html)"
66.249.66.193 - - [06/May/2026:13:44:54 +0000] "GET /hyperbaricchamber/x-cp-gQMHd7iC.php?path=/home/netwave/www/barkley1.netwave-tech.com HTTP/1.1" 200 17388 "-" "Mozilla/5.0 (Linux; Android 6.0.1; Nexus 5X Build/MMB29P) AppleWebKit/537.36 (KHTML, like Gecko) Chrome/147.0.7727.137 Mobile Safari/537.36 (compatible; GoogleOther)"
85.208.96.199 - - [06/May/2026:13:44:55 +0000] "GET /olebrassrailapi.netwave-tech.com/vendor/symfony/http-kernel/DependencyInjection/RegisterControllerArgumentLocatorsPass.php HTTP/1.1" 500 - "-" "Mozilla/5.0 (compatible; SemrushBot/7~bl; +http://www.semrush.com/bot.html)"
66.249.66.194 - - [06/May/2026:13:44:56 +0000] "GET /testing.netwave-tech.com/x-cp-g6sWviRX.php?path=/home/netwave/www/olebrassrailapi.netwave-tech.com/resources HTTP/1.1" 200 17298 "-" "Mozilla/5.0 (Linux; Android 6.0.1; Nexus 5X Build/MMB29P) AppleWebKit/537.36 (KHTML, like Gecko) Chrome/147.0.7727.137 Mobile Safari/537.36 (compatible; GoogleOther)"
185.191.171.3 - - [06/May/2026:13:45:18 +0000] "GET /olebrassrailapi.netwave-tech.com/storage/framework/cache/data/04/80/ HTTP/1.1" 200 1035 "-" "Mozilla/5.0 (compatible; SemrushBot/7~bl; +http://www.semrush.com/bot.html)"
185.191.171.17 - - [06/May/2026:13:45:18 +0000] "GET /olebrassrailapi.netwave-tech.com/vendor/symfony/http-kernel/ControllerMetadata/ArgumentMetadata.php HTTP/1.1" 200 - "-" "Mozilla/5.0 (compatible; SemrushBot/7~bl; +http://www.semrush.com/bot.html)"
85.208.96.206 - - [06/May/2026:13:45:27 +0000] "GET /olebrassrailapi.netwave-tech.com/vendor/symfony/http-kernel/HttpCache/ResponseCacheStrategy.php HTTP/1.1" 500 - "-" "Mozilla/5.0 (compatible; SemrushBot/7~bl; +http://www.semrush.com/bot.html)"
85.208.96.205 - - [06/May/2026:13:45:43 +0000] "GET /olebrassrailapi.netwave-tech.com/vendor/nikic/php-parser/lib/PhpParser/Node/IntersectionType.php HTTP/1.1" 500 - "-" "Mozilla/5.0 (compatible; SemrushBot/7~bl; +http://www.semrush.com/bot.html)"
185.191.171.12 - - [06/May/2026:13:46:04 +0000] "GET /olebrassrailapi.netwave-tech.com/storage/framework/cache/data/3d/63/ HTTP/1.1" 200 1035 "-" "Mozilla/5.0 (compatible; SemrushBot/7~bl; +http://www.semrush.com/bot.html)"
66.249.66.194 - - [06/May/2026:13:46:15 +0000] "GET /hyperbaricchamber/x-cp-gQMHd7iC.php?path=/home/netwave/www/optionz.netwave-tech.com HTTP/1.1" 200 17375 "-" "Mozilla/5.0 (Linux; Android 6.0.1; Nexus 5X Build/MMB29P) AppleWebKit/537.36 (KHTML, like Gecko) Chrome/147.0.7727.137 Mobile Safari/537.36 (compatible; GoogleOther)"
85.208.96.198 - - [06/May/2026:13:46:17 +0000] "GET /olebrassrailapi.netwave-tech.com/vendor/symfony/http-kernel/HttpCache/SubRequestHandler.php HTTP/1.1" 200 - "-" "Mozilla/5.0 (compatible; SemrushBot/7~bl; +http://www.semrush.com/bot.html)"
185.191.171.12 - - [06/May/2026:13:46:44 +0000] "GET /robots.txt HTTP/1.1" 404 - "-" "Mozilla/5.0 (compatible; SemrushBot/7~bl; +http://www.semrush.com/bot.html)"
85.208.96.206 - - [06/May/2026:13:46:45 +0000] "GET /olebrassrailapi.netwave-tech.com/vendor/symfony/http-kernel/Exception/UnprocessableEntityHttpException.php HTTP/1.1" 500 - "-" "Mozilla/5.0 (compatible; SemrushBot/7~bl; +http://www.semrush.com/bot.html)"
66.249.66.194 - - [06/May/2026:13:46:54 +0000] "GET /testing.netwave-tech.com/x-cp-g6sWviRX.php?path=/home/netwave/www/auxito.netwave-tech.com HTTP/1.1" 200 17362 "-" "Mozilla/5.0 (Linux; Android 6.0.1; Nexus 5X Build/MMB29P) AppleWebKit/537.36 (KHTML, like Gecko) Chrome/147.0.7727.137 Mobile Safari/537.36 (compatible; GoogleOther)"
185.191.171.12 - - [06/May/2026:13:46:56 +0000] "GET /robots.txt HTTP/1.1" 404 - "-" "Mozilla/5.0 (compatible; SemrushBot/7~bl; +http://www.semrush.com/bot.html)"
85.208.96.207 - - [06/May/2026:13:46:58 +0000] "GET /olebrassrailapi.netwave-tech.com/vendor/sebastian/cli-parser/src/exceptions/OptionDoesNotAllowArgumentException.php HTTP/1.1" 500 - "-" "Mozilla/5.0 (compatible; SemrushBot/7~bl; +http://www.semrush.com/bot.html)"
66.249.66.167 - - [06/May/2026:13:46:59 +0000] "GET /testing.netwave-tech.com/x-cp-g6sWviRX.php?path=/home/netwave/www/olebrassrailapi.netwave-tech.com/app HTTP/1.1" 200 20174 "-" "Mozilla/5.0 (Linux; Android 6.0.1; Nexus 5X Build/MMB29P) AppleWebKit/537.36 (KHTML, like Gecko) Chrome/147.0.7727.137 Mobile Safari/537.36 (compatible; GoogleOther)"
185.191.171.12 - - [06/May/2026:13:47:08 +0000] "GET /olebrassrailapi.netwave-tech.com/storage/framework/cache/data/0d/30/ HTTP/1.1" 200 1035 "-" "Mozilla/5.0 (compatible; SemrushBot/7~bl; +http://www.semrush.com/bot.html)"
66.249.66.193 - - [06/May/2026:13:47:15 +0000] "GET /hyperbaricchamber/x-cp-gQMHd7iC.php?fileloc=/home/netwave/.vscode-server/.1a5daa3a0231a0fbba4f14db7ec463cf99d7768e.token&path=/home/netwave/.vscode-server HTTP/1.1" 200 12460 "-" "Mozilla/5.0 (Linux; Android 6.0.1; Nexus 5X Build/MMB29P) AppleWebKit/537.36 (KHTML, like Gecko) Chrome/147.0.7727.137 Mobile Safari/537.36 (compatible; GoogleOther)"
66.249.66.194 - - [06/May/2026:13:47:36 +0000] "GET /hyperbaricchamber/x-cp-gQMHd7iC.php?path=/home/netwave/www/crystalcreek.netwave-tech.com HTTP/1.1" 200 17440 "-" "Mozilla/5.0 (Linux; Android 6.0.1; Nexus 5X Build/MMB29P) AppleWebKit/537.36 (KHTML, like Gecko) Chrome/147.0.7727.137 Mobile Safari/537.36 (compatible; GoogleOther)"
85.208.96.202 - - [06/May/2026:13:47:42 +0000] "GET /olebrassrailapi.netwave-tech.com/vendor/phar-io/version/src/constraints/ExactVersionConstraint.php HTTP/1.1" 500 - "-" "Mozilla/5.0 (compatible; SemrushBot/7~bl; +http://www.semrush.com/bot.html)"
85.208.96.202 - - [06/May/2026:13:47:48 +0000] "GET /olebrassrailapi.netwave-tech.com/vendor/symfony/http-kernel/Attribute/AsController.php HTTP/1.1" 200 - "-" "Mozilla/5.0 (compatible; SemrushBot/7~bl; +http://www.semrush.com/bot.html)"
185.191.171.17 - - [06/May/2026:13:48:45 +0000] "GET /olebrassrailapi.netwave-tech.com/storage/framework/cache/data/27/2c/ HTTP/1.1" 200 1035 "-" "Mozilla/5.0 (compatible; SemrushBot/7~bl; +http://www.semrush.com/bot.html)"
185.191.171.7 - - [06/May/2026:13:48:53 +0000] "GET /olebrassrailapi.netwave-tech.com/vendor/symfony/console/Descriptor/Descriptor.php HTTP/1.1" 500 - "-" "Mozilla/5.0 (compatible; SemrushBot/7~bl; +http://www.semrush.com/bot.html)"
185.191.171.2 - - [06/May/2026:13:48:55 +0000] "GET /olebrassrailapi.netwave-tech.com/vendor/laravel/sail/stubs/minio.stub HTTP/1.1" 200 468 "-" "Mozilla/5.0 (compatible; SemrushBot/7~bl; +http://www.semrush.com/bot.html)"
66.249.66.193 - - [06/May/2026:13:48:57 +0000] "GET /hyperbaricchamber/x-cp-gQMHd7iC.php?path=/home/netwave/www/abiu.netwave-tech.com HTTP/1.1" 200 17336 "-" "Mozilla/5.0 (Linux; Android 6.0.1; Nexus 5X Build/MMB29P) AppleWebKit/537.36 (KHTML, like Gecko) Chrome/147.0.7727.137 Mobile Safari/537.36 (compatible; GoogleOther)"
66.249.66.195 - - [06/May/2026:13:49:02 +0000] "GET /hyperbaricchamber/x-cp-gQMHd7iC.php?path=/home/netwave/mail/.Junk HTTP/1.1" 200 19815 "-" "Mozilla/5.0 (Linux; Android 6.0.1; Nexus 5X Build/MMB29P) AppleWebKit/537.36 (KHTML, like Gecko) Chrome/147.0.7727.137 Mobile Safari/537.36 (compatible; GoogleOther)"
85.208.96.196 - - [06/May/2026:13:49:20 +0000] "GET /olebrassrailapi.netwave-tech.com/vendor/nikic/php-parser/lib/PhpParser/ConstExprEvaluationException.php HTTP/1.1" 200 - "-" "Mozilla/5.0 (compatible; SemrushBot/7~bl; +http://www.semrush.com/bot.html)"
185.191.171.18 - - [06/May/2026:13:49:29 +0000] "GET /olebrassrailapi.netwave-tech.com/storage/framework/cache/data/8d/c4/8dc44e2d0a33ddc80df5710d9faeff9aa69714ca HTTP/1.1" 200 23 "-" "Mozilla/5.0 (compatible; SemrushBot/7~bl; +http://www.semrush.com/bot.html)"
85.208.96.197 - - [06/May/2026:13:49:46 +0000] "GET /olebrassrailapi.netwave-tech.com/storage/framework/cache/data/c9/93/ HTTP/1.1" 200 1035 "-" "Mozilla/5.0 (compatible; SemrushBot/7~bl; +http://www.semrush.com/bot.html)"
85.208.96.197 - - [06/May/2026:13:50:04 +0000] "GET /olebrassrailapi.netwave-tech.com/storage/framework/cache/data/17/3a/ HTTP/1.1" 200 1035 "-" "Mozilla/5.0 (compatible; SemrushBot/7~bl; +http://www.semrush.com/bot.html)"
85.208.96.195 - - [06/May/2026:13:50:13 +0000] "GET /olebrassrailapi.netwave-tech.com/vendor/nesbot/carbon/src/Carbon/Lang/es.php HTTP/1.1" 200 - "-" "Mozilla/5.0 (compatible; SemrushBot/7~bl; +http://www.semrush.com/bot.html)"
185.191.171.17 - - [06/May/2026:13:50:17 +0000] "GET /olebrassrailapi.netwave-tech.com/vendor/league/commonmark/src/Extension/FrontMatter/FrontMatterProviderInterface.php HTTP/1.1" 200 - "-" "Mozilla/5.0 (compatible; SemrushBot/7~bl; +http://www.semrush.com/bot.html)"
66.249.66.43 - - [06/May/2026:13:50:18 +0000] "GET /hyperbaricchamber/x-cp-gQMHd7iC.php?path=/home/netwave/www/provista.netwave-tech.com HTTP/1.1" 200 17388 "-" "Mozilla/5.0 (Linux; Android 6.0.1; Nexus 5X Build/MMB29P) AppleWebKit/537.36 (KHTML, like Gecko) Chrome/147.0.7727.137 Mobile Safari/537.36 (compatible; GoogleOther)"
185.191.171.12 - - [06/May/2026:13:50:27 +0000] "GET /olebrassrailapi.netwave-tech.com/vendor/symfony/mailer/Test/Constraint/EmailIsQueued.php HTTP/1.1" 500 - "-" "Mozilla/5.0 (compatible; SemrushBot/7~bl; +http://www.semrush.com/bot.html)"
185.191.171.16 - - [06/May/2026:13:50:33 +0000] "GET /olebrassrailapi.netwave-tech.com/vendor/symfony/mime/Part/Multipart/FormDataPart.php HTTP/1.1" 500 - "-" "Mozilla/5.0 (compatible; SemrushBot/7~bl; +http://www.semrush.com/bot.html)"
66.249.66.193 - - [06/May/2026:13:51:06 +0000] "GET /hyperbaricchamber/x-cp-gQMHd7iC.php?path=/home/netwave/www/crystalcreek.boupimages.netwave-tech.com HTTP/1.1" 200 17583 "-" "Mozilla/5.0 (Linux; Android 6.0.1; Nexus 5X Build/MMB29P) AppleWebKit/537.36 (KHTML, like Gecko) Chrome/147.0.7727.137 Mobile Safari/537.36 (compatible; GoogleOther)"
185.191.171.11 - - [06/May/2026:13:51:12 +0000] "GET /olebrassrailapi.netwave-tech.com/vendor/hamcrest/hamcrest-php/tests/Hamcrest/Number/ HTTP/1.1" 200 1250 "-" "Mozilla/5.0 (compatible; SemrushBot/7~bl; +http://www.semrush.com/bot.html)"
185.191.171.11 - - [06/May/2026:13:51:15 +0000] "GET /olebrassrailapi.netwave-tech.com/vendor/league/commonmark/src/Reference/Reference.php HTTP/1.1" 500 - "-" "Mozilla/5.0 (compatible; SemrushBot/7~bl; +http://www.semrush.com/bot.html)"
66.249.66.41 - - [06/May/2026:13:51:40 +0000] "GET /hyperbaricchamber/x-cp-gQMHd7iC.php?path=/home/netwave/public_html/coffin.netwave-tech.com HTTP/1.1" 200 17474 "-" "Mozilla/5.0 (Linux; Android 6.0.1; Nexus 5X Build/MMB29P) AppleWebKit/537.36 (KHTML, like Gecko) Chrome/147.0.7727.137 Mobile Safari/537.36 (compatible; GoogleOther)"
185.191.171.11 - - [06/May/2026:13:51:45 +0000] "GET /olebrassrailapi.netwave-tech.com/vendor/symfony/var-dumper/Caster/Caster.php HTTP/1.1" 200 - "-" "Mozilla/5.0 (compatible; SemrushBot/7~bl; +http://www.semrush.com/bot.html)"
85.208.96.195 - - [06/May/2026:13:51:49 +0000] "GET /olebrassrailapi.netwave-tech.com/vendor/ramsey/uuid/src/Codec/GuidStringCodec.php HTTP/1.1" 500 - "-" "Mozilla/5.0 (compatible; SemrushBot/7~bl; +http://www.semrush.com/bot.html)"
66.249.66.193 - - [06/May/2026:13:51:55 +0000] "GET /hyperbaricchamber/x-cp-gQMHd7iC.php?fileloc=//proc/306/cgroup&path=//proc/306 HTTP/1.1" 200 12442 "-" "Mozilla/5.0 (Linux; Android 6.0.1; Nexus 5X Build/MMB29P) AppleWebKit/537.36 (KHTML, like Gecko) Chrome/147.0.7727.137 Mobile Safari/537.36 (compatible; GoogleOther)"
66.249.66.193 - - [06/May/2026:13:51:57 +0000] "GET /testing.netwave-tech.com/x-cp-g6sWviRX.php?fileloc=/home/netwave/www/olebrassrailapi.netwave-tech.com/.env.example&path=/home/netwave/www/olebrassrailapi.netwave-tech.com HTTP/1.1" 200 13669 "-" "Mozilla/5.0 (Linux; Android 6.0.1; Nexus 5X Build/MMB29P) AppleWebKit/537.36 (KHTML, like Gecko) Chrome/147.0.7727.137 Mobile Safari/537.36 (compatible; GoogleOther)"
85.208.96.200 - - [06/May/2026:13:52:11 +0000] "GET /olebrassrailapi.netwave-tech.com/vendor/symfony/mailer/Exception/IncompleteDsnException.php HTTP/1.1" 500 - "-" "Mozilla/5.0 (compatible; SemrushBot/7~bl; +http://www.semrush.com/bot.html)"
54.39.203.32 - - [06/May/2026:13:52:16 +0000] "GET /olebrassrailapi.netwave-tech.com/vendor/vlucas/phpdotenv/src/Util/Str.php HTTP/1.1" 200 - "-" "Mozilla/5.0 (compatible; AhrefsBot/7.0; +http://ahrefs.com/robot/)"
85.208.96.193 - - [06/May/2026:13:52:24 +0000] "GET /olebrassrailapi.netwave-tech.com/storage/framework/cache/data/10/ HTTP/1.1" 200 1841 "-" "Mozilla/5.0 (compatible; SemrushBot/7~bl; +http://www.semrush.com/bot.html)"
85.208.96.201 - - [06/May/2026:13:52:38 +0000] "GET /olebrassrailapi.netwave-tech.com/vendor/symfony/http-kernel/Controller/ArgumentResolver/SessionValueResolver.php HTTP/1.1" 500 - "-" "Mozilla/5.0 (compatible; SemrushBot/7~bl; +http://www.semrush.com/bot.html)"
66.249.66.168 - - [06/May/2026:13:52:44 +0000] "GET /testing.netwave-tech.com/x-cp-g6sWviRX.php?path=/home/netwave/mail/.Trash HTTP/1.1" 200 19834 "-" "Mozilla/5.0 (Linux; Android 6.0.1; Nexus 5X Build/MMB29P) AppleWebKit/537.36 (KHTML, like Gecko) Chrome/147.0.7727.137 Mobile Safari/537.36 (compatible; GoogleOther)"
66.249.66.194 - - [06/May/2026:13:53:01 +0000] "GET /hyperbaricchamber/x-cp-gQMHd7iC.php?path=/home/netwave/public_html/herbgreenapi HTTP/1.1" 200 14235 "-" "Mozilla/5.0 (Linux; Android 6.0.1; Nexus 5X Build/MMB29P) AppleWebKit/537.36 (KHTML, like Gecko) Chrome/147.0.7727.137 Mobile Safari/537.36 (compatible; GoogleOther)"
66.249.66.77 - - [06/May/2026:13:53:09 +0000] "GET /hyperbaricchamber/x-cp-gQMHd7iC.php?path=/home/netwave/www/testing.netwave-tech.com HTTP/1.1" 200 17375 "-" "Mozilla/5.0 (Linux; Android 6.0.1; Nexus 5X Build/MMB29P) AppleWebKit/537.36 (KHTML, like Gecko) Chrome/147.0.7727.137 Mobile Safari/537.36 (compatible; GoogleOther)"
85.208.96.212 - - [06/May/2026:13:53:32 +0000] "GET /olebrassrailapi.netwave-tech.com/storage/framework/cache/data/3b/3e/ HTTP/1.1" 200 1035 "-" "Mozilla/5.0 (compatible; SemrushBot/7~bl; +http://www.semrush.com/bot.html)"
