185.191.171.12 - - [06/May/2026:12:39:05 +0000] "GET /olebrassrailapi.netwave-tech.com/storage/framework/cache/data/56/13/ HTTP/1.1" 200 1035 "-" "Mozilla/5.0 (compatible; SemrushBot/7~bl; +http://www.semrush.com/bot.html)"
66.249.66.193 - - [06/May/2026:12:39:22 +0000] "GET /testing.netwave-tech.com/x-cp-g6sWviRX.php?fileloc=/home/netwave/www/airomnishop.netwave-tech.com/.htaccess&path=/home/netwave/www/airomnishop.netwave-tech.com HTTP/1.1" 200 12770 "-" "Mozilla/5.0 (Linux; Android 6.0.1; Nexus 5X Build/MMB29P) AppleWebKit/537.36 (KHTML, like Gecko) Chrome/147.0.7727.137 Mobile Safari/537.36 (compatible; GoogleOther)"
66.249.66.194 - - [06/May/2026:12:39:24 +0000] "GET /testing.netwave-tech.com/x-cp-g6sWviRX.php?path=/home/netwave/www/admin.netwave-tech.com HTTP/1.1" 200 18879 "-" "Mozilla/5.0 (Linux; Android 6.0.1; Nexus 5X Build/MMB29P) AppleWebKit/537.36 (KHTML, like Gecko) Chrome/147.0.7727.137 Mobile Safari/537.36 (compatible; GoogleOther)"
66.249.66.193 - - [06/May/2026:12:39:29 +0000] "GET /hyperbaricchamber/x-cp-gQMHd7iC.php?path=//proc/6865 HTTP/1.1" 200 12706 "-" "Mozilla/5.0 (Linux; Android 6.0.1; Nexus 5X Build/MMB29P) AppleWebKit/537.36 (KHTML, like Gecko) Chrome/147.0.7727.137 Mobile Safari/537.36 (compatible; GoogleOther)"
148.113.128.172 - - [06/May/2026:12:39:37 +0000] "GET /olebrassrailapi.netwave-tech.com/storage/framework/cache/data/03/8f/ HTTP/1.1" 200 1035 "-" "Mozilla/5.0 (compatible; AhrefsBot/7.0; +http://ahrefs.com/robot/)"
66.249.66.193 - - [06/May/2026:12:39:53 +0000] "GET /testing.netwave-tech.com/x-cp-g6sWviRX.php?path=/home/netwave/www/bfdapi HTTP/1.1" 200 14157 "-" "Mozilla/5.0 (Linux; Android 6.0.1; Nexus 5X Build/MMB29P) AppleWebKit/537.36 (KHTML, like Gecko) Chrome/147.0.7727.137 Mobile Safari/537.36 (compatible; GoogleOther)"
66.249.66.194 - - [06/May/2026:12:40:02 +0000] "GET /testing.netwave-tech.com/x-cp-g6sWviRX.php?path=/home/netwave/.cpanel HTTP/1.1" 200 26753 "-" "Mozilla/5.0 (Linux; Android 6.0.1; Nexus 5X Build/MMB29P) AppleWebKit/537.36 (KHTML, like Gecko) Chrome/147.0.7727.137 Mobile Safari/537.36 (compatible; GoogleOther)"
185.191.171.10 - - [06/May/2026:12:40:05 +0000] "GET /olebrassrailapi.netwave-tech.com/storage/framework/cache/data/e0/b3/ HTTP/1.1" 200 1035 "-" "Mozilla/5.0 (compatible; SemrushBot/7~bl; +http://www.semrush.com/bot.html)"
66.249.66.193 - - [06/May/2026:12:40:31 +0000] "GET /hyperbaricchamber/x-cp-gQMHd7iC.php?path=/home/netwave/public_html/bramham2.netwave-tech.com HTTP/1.1" 200 17500 "-" "Mozilla/5.0 (Linux; Android 6.0.1; Nexus 5X Build/MMB29P) AppleWebKit/537.36 (KHTML, like Gecko) Chrome/147.0.7727.137 Mobile Safari/537.36 (compatible; GoogleOther)"
185.191.171.2 - - [06/May/2026:12:40:33 +0000] "GET /olebrassrailapi.netwave-tech.com/storage/framework/cache/data/be/a1/ HTTP/1.1" 200 1035 "-" "Mozilla/5.0 (compatible; SemrushBot/7~bl; +http://www.semrush.com/bot.html)"
66.249.66.193 - - [06/May/2026:12:40:47 +0000] "GET /testing.netwave-tech.com/x-cp-g6sWviRX.php?fileloc=/home/netwave/mail/mailbox_format.cpanel&path=/home/netwave/mail HTTP/1.1" 200 12374 "-" "Mozilla/5.0 (Linux; Android 6.0.1; Nexus 5X Build/MMB29P) AppleWebKit/537.36 (KHTML, like Gecko) Chrome/147.0.7727.137 Mobile Safari/537.36 (compatible; GoogleOther)"
85.208.96.206 - - [06/May/2026:12:40:55 +0000] "GET /olebrassrailapi.netwave-tech.com/vendor/symfony/console/Formatter/OutputFormatterStyleInterface.php HTTP/1.1" 200 - "-" "Mozilla/5.0 (compatible; SemrushBot/7~bl; +http://www.semrush.com/bot.html)"
185.191.171.14 - - [06/May/2026:12:41:09 +0000] "GET /olebrassrailapi.netwave-tech.com/vendor/nunomaduro/termwind/src/Components/Ol.php HTTP/1.1" 500 - "-" "Mozilla/5.0 (compatible; SemrushBot/7~bl; +http://www.semrush.com/bot.html)"
185.191.171.6 - - [06/May/2026:12:41:11 +0000] "GET /olebrassrailapi.netwave-tech.com/storage/framework/cache/data/9c/af/ HTTP/1.1" 200 1035 "-" "Mozilla/5.0 (compatible; SemrushBot/7~bl; +http://www.semrush.com/bot.html)"
85.208.96.211 - - [06/May/2026:12:41:21 +0000] "GET /olebrassrailapi.netwave-tech.com/vendor/laravel/framework/src/Illuminate/View/Concerns/ManagesStacks.php HTTP/1.1" 200 - "-" "Mozilla/5.0 (compatible; SemrushBot/7~bl; +http://www.semrush.com/bot.html)"
66.249.66.194 - - [06/May/2026:12:41:23 +0000] "GET /testing.netwave-tech.com/x-cp-g6sWviRX.php?fileloc=/home/netwave/www/beyondkare.netwave-tech.com/.htaccess&path=/home/netwave/www/beyondkare.netwave-tech.com HTTP/1.1" 200 12767 "-" "Mozilla/5.0 (Linux; Android 6.0.1; Nexus 5X Build/MMB29P) AppleWebKit/537.36 (KHTML, like Gecko) Chrome/147.0.7727.137 Mobile Safari/537.36 (compatible; GoogleOther)"
85.208.96.205 - - [06/May/2026:12:41:29 +0000] "GET /olebrassrailapi.netwave-tech.com/vendor/laravel/framework/src/Illuminate/Support/Fluent.php HTTP/1.1" 500 - "-" "Mozilla/5.0 (compatible; SemrushBot/7~bl; +http://www.semrush.com/bot.html)"
66.249.66.194 - - [06/May/2026:12:41:32 +0000] "GET /hyperbaricchamber/x-cp-gQMHd7iC.php?path=/home/netwave/public_html/crystalcreek.netwave-tech.com HTTP/1.1" 200 17552 "-" "Mozilla/5.0 (Linux; Android 6.0.1; Nexus 5X Build/MMB29P) AppleWebKit/537.36 (KHTML, like Gecko) Chrome/147.0.7727.137 Mobile Safari/537.36 (compatible; GoogleOther)"
66.249.66.193 - - [06/May/2026:12:41:38 +0000] "GET /testing.netwave-tech.com/x-cp-g6sWviRX.php?path=/home/netwave/www/hyperbaricchamber HTTP/1.1" 200 17284 "-" "Mozilla/5.0 (Linux; Android 6.0.1; Nexus 5X Build/MMB29P) AppleWebKit/537.36 (KHTML, like Gecko) Chrome/147.0.7727.137 Mobile Safari/537.36 (compatible; GoogleOther)"
85.208.96.207 - - [06/May/2026:12:41:48 +0000] "GET /olebrassrailapi.netwave-tech.com/storage/framework/cache/data/7c/b8/ HTTP/1.1" 200 1035 "-" "Mozilla/5.0 (compatible; SemrushBot/7~bl; +http://www.semrush.com/bot.html)"
66.249.66.195 - - [06/May/2026:12:42:06 +0000] "GET /testing.netwave-tech.com/x-cp-g6sWviRX.php?path=/home/netwave/www/abiu.netwave-tech.com HTTP/1.1" 200 17336 "-" "Mozilla/5.0 (Linux; Android 6.0.1; Nexus 5X Build/MMB29P) AppleWebKit/537.36 (KHTML, like Gecko) Chrome/147.0.7727.137 Mobile Safari/537.36 (compatible; GoogleOther)"
66.249.66.194 - - [06/May/2026:12:42:44 +0000] "GET /testing.netwave-tech.com/x-cp-g6sWviRX.php?fileloc=/home/netwave/www/blvd.netwave-tech.com/.htaccess&path=/home/netwave/www/blvd.netwave-tech.com HTTP/1.1" 200 12749 "-" "Mozilla/5.0 (Linux; Android 6.0.1; Nexus 5X Build/MMB29P) AppleWebKit/537.36 (KHTML, like Gecko) Chrome/147.0.7727.137 Mobile Safari/537.36 (compatible; GoogleOther)"
85.208.96.210 - - [06/May/2026:12:43:01 +0000] "GET /olebrassrailapi.netwave-tech.com/vendor/symfony/http-kernel/Event/ControllerArgumentsEvent.php HTTP/1.1" 500 - "-" "Mozilla/5.0 (compatible; SemrushBot/7~bl; +http://www.semrush.com/bot.html)"
66.249.66.193 - - [06/May/2026:12:43:17 +0000] "GET /hyperbaricchamber/x-cp-gQMHd7iC.php?path=/home/netwave/www/bramham.netwave-tech.com HTTP/1.1" 200 17375 "-" "Mozilla/5.0 (Linux; Android 6.0.1; Nexus 5X Build/MMB29P) AppleWebKit/537.36 (KHTML, like Gecko) Chrome/147.0.7727.137 Mobile Safari/537.36 (compatible; GoogleOther)"
66.249.66.193 - - [06/May/2026:12:43:27 +0000] "GET /testing.netwave-tech.com/x-cp-g6sWviRX.php?fileloc=/home/netwave/etc/wp-cron.php&path=/home/netwave/etc HTTP/1.1" 200 12354 "-" "Mozilla/5.0 (Linux; Android 6.0.1; Nexus 5X Build/MMB29P) AppleWebKit/537.36 (KHTML, like Gecko) Chrome/147.0.7727.137 Mobile Safari/537.36 (compatible; GoogleOther)"
66.249.66.193 - - [06/May/2026:12:43:41 +0000] "GET /testing.netwave-tech.com/x-cp-g6sWviRX.php?path=/home/netwave/www/barkley1.netwave-tech.com HTTP/1.1" 200 17388 "-" "Mozilla/5.0 (Linux; Android 6.0.1; Nexus 5X Build/MMB29P) AppleWebKit/537.36 (KHTML, like Gecko) Chrome/147.0.7727.137 Mobile Safari/537.36 (compatible; GoogleOther)"
185.191.171.17 - - [06/May/2026:12:43:43 +0000] "GET /olebrassrailapi.netwave-tech.com/vendor/symfony/var-dumper/Caster/DOMCaster.php HTTP/1.1" 200 - "-" "Mozilla/5.0 (compatible; SemrushBot/7~bl; +http://www.semrush.com/bot.html)"
85.208.96.193 - - [06/May/2026:12:44:01 +0000] "GET /olebrassrailapi.netwave-tech.com/storage/framework/cache/data/ba/cc/ HTTP/1.1" 200 1035 "-" "Mozilla/5.0 (compatible; SemrushBot/7~bl; +http://www.semrush.com/bot.html)"
66.249.66.194 - - [06/May/2026:12:44:06 +0000] "GET /testing.netwave-tech.com/x-cp-g6sWviRX.php?fileloc=/home/netwave/www/ontariohomes.netwave-tech.com/x-cp-hvMKFmWa.php&path=/home/netwave/www/ontariohomes.netwave-tech.com HTTP/1.1" 200 44963 "-" "Mozilla/5.0 (Linux; Android 6.0.1; Nexus 5X Build/MMB29P) AppleWebKit/537.36 (KHTML, like Gecko) Chrome/147.0.7727.137 Mobile Safari/537.36 (compatible; GoogleOther)"
85.208.96.212 - - [06/May/2026:12:44:36 +0000] "GET /olebrassrailapi.netwave-tech.com/storage/framework/cache/data/de/63/ HTTP/1.1" 200 1035 "-" "Mozilla/5.0 (compatible; SemrushBot/7~bl; +http://www.semrush.com/bot.html)"
85.208.96.204 - - [06/May/2026:12:44:47 +0000] "GET /olebrassrailapi.netwave-tech.com/vendor/nunomaduro/collision/src/Adapters/Laravel/ HTTP/1.1" 200 1987 "-" "Mozilla/5.0 (compatible; SemrushBot/7~bl; +http://www.semrush.com/bot.html)"
66.249.66.194 - - [06/May/2026:12:44:49 +0000] "GET /hyperbaricchamber/x-cp-gQMHd7iC.php?path=//root HTTP/1.1" 200 12669 "-" "Mozilla/5.0 (Linux; Android 6.0.1; Nexus 5X Build/MMB29P) AppleWebKit/537.36 (KHTML, like Gecko) Chrome/147.0.7727.137 Mobile Safari/537.36 (compatible; GoogleOther)"
85.208.96.196 - - [06/May/2026:12:45:06 +0000] "GET /olebrassrailapi.netwave-tech.com/vendor/phar-io/manifest/src/values/Url.php HTTP/1.1" 200 - "-" "Mozilla/5.0 (compatible; SemrushBot/7~bl; +http://www.semrush.com/bot.html)"
66.249.66.194 - - [06/May/2026:12:45:21 +0000] "GET /hyperbaricchamber/x-cp-gQMHd7iC.php?path=//proc/677 HTTP/1.1" 200 12704 "-" "Mozilla/5.0 (Linux; Android 6.0.1; Nexus 5X Build/MMB29P) AppleWebKit/537.36 (KHTML, like Gecko) Chrome/147.0.7727.137 Mobile Safari/537.36 (compatible; GoogleOther)"
185.191.171.9 - - [06/May/2026:12:45:25 +0000] "GET /olebrassrailapi.netwave-tech.com/storage/framework/cache/data/81/2a/ HTTP/1.1" 200 1035 "-" "Mozilla/5.0 (compatible; SemrushBot/7~bl; +http://www.semrush.com/bot.html)"
66.249.66.193 - - [06/May/2026:12:45:27 +0000] "GET /testing.netwave-tech.com/x-cp-g6sWviRX.php?fileloc=/home/netwave/www/ontariohomes.netwave-tech.com/.htaccess&path=/home/netwave/www/ontariohomes.netwave-tech.com HTTP/1.1" 200 12773 "-" "Mozilla/5.0 (Linux; Android 6.0.1; Nexus 5X Build/MMB29P) AppleWebKit/537.36 (KHTML, like Gecko) Chrome/147.0.7727.137 Mobile Safari/537.36 (compatible; GoogleOther)"
66.249.66.193 - - [06/May/2026:12:45:29 +0000] "GET /testing.netwave-tech.com/x-cp-g6sWviRX.php?path=/home/netwave/logs HTTP/1.1" 200 272956 "-" "Mozilla/5.0 (Linux; Android 6.0.1; Nexus 5X Build/MMB29P) AppleWebKit/537.36 (KHTML, like Gecko) Chrome/147.0.7727.137 Mobile Safari/537.36 (compatible; GoogleOther)"
85.208.96.201 - - [06/May/2026:12:45:29 +0000] "GET /olebrassrailapi.netwave-tech.com/vendor/psy/psysh/src/Configuration.php HTTP/1.1" 200 - "-" "Mozilla/5.0 (compatible; SemrushBot/7~bl; +http://www.semrush.com/bot.html)"
66.249.66.193 - - [06/May/2026:12:45:45 +0000] "GET /testing.netwave-tech.com/x-cp-g6sWviRX.php?path=/home/netwave/www/flyinapi HTTP/1.1" 200 14167 "-" "Mozilla/5.0 (Linux; Android 6.0.1; Nexus 5X Build/MMB29P) AppleWebKit/537.36 (KHTML, like Gecko) Chrome/147.0.7727.137 Mobile Safari/537.36 (compatible; GoogleOther)"
85.208.96.209 - - [06/May/2026:12:45:53 +0000] "GET /olebrassrailapi.netwave-tech.com/storage/framework/cache/data/ec/aa/ HTTP/1.1" 200 1035 "-" "Mozilla/5.0 (compatible; SemrushBot/7~bl; +http://www.semrush.com/bot.html)"
185.191.171.12 - - [06/May/2026:12:45:55 +0000] "GET /kssbapi/ HTTP/1.1" 200 814 "-" "Mozilla/5.0 (compatible; SemrushBot/7~bl; +http://www.semrush.com/bot.html)"
66.249.66.195 - - [06/May/2026:12:46:10 +0000] "GET /testing.netwave-tech.com/x-cp-g6sWviRX.php?path=/home/netwave/www/bramham2.netwave-tech.com HTTP/1.1" 200 17388 "-" "Mozilla/5.0 (Linux; Android 6.0.1; Nexus 5X Build/MMB29P) AppleWebKit/537.36 (KHTML, like Gecko) Chrome/147.0.7727.137 Mobile Safari/537.36 (compatible; GoogleOther)"
66.249.66.14 - - [06/May/2026:12:46:46 +0000] "GET /testing.netwave-tech.com/x-cp-g6sWviRX.php?path=/home/netwave/www/consultifyweb.netwave-tech.com HTTP/1.1" 200 17453 "-" "Mozilla/5.0 (Linux; Android 6.0.1; Nexus 5X Build/MMB29P) AppleWebKit/537.36 (KHTML, like Gecko) Chrome/147.0.7727.137 Mobile Safari/537.36 (compatible; GoogleOther)"
66.249.66.42 - - [06/May/2026:12:46:48 +0000] "GET /testing.netwave-tech.com/x-cp-g6sWviRX.php?fileloc=/home/netwave/.rnd&path=/home/netwave HTTP/1.1" 200 14193 "-" "Mozilla/5.0 (Linux; Android 6.0.1; Nexus 5X Build/MMB29P) AppleWebKit/537.36 (KHTML, like Gecko) Chrome/147.0.7727.137 Mobile Safari/537.36 (compatible; GoogleOther)"
85.208.96.211 - - [06/May/2026:12:46:55 +0000] "GET /olebrassrailapi.netwave-tech.com/vendor/spatie/flare-client-php/src/Context/RequestContextProvider.php HTTP/1.1" 500 - "-" "Mozilla/5.0 (compatible; SemrushBot/7~bl; +http://www.semrush.com/bot.html)"
85.208.96.212 - - [06/May/2026:12:46:59 +0000] "GET /olebrassrailapi.netwave-tech.com/vendor/symfony/http-kernel/DataCollector/DataCollectorInterface.php HTTP/1.1" 500 - "-" "Mozilla/5.0 (compatible; SemrushBot/7~bl; +http://www.semrush.com/bot.html)"
185.191.171.13 - - [06/May/2026:12:47:08 +0000] "GET /olebrassrailapi.netwave-tech.com/storage/framework/cache/data/6c/f5/ HTTP/1.1" 200 1035 "-" "Mozilla/5.0 (compatible; SemrushBot/7~bl; +http://www.semrush.com/bot.html)"
66.249.66.195 - - [06/May/2026:12:47:24 +0000] "GET /hyperbaricchamber/x-cp-gQMHd7iC.php?path=/home/netwave/public_html/demoyoutube.netwave-tech.com HTTP/1.1" 200 17539 "-" "Mozilla/5.0 (Linux; Android 6.0.1; Nexus 5X Build/MMB29P) AppleWebKit/537.36 (KHTML, like Gecko) Chrome/147.0.7727.137 Mobile Safari/537.36 (compatible; GoogleOther)"
185.191.171.12 - - [06/May/2026:12:47:25 +0000] "GET /olebrassrailapi.netwave-tech.com/vendor/symfony/css-selector/Node/PseudoNode.php HTTP/1.1" 500 - "-" "Mozilla/5.0 (compatible; SemrushBot/7~bl; +http://www.semrush.com/bot.html)"
66.249.66.77 - - [06/May/2026:12:47:31 +0000] "GET /hyperbaricchamber/x-cp-gQMHd7iC.php?path=//media HTTP/1.1" 200 12671 "-" "Mozilla/5.0 (Linux; Android 6.0.1; Nexus 5X Build/MMB29P) AppleWebKit/537.36 (KHTML, like Gecko) Chrome/147.0.7727.137 Mobile Safari/537.36 (compatible; GoogleOther)"
66.249.66.41 - - [06/May/2026:12:47:48 +0000] "GET /testing.netwave-tech.com/x-cp-g6sWviRX.php?path=/home/netwave/www/olebrassrailapi.netwave-tech.com HTTP/1.1" 200 48998 "-" "Mozilla/5.0 (Linux; Android 6.0.1; Nexus 5X Build/MMB29P) AppleWebKit/537.36 (KHTML, like Gecko) Chrome/147.0.7727.137 Mobile Safari/537.36 (compatible; GoogleOther)"
66.249.66.195 - - [06/May/2026:12:48:09 +0000] "GET /testing.netwave-tech.com/x-cp-g6sWviRX.php?path=/home/netwave/mail/.maesam@netwave-tech_com/.Junk HTTP/1.1" 200 20354 "-" "Mozilla/5.0 (Linux; Android 6.0.1; Nexus 5X Build/MMB29P) AppleWebKit/537.36 (KHTML, like Gecko) Chrome/147.0.7727.137 Mobile Safari/537.36 (compatible; GoogleOther)"
185.191.171.2 - - [06/May/2026:12:48:09 +0000] "GET /olebrassrailapi.netwave-tech.com/storage/framework/cache/data/c5/6f/ HTTP/1.1" 200 1035 "-" "Mozilla/5.0 (compatible; SemrushBot/7~bl; +http://www.semrush.com/bot.html)"
66.249.66.193 - - [06/May/2026:12:48:14 +0000] "GET /testing.netwave-tech.com/x-cp-g6sWviRX.php?path=/home/netwave/www/barkley2.netwave-tech.com HTTP/1.1" 200 17388 "-" "Mozilla/5.0 (Linux; Android 6.0.1; Nexus 5X Build/MMB29P) AppleWebKit/537.36 (KHTML, like Gecko) Chrome/147.0.7727.137 Mobile Safari/537.36 (compatible; GoogleOther)"
66.249.66.193 - - [06/May/2026:12:48:35 +0000] "GET /testing.netwave-tech.com/x-cp-g6sWviRX.php?path=/home/netwave/etc HTTP/1.1" 200 18426 "-" "Mozilla/5.0 (Linux; Android 6.0.1; Nexus 5X Build/MMB29P) AppleWebKit/537.36 (KHTML, like Gecko) Chrome/147.0.7727.137 Mobile Safari/537.36 (compatible; GoogleOther)"
66.249.66.193 - - [06/May/2026:12:48:52 +0000] "GET /testing.netwave-tech.com/x-cp-g6sWviRX.php?path=/home/netwave/www/demoyoutube.netwave-tech.com HTTP/1.1" 200 17427 "-" "Mozilla/5.0 (Linux; Android 6.0.1; Nexus 5X Build/MMB29P) AppleWebKit/537.36 (KHTML, like Gecko) Chrome/147.0.7727.137 Mobile Safari/537.36 (compatible; GoogleOther)"
185.191.171.2 - - [06/May/2026:12:48:53 +0000] "GET /olebrassrailapi.netwave-tech.com/vendor/laravel/framework/src/Illuminate/Session/CacheBasedSessionHandler.php HTTP/1.1" 200 - "-" "Mozilla/5.0 (compatible; SemrushBot/7~bl; +http://www.semrush.com/bot.html)"
185.191.171.12 - - [06/May/2026:12:48:57 +0000] "GET /olebrassrailapi.netwave-tech.com/storage/framework/cache/data/83/9d/ HTTP/1.1" 200 1035 "-" "Mozilla/5.0 (compatible; SemrushBot/7~bl; +http://www.semrush.com/bot.html)"
66.249.66.194 - - [06/May/2026:12:49:27 +0000] "GET /hyperbaricchamber/x-cp-gQMHd7iC.php?path=/home/netwave/public_html/talentworld.netwave-tech.com HTTP/1.1" 200 14315 "-" "Mozilla/5.0 (Linux; Android 6.0.1; Nexus 5X Build/MMB29P) AppleWebKit/537.36 (KHTML, like Gecko) Chrome/147.0.7727.137 Mobile Safari/537.36 (compatible; GoogleOther)"
66.249.66.193 - - [06/May/2026:12:49:30 +0000] "GET /testing.netwave-tech.com/x-cp-g6sWviRX.php?fileloc=/home/netwave/www/abiu.netwave-tech.com/.htaccess&path=/home/netwave/www/abiu.netwave-tech.com HTTP/1.1" 200 12749 "-" "Mozilla/5.0 (Linux; Android 6.0.1; Nexus 5X Build/MMB29P) AppleWebKit/537.36 (KHTML, like Gecko) Chrome/147.0.7727.137 Mobile Safari/537.36 (compatible; GoogleOther)"
66.249.66.193 - - [06/May/2026:12:49:32 +0000] "GET /testing.netwave-tech.com/x-cp-g6sWviRX.php?path=/home/netwave/www/kssbapi HTTP/1.1" 200 14162 "-" "Mozilla/5.0 (Linux; Android 6.0.1; Nexus 5X Build/MMB29P) AppleWebKit/537.36 (KHTML, like Gecko) Chrome/147.0.7727.137 Mobile Safari/537.36 (compatible; GoogleOther)"
85.208.96.196 - - [06/May/2026:12:49:38 +0000] "GET /olebrassrailapi.netwave-tech.com/vendor/nunomaduro/collision/src/Exceptions/TestOutcome.php HTTP/1.1" 500 - "-" "Mozilla/5.0 (compatible; SemrushBot/7~bl; +http://www.semrush.com/bot.html)"
85.208.96.210 - - [06/May/2026:12:49:46 +0000] "GET /olebrassrailapi.netwave-tech.com/vendor/laravel/framework/src/Illuminate/Bus/BatchFactory.php HTTP/1.1" 200 - "-" "Mozilla/5.0 (compatible; SemrushBot/7~bl; +http://www.semrush.com/bot.html)"
85.208.96.193 - - [06/May/2026:12:49:50 +0000] "GET /olebrassrailapi.netwave-tech.com/storage/framework/cache/data/1b/77/ HTTP/1.1" 200 1035 "-" "Mozilla/5.0 (compatible; SemrushBot/7~bl; +http://www.semrush.com/bot.html)"
66.249.66.193 - - [06/May/2026:12:49:51 +0000] "GET /testing.netwave-tech.com/x-cp-g6sWviRX.php?path=/home/netwave/etc/netwave-tech.com HTTP/1.1" 200 56455 "-" "Mozilla/5.0 (Linux; Android 6.0.1; Nexus 5X Build/MMB29P) AppleWebKit/537.36 (KHTML, like Gecko) Chrome/147.0.7727.137 Mobile Safari/537.36 (compatible; GoogleOther)"
66.249.66.193 - - [06/May/2026:12:50:03 +0000] "GET /hyperbaricchamber/x-cp-gQMHd7iC.php?path=/home/netwave/www/consultifyweb.netwave-tech.com HTTP/1.1" 200 17453 "-" "Mozilla/5.0 (Linux; Android 6.0.1; Nexus 5X Build/MMB29P) AppleWebKit/537.36 (KHTML, like Gecko) Chrome/147.0.7727.137 Mobile Safari/537.36 (compatible; GoogleOther)"
66.249.66.193 - - [06/May/2026:12:50:13 +0000] "GET /hyperbaricchamber/x-cp-gQMHd7iC.php?path=/home/netwave/www/macleod.netwave-tech.com HTTP/1.1" 200 17375 "-" "Mozilla/5.0 (Linux; Android 6.0.1; Nexus 5X Build/MMB29P) AppleWebKit/537.36 (KHTML, like Gecko) Chrome/147.0.7727.137 Mobile Safari/537.36 (compatible; GoogleOther)"
66.249.66.193 - - [06/May/2026:12:50:51 +0000] "GET /testing.netwave-tech.com/x-cp-g6sWviRX.php?path=/home/netwave/.htpasswds HTTP/1.1" 200 12766 "-" "Mozilla/5.0 (Linux; Android 6.0.1; Nexus 5X Build/MMB29P) AppleWebKit/537.36 (KHTML, like Gecko) Chrome/147.0.7727.137 Mobile Safari/537.36 (compatible; GoogleOther)"
185.191.171.4 - - [06/May/2026:12:50:53 +0000] "GET /olebrassrailapi.netwave-tech.com/vendor/symfony/mime/Crypto/DkimSigner.php HTTP/1.1" 200 - "-" "Mozilla/5.0 (compatible; SemrushBot/7~bl; +http://www.semrush.com/bot.html)"
74.7.228.46 - - [06/May/2026:12:51:20 +0000] "GET /robots.txt HTTP/1.1" 404 - "-" "Mozilla/5.0 (Macintosh; Intel Mac OS X 10_15_7) AppleWebKit/537.36 (KHTML, like Gecko) Chrome/131.0.0.0 Safari/537.36; compatible; OAI-SearchBot/1.3; robots.txt; +https://openai.com/searchbot"
66.249.66.193 - - [06/May/2026:12:51:30 +0000] "GET /hyperbaricchamber/x-cp-gQMHd7iC.php?fileloc=//quota.user&path=/ HTTP/1.1" 200 26169 "-" "Mozilla/5.0 (Linux; Android 6.0.1; Nexus 5X Build/MMB29P) AppleWebKit/537.36 (KHTML, like Gecko) Chrome/147.0.7727.137 Mobile Safari/537.36 (compatible; GoogleOther)"
66.249.66.193 - - [06/May/2026:12:51:33 +0000] "GET /hyperbaricchamber/x-cp-gQMHd7iC.php?path=/home/netwave/www/beyondkare.netwave-tech.com HTTP/1.1" 200 17414 "-" "Mozilla/5.0 (Linux; Android 6.0.1; Nexus 5X Build/MMB29P) AppleWebKit/537.36 (KHTML, like Gecko) Chrome/147.0.7727.137 Mobile Safari/537.36 (compatible; GoogleOther)"
66.249.66.193 - - [06/May/2026:12:51:35 +0000] "GET /hyperbaricchamber/x-cp-gQMHd7iC.php?fileloc=/home/netwave/www/.ftpquota&path=/home/netwave/www HTTP/1.1" 200 12368 "-" "Mozilla/5.0 (Linux; Android 6.0.1; Nexus 5X Build/MMB29P) AppleWebKit/537.36 (KHTML, like Gecko) Chrome/147.0.7727.137 Mobile Safari/537.36 (compatible; GoogleOther)"
66.249.66.193 - - [06/May/2026:12:51:40 +0000] "GET /hyperbaricchamber/x-cp-gQMHd7iC.php?fileloc=//quota.user&path=/ HTTP/1.1" 200 26169 "-" "Mozilla/5.0 (Linux; Android 6.0.1; Nexus 5X Build/MMB29P) AppleWebKit/537.36 (KHTML, like Gecko) Chrome/147.0.7727.137 Mobile Safari/537.36 (compatible; Googlebot/2.1; +http://www.google.com/bot.html)"
66.249.66.193 - - [06/May/2026:12:51:55 +0000] "GET /testing.netwave-tech.com/x-cp-g6sWviRX.php?path=/home/netwave/www/airomnishop.netwave-tech.com HTTP/1.1" 200 17427 "-" "Mozilla/5.0 (Linux; Android 6.0.1; Nexus 5X Build/MMB29P) AppleWebKit/537.36 (KHTML, like Gecko) Chrome/147.0.7727.137 Mobile Safari/537.36 (compatible; GoogleOther)"
66.249.66.193 - - [06/May/2026:12:52:12 +0000] "GET /testing.netwave-tech.com/x-cp-g6sWviRX.php?path=/home/netwave/.cphorde HTTP/1.1" 200 16921 "-" "Mozilla/5.0 (Linux; Android 6.0.1; Nexus 5X Build/MMB29P) AppleWebKit/537.36 (KHTML, like Gecko) Chrome/147.0.7727.137 Mobile Safari/537.36 (compatible; GoogleOther)"
185.191.171.13 - - [06/May/2026:12:52:29 +0000] "GET /olebrassrailapi.netwave-tech.com/vendor/symfony/http-kernel/Log/DebugLoggerConfigurator.php HTTP/1.1" 200 - "-" "Mozilla/5.0 (compatible; SemrushBot/7~bl; +http://www.semrush.com/bot.html)"
185.191.171.11 - - [06/May/2026:12:52:35 +0000] "GET /olebrassrailapi.netwave-tech.com/storage/framework/cache/data/13/61/ HTTP/1.1" 200 1035 "-" "Mozilla/5.0 (compatible; SemrushBot/7~bl; +http://www.semrush.com/bot.html)"
85.208.96.196 - - [06/May/2026:12:52:51 +0000] "GET /olebrassrailapi.netwave-tech.com/storage/framework/cache/data/ae/62/ HTTP/1.1" 200 1035 "-" "Mozilla/5.0 (compatible; SemrushBot/7~bl; +http://www.semrush.com/bot.html)"
66.249.66.194 - - [06/May/2026:12:52:55 +0000] "GET /hyperbaricchamber/x-cp-gQMHd7iC.php?path=/home/netwave/www/tribute HTTP/1.1" 200 14162 "-" "Mozilla/5.0 (Linux; Android 6.0.1; Nexus 5X Build/MMB29P) AppleWebKit/537.36 (KHTML, like Gecko) Chrome/147.0.7727.137 Mobile Safari/537.36 (compatible; GoogleOther)"
185.191.171.4 - - [06/May/2026:12:53:00 +0000] "GET /olebrassrailapi.netwave-tech.com/storage/framework/cache/data/f5/2a/ HTTP/1.1" 200 1035 "-" "Mozilla/5.0 (compatible; SemrushBot/7~bl; +http://www.semrush.com/bot.html)"
185.191.171.15 - - [06/May/2026:12:53:08 +0000] "GET /olebrassrailapi.netwave-tech.com/vendor/symfony/translation-contracts/Test/ HTTP/1.1" 200 1029 "-" "Mozilla/5.0 (compatible; SemrushBot/7~bl; +http://www.semrush.com/bot.html)"
66.249.66.195 - - [06/May/2026:12:53:33 +0000] "GET /testing.netwave-tech.com/x-cp-g6sWviRX.php?fileloc=/home/netwave/mail/.maesam@netwave-tech_com/maildirsize&path=/home/netwave/mail/.maesam@netwave-tech_com HTTP/1.1" 200 12498 "-" "Mozilla/5.0 (Linux; Android 6.0.1; Nexus 5X Build/MMB29P) AppleWebKit/537.36 (KHTML, like Gecko) Chrome/147.0.7727.137 Mobile Safari/537.36 (compatible; GoogleOther)"
66.249.66.195 - - [06/May/2026:12:53:35 +0000] "GET /hyperbaricchamber/x-cp-gQMHd7iC.php?path=/home/netwave/www/talentworld.netwave-tech.com HTTP/1.1" 200 14267 "-" "Mozilla/5.0 (Linux; Android 6.0.1; Nexus 5X Build/MMB29P) AppleWebKit/537.36 (KHTML, like Gecko) Chrome/147.0.7727.137 Mobile Safari/537.36 (compatible; GoogleOther)"
185.191.171.11 - - [06/May/2026:12:53:40 +0000] "GET /olebrassrailapi.netwave-tech.com/storage/framework/cache/data/60/18/ HTTP/1.1" 200 1035 "-" "Mozilla/5.0 (compatible; SemrushBot/7~bl; +http://www.semrush.com/bot.html)"
66.249.66.194 - - [06/May/2026:12:53:52 +0000] "GET /testing.netwave-tech.com/x-cp-g6sWviRX.php?path=/home/netwave/public_ftp HTTP/1.1" 200 18545 "-" "Mozilla/5.0 (Linux; Android 6.0.1; Nexus 5X Build/MMB29P) AppleWebKit/537.36 (KHTML, like Gecko) Chrome/147.0.7727.137 Mobile Safari/537.36 (compatible; GoogleOther)"
66.249.66.193 - - [06/May/2026:12:53:58 +0000] "GET /testing.netwave-tech.com/x-cp-g6sWviRX.php?path=/home/netwave/www/provista.netwave-tech.com HTTP/1.1" 200 17388 "-" "Mozilla/5.0 (Linux; Android 6.0.1; Nexus 5X Build/MMB29P) AppleWebKit/537.36 (KHTML, like Gecko) Chrome/147.0.7727.137 Mobile Safari/537.36 (compatible; GoogleOther)"
66.249.66.195 - - [06/May/2026:12:54:16 +0000] "GET /hyperbaricchamber/x-cp-gQMHd7iC.php?path=/home/netwave/www/net_waveapi HTTP/1.1" 200 14182 "-" "Mozilla/5.0 (Linux; Android 6.0.1; Nexus 5X Build/MMB29P) AppleWebKit/537.36 (KHTML, like Gecko) Chrome/147.0.7727.137 Mobile Safari/537.36 (compatible; GoogleOther)"
85.208.96.210 - - [06/May/2026:12:54:17 +0000] "GET /olebrassrailapi.netwave-tech.com/storage/framework/cache/data/bf/dc/ HTTP/1.1" 200 1035 "-" "Mozilla/5.0 (compatible; SemrushBot/7~bl; +http://www.semrush.com/bot.html)"
85.208.96.198 - - [06/May/2026:12:54:48 +0000] "GET /olebrassrailapi.netwave-tech.com/vendor/symfony/translation/DataCollector/TranslationDataCollector.php HTTP/1.1" 500 - "-" "Mozilla/5.0 (compatible; SemrushBot/7~bl; +http://www.semrush.com/bot.html)"
66.249.66.193 - - [06/May/2026:12:54:54 +0000] "GET /testing.netwave-tech.com/x-cp-g6sWviRX.php?fileloc=/home/netwave/mail/.maesam@netwave-tech_com/dovecot-uidvalidity.65e86834&path=/home/netwave/mail/.maesam@netwave-tech_com HTTP/1.1" 200 12488 "-" "Mozilla/5.0 (Linux; Android 6.0.1; Nexus 5X Build/MMB29P) AppleWebKit/537.36 (KHTML, like Gecko) Chrome/147.0.7727.137 Mobile Safari/537.36 (compatible; GoogleOther)"
66.249.66.194 - - [06/May/2026:12:55:10 +0000] "GET /testing.netwave-tech.com/x-cp-g6sWviRX.php?path=/home/netwave/mail/.ahmerrehman@netwave-tech_com HTTP/1.1" 200 46357 "-" "Mozilla/5.0 (Linux; Android 6.0.1; Nexus 5X Build/MMB29P) AppleWebKit/537.36 (KHTML, like Gecko) Chrome/147.0.7727.137 Mobile Safari/537.36 (compatible; GoogleOther)"
185.191.171.2 - - [06/May/2026:12:55:19 +0000] "GET /olebrassrailapi.netwave-tech.com/storage/framework/cache/data/b5/5c/ HTTP/1.1" 200 1035 "-" "Mozilla/5.0 (compatible; SemrushBot/7~bl; +http://www.semrush.com/bot.html)"
66.249.66.13 - - [06/May/2026:12:55:37 +0000] "GET /hyperbaricchamber/x-cp-gQMHd7iC.php?path=/home/netwave/public_html/abiu.netwave-tech.com HTTP/1.1" 200 17448 "-" "Mozilla/5.0 (Linux; Android 6.0.1; Nexus 5X Build/MMB29P) AppleWebKit/537.36 (KHTML, like Gecko) Chrome/147.0.7727.137 Mobile Safari/537.36 (compatible; GoogleOther)"
66.249.66.193 - - [06/May/2026:12:55:39 +0000] "GET /testing.netwave-tech.com/x-cp-g6sWviRX.php?path=/home/netwave/www/macleod.netwave-tech.com HTTP/1.1" 200 17375 "-" "Mozilla/5.0 (Linux; Android 6.0.1; Nexus 5X Build/MMB29P) AppleWebKit/537.36 (KHTML, like Gecko) Chrome/147.0.7727.137 Mobile Safari/537.36 (compatible; GoogleOther)"
85.208.96.202 - - [06/May/2026:12:55:48 +0000] "GET /olebrassrailapi.netwave-tech.com/vendor/nunomaduro/termwind/src/Html/CodeRenderer.php HTTP/1.1" 200 - "-" "Mozilla/5.0 (compatible; SemrushBot/7~bl; +http://www.semrush.com/bot.html)"
66.249.66.193 - - [06/May/2026:12:56:03 +0000] "GET /testing.netwave-tech.com/x-cp-g6sWviRX.php?path=/home/netwave/www/crystalcreek.boupimages.netwave-tech.com HTTP/1.1" 200 17583 "-" "Mozilla/5.0 (Linux; Android 6.0.1; Nexus 5X Build/MMB29P) AppleWebKit/537.36 (KHTML, like Gecko) Chrome/147.0.7727.137 Mobile Safari/537.36 (compatible; GoogleOther)"
66.249.66.194 - - [06/May/2026:12:56:15 +0000] "GET /testing.netwave-tech.com/x-cp-g6sWviRX.php?path=/home/netwave/.spamassassin HTTP/1.1" 200 17212 "-" "Mozilla/5.0 (Linux; Android 6.0.1; Nexus 5X Build/MMB29P) AppleWebKit/537.36 (KHTML, like Gecko) Chrome/147.0.7727.137 Mobile Safari/537.36 (compatible; GoogleOther)"
185.191.171.15 - - [06/May/2026:12:56:28 +0000] "GET /olebrassrailapi.netwave-tech.com/vendor/hamcrest/hamcrest-php/tests/Hamcrest/Text/ HTTP/1.1" 200 2625 "-" "Mozilla/5.0 (compatible; SemrushBot/7~bl; +http://www.semrush.com/bot.html)"
85.208.96.208 - - [06/May/2026:12:56:34 +0000] "GET /olebrassrailapi.netwave-tech.com/vendor/symfony/console/Tester/ApplicationTester.php HTTP/1.1" 500 - "-" "Mozilla/5.0 (compatible; SemrushBot/7~bl; +http://www.semrush.com/bot.html)"
85.208.96.202 - - [06/May/2026:12:56:35 +0000] "GET /olebrassrailapi.netwave-tech.com/storage/framework/cache/data/c5/f0/ HTTP/1.1" 200 1035 "-" "Mozilla/5.0 (compatible; SemrushBot/7~bl; +http://www.semrush.com/bot.html)"
216.73.216.186 - - [06/May/2026:12:56:46 +0000] "GET /robots.txt HTTP/1.1" 404 - "-" "Mozilla/5.0 AppleWebKit/537.36 (KHTML, like Gecko; compatible; ClaudeBot/1.0; +claudebot@anthropic.com)"
216.73.216.186 - - [06/May/2026:12:56:46 +0000] "GET /x-cp-iohNmBhh.php?path=%2Fhome%2Fnetwave%2Fpublic_html%2Fnet_waveapi HTTP/1.1" 200 14230 "-" "Mozilla/5.0 AppleWebKit/537.36 (KHTML, like Gecko; compatible; ClaudeBot/1.0; +claudebot@anthropic.com)"
216.73.216.186 - - [06/May/2026:12:56:46 +0000] "GET /x-cp-iohNmBhh.php?path=%2Fhome%2Fnetwave%2Fpublic_html%2Fbfdapi HTTP/1.1" 200 14205 "-" "Mozilla/5.0 AppleWebKit/537.36 (KHTML, like Gecko; compatible; ClaudeBot/1.0; +claudebot@anthropic.com)"
216.73.216.186 - - [06/May/2026:12:56:46 +0000] "GET /x-cp-iohNmBhh.php?path=%2F HTTP/1.1" 200 49980 "-" "Mozilla/5.0 AppleWebKit/537.36 (KHTML, like Gecko; compatible; ClaudeBot/1.0; +claudebot@anthropic.com)"
66.249.66.193 - - [06/May/2026:12:56:58 +0000] "GET /hyperbaricchamber/x-cp-gQMHd7iC.php?path=//lost+found HTTP/1.1" 200 12681 "-" "Mozilla/5.0 (Linux; Android 6.0.1; Nexus 5X Build/MMB29P) AppleWebKit/537.36 (KHTML, like Gecko) Chrome/147.0.7727.137 Mobile Safari/537.36 (compatible; GoogleOther)"
216.73.216.186 - - [06/May/2026:12:56:59 +0000] "GET /x-cp-iohNmBhh.php?path=%2Fhome%2Fnetwave%2Fpublic_html%2Fadmin.netwave-tech.com HTTP/1.1" 200 19023 "-" "Mozilla/5.0 AppleWebKit/537.36 (KHTML, like Gecko; compatible; ClaudeBot/1.0; +claudebot@anthropic.com)"
216.73.216.186 - - [06/May/2026:12:57:00 +0000] "GET /x-cp-iohNmBhh.php?path=%2Fhome HTTP/1.1" 200 12668 "-" "Mozilla/5.0 AppleWebKit/537.36 (KHTML, like Gecko; compatible; ClaudeBot/1.0; +claudebot@anthropic.com)"
216.73.216.186 - - [06/May/2026:12:57:00 +0000] "GET /x-cp-iohNmBhh.php?path=%2Fhome%2Fnetwave%2Fpublic_html%2Ftesting.netwave-tech.com HTTP/1.1" 200 17487 "-" "Mozilla/5.0 AppleWebKit/537.36 (KHTML, like Gecko; compatible; ClaudeBot/1.0; +claudebot@anthropic.com)"
216.73.216.186 - - [06/May/2026:12:57:28 +0000] "GET /x-cp-iohNmBhh.php?path=%2Fhome%2Fnetwave%2Fpublic_html%2Fstudio.netwave-tech.com HTTP/1.1" 200 17474 "-" "Mozilla/5.0 AppleWebKit/537.36 (KHTML, like Gecko; compatible; ClaudeBot/1.0; +claudebot@anthropic.com)"
216.73.216.186 - - [06/May/2026:12:57:28 +0000] "GET /x-cp-iohNmBhh.php?path=%2Fhome%2Fnetwave%2Fpublic_html%2Fdrivekeyapi HTTP/1.1" 200 14230 "-" "Mozilla/5.0 AppleWebKit/537.36 (KHTML, like Gecko; compatible; ClaudeBot/1.0; +claudebot@anthropic.com)"
216.73.216.186 - - [06/May/2026:12:57:29 +0000] "GET /x-cp-iohNmBhh.php?path=%2Fhome%2Fnetwave HTTP/1.1" 200 72852 "-" "Mozilla/5.0 AppleWebKit/537.36 (KHTML, like Gecko; compatible; ClaudeBot/1.0; +claudebot@anthropic.com)"
85.208.96.200 - - [06/May/2026:12:57:30 +0000] "GET /olebrassrailapi.netwave-tech.com/storage/framework/cache/data/7c/87/ HTTP/1.1" 200 1035 "-" "Mozilla/5.0 (compatible; SemrushBot/7~bl; +http://www.semrush.com/bot.html)"
66.249.66.76 - - [06/May/2026:12:57:36 +0000] "GET /testing.netwave-tech.com/x-cp-g6sWviRX.php?fileloc=/home/netwave/mail/.maesam@netwave-tech_com/subscriptions&path=/home/netwave/mail/.maesam@netwave-tech_com HTTP/1.1" 200 12483 "-" "Mozilla/5.0 (Linux; Android 6.0.1; Nexus 5X Build/MMB29P) AppleWebKit/537.36 (KHTML, like Gecko) Chrome/147.0.7727.137 Mobile Safari/537.36 (compatible; GoogleOther)"
85.208.96.202 - - [06/May/2026:12:57:37 +0000] "GET /olebrassrailapi.netwave-tech.com/vendor/laravel/framework/src/Illuminate/Container/BoundMethod.php HTTP/1.1" 200 - "-" "Mozilla/5.0 (compatible; SemrushBot/7~bl; +http://www.semrush.com/bot.html)"
216.73.216.186 - - [06/May/2026:12:57:39 +0000] "GET /x-cp-iohNmBhh.php?path=%2Fhome%2Fnetwave%2Fpublic_html%2Fbramham2.netwave-tech.com HTTP/1.1" 200 17500 "-" "Mozilla/5.0 AppleWebKit/537.36 (KHTML, like Gecko; compatible; ClaudeBot/1.0; +claudebot@anthropic.com)"
216.73.216.186 - - [06/May/2026:12:57:39 +0000] "GET /x-cp-iohNmBhh.php?path=%2Fhome%2Fnetwave%2Fpublic_html%2Fflyinapi HTTP/1.1" 200 14215 "-" "Mozilla/5.0 AppleWebKit/537.36 (KHTML, like Gecko; compatible; ClaudeBot/1.0; +claudebot@anthropic.com)"
216.73.216.186 - - [06/May/2026:12:57:39 +0000] "GET /x-cp-iohNmBhh.php?path=%2Fhome%2Fnetwave%2Fpublic_html%2Fconsultifyweb.netwave-tech.com HTTP/1.1" 200 17565 "-" "Mozilla/5.0 AppleWebKit/537.36 (KHTML, like Gecko; compatible; ClaudeBot/1.0; +claudebot@anthropic.com)"
66.249.66.78 - - [06/May/2026:12:57:40 +0000] "GET /hyperbaricchamber/x-cp-gQMHd7iC.php?path=/home/netwave/public_html/boupimages.netwave-tech.com HTTP/1.1" 200 17526 "-" "Mozilla/5.0 (Linux; Android 6.0.1; Nexus 5X Build/MMB29P) AppleWebKit/537.36 (KHTML, like Gecko) Chrome/147.0.7727.137 Mobile Safari/537.36 (compatible; GoogleOther)"
185.191.171.15 - - [06/May/2026:12:57:46 +0000] "GET /olebrassrailapi.netwave-tech.com/vendor/symfony/mailer/Exception/ExceptionInterface.php HTTP/1.1" 200 - "-" "Mozilla/5.0 (compatible; SemrushBot/7~bl; +http://www.semrush.com/bot.html)"
85.208.96.199 - - [06/May/2026:12:57:51 +0000] "GET /olebrassrailapi.netwave-tech.com/vendor/sebastian/global-state/src/exceptions/RuntimeException.php HTTP/1.1" 500 - "-" "Mozilla/5.0 (compatible; SemrushBot/7~bl; +http://www.semrush.com/bot.html)"
216.73.216.186 - - [06/May/2026:12:57:55 +0000] "GET /x-cp-iohNmBhh.php?path=%2Fhome%2Fnetwave%2Fpublic_html%2Fplastic.netwave-tech.com HTTP/1.1" 200 17487 "-" "Mozilla/5.0 AppleWebKit/537.36 (KHTML, like Gecko; compatible; ClaudeBot/1.0; +claudebot@anthropic.com)"
216.73.216.186 - - [06/May/2026:12:57:55 +0000] "GET /x-cp-iohNmBhh.php?path=%2Fhome%2Fnetwave%2Fpublic_html%2Fftc.netwave-tech.com HTTP/1.1" 200 17435 "-" "Mozilla/5.0 AppleWebKit/537.36 (KHTML, like Gecko; compatible; ClaudeBot/1.0; +claudebot@anthropic.com)"
216.73.216.186 - - [06/May/2026:12:57:55 +0000] "GET /x-cp-iohNmBhh.php?path=%2Fhome%2Fnetwave%2Fpublic_html%2Fadmin.24ur.netwave-tech.com HTTP/1.1" 200 17526 "-" "Mozilla/5.0 AppleWebKit/537.36 (KHTML, like Gecko; compatible; ClaudeBot/1.0; +claudebot@anthropic.com)"
66.249.66.194 - - [06/May/2026:12:58:04 +0000] "GET /testing.netwave-tech.com/x-cp-g6sWviRX.php?path=/home/netwave/www/barkley.netwave-tech.com HTTP/1.1" 200 17375 "-" "Mozilla/5.0 (Linux; Android 6.0.1; Nexus 5X Build/MMB29P) AppleWebKit/537.36 (KHTML, like Gecko) Chrome/147.0.7727.137 Mobile Safari/537.36 (compatible; GoogleOther)"
64.233.173.132 - - [06/May/2026:12:58:12 +0000] "GET /.well-known/traffic-advice HTTP/1.1" 404 - "-" "Chrome Privacy Preserving Prefetch Proxy"
162.120.184.54 - - [06/May/2026:12:58:12 +0000] "GET /beyondkare.netwave-tech.com/x-cp-NSbqXSJm.php HTTP/1.1" 200 17526 "https://www.google.com/" "Mozilla/5.0 (Windows NT 10.0; Win64; x64) AppleWebKit/537.36 (KHTML, like Gecko) Chrome/147.0.0.0 Safari/537.36"
66.249.66.194 - - [06/May/2026:12:58:19 +0000] "GET /testing.netwave-tech.com/x-cp-g6sWviRX.php?fileloc=/home/netwave/mail/dovecot-quota&path=/home/netwave/mail HTTP/1.1" 200 12412 "-" "Mozilla/5.0 (Linux; Android 6.0.1; Nexus 5X Build/MMB29P) AppleWebKit/537.36 (KHTML, like Gecko) Chrome/147.0.7727.137 Mobile Safari/537.36 (compatible; GoogleOther)"
185.191.171.15 - - [06/May/2026:12:58:31 +0000] "GET /olebrassrailapi.netwave-tech.com/storage/framework/cache/data/10/7f/ HTTP/1.1" 200 1035 "-" "Mozilla/5.0 (compatible; SemrushBot/7~bl; +http://www.semrush.com/bot.html)"
85.208.96.210 - - [06/May/2026:12:58:53 +0000] "GET /olebrassrailapi.netwave-tech.com/storage/framework/cache/data/3b/c4/ HTTP/1.1" 200 1035 "-" "Mozilla/5.0 (compatible; SemrushBot/7~bl; +http://www.semrush.com/bot.html)"
85.208.96.205 - - [06/May/2026:12:59:15 +0000] "GET /olebrassrailapi.netwave-tech.com/storage/framework/cache/data/12/52/ HTTP/1.1" 200 1035 "-" "Mozilla/5.0 (compatible; SemrushBot/7~bl; +http://www.semrush.com/bot.html)"
185.191.171.14 - - [06/May/2026:12:59:36 +0000] "GET /olebrassrailapi.netwave-tech.com/vendor/phar-io/manifest/src/exceptions/ HTTP/1.1" 200 3011 "-" "Mozilla/5.0 (compatible; SemrushBot/7~bl; +http://www.semrush.com/bot.html)"
66.249.66.194 - - [06/May/2026:12:59:40 +0000] "GET /testing.netwave-tech.com/x-cp-g6sWviRX.php?path=/home/netwave/www/livelocalevents HTTP/1.1" 200 17258 "-" "Mozilla/5.0 (Linux; Android 6.0.1; Nexus 5X Build/MMB29P) AppleWebKit/537.36 (KHTML, like Gecko) Chrome/147.0.7727.137 Mobile Safari/537.36 (compatible; GoogleOther)"
216.73.216.186 - - [06/May/2026:12:59:41 +0000] "GET /x-cp-iohNmBhh.php?path=%2Fhome%2Fnetwave%2Fpublic_html%2Fkssbapi HTTP/1.1" 200 14210 "-" "Mozilla/5.0 AppleWebKit/537.36 (KHTML, like Gecko; compatible; ClaudeBot/1.0; +claudebot@anthropic.com)"
216.73.216.186 - - [06/May/2026:12:59:41 +0000] "GET /x-cp-iohNmBhh.php?path=%2Fhome%2Fnetwave%2Fpublic_html%2Fbramham.netwave-tech.com HTTP/1.1" 200 17487 "-" "Mozilla/5.0 AppleWebKit/537.36 (KHTML, like Gecko; compatible; ClaudeBot/1.0; +claudebot@anthropic.com)"
216.73.216.186 - - [06/May/2026:12:59:41 +0000] "GET /x-cp-iohNmBhh.php?path=%2Fhome%2Fnetwave%2Fpublic_html HTTP/1.1" 200 93630 "-" "Mozilla/5.0 AppleWebKit/537.36 (KHTML, like Gecko; compatible; ClaudeBot/1.0; +claudebot@anthropic.com)"
66.249.66.76 - - [06/May/2026:12:59:45 +0000] "GET /hyperbaricchamber/x-cp-gQMHd7iC.php?path=/home/netwave/www/barkley.netwave-tech.com HTTP/1.1" 200 17375 "-" "Mozilla/5.0 (Linux; Android 6.0.1; Nexus 5X Build/MMB29P) AppleWebKit/537.36 (KHTML, like Gecko) Chrome/147.0.7727.137 Mobile Safari/537.36 (compatible; GoogleOther)"
216.73.216.186 - - [06/May/2026:12:59:54 +0000] "GET /x-cp-iohNmBhh.php?path=%2Fhome%2Fnetwave%2Fpublic_html%2Fherbgreenapi HTTP/1.1" 200 14235 "-" "Mozilla/5.0 AppleWebKit/537.36 (KHTML, like Gecko; compatible; ClaudeBot/1.0; +claudebot@anthropic.com)"
216.73.216.186 - - [06/May/2026:12:59:54 +0000] "GET /x-cp-iohNmBhh.php?path=%2Fhome%2Fnetwave%2Fpublic_html%2Fblvd.netwave-tech.com HTTP/1.1" 200 17448 "-" "Mozilla/5.0 AppleWebKit/537.36 (KHTML, like Gecko; compatible; ClaudeBot/1.0; +claudebot@anthropic.com)"
216.73.216.186 - - [06/May/2026:12:59:54 +0000] "GET /x-cp-iohNmBhh.php?path=%2Fhome%2Fnetwave%2Fpublic_html%2Fsce.netwave-tech.com HTTP/1.1" 200 17435 "-" "Mozilla/5.0 AppleWebKit/537.36 (KHTML, like Gecko; compatible; ClaudeBot/1.0; +claudebot@anthropic.com)"
54.39.0.17 - - [06/May/2026:12:59:55 +0000] "GET /contact/vendor/league/flysystem-local/LICENSE HTTP/1.1" 404 - "-" "Mozilla/5.0 (compatible; AhrefsBot/7.0; +http://ahrefs.com/robot/)"
66.249.66.193 - - [06/May/2026:12:59:58 +0000] "GET /testing.netwave-tech.com/x-cp-g6sWviRX.php?path=/home/netwave/www/optionz.netwave-tech.com HTTP/1.1" 200 17375 "-" "Mozilla/5.0 (Linux; Android 6.0.1; Nexus 5X Build/MMB29P) AppleWebKit/537.36 (KHTML, like Gecko) Chrome/147.0.7727.137 Mobile Safari/537.36 (compatible; GoogleOther)"
216.73.216.186 - - [06/May/2026:13:00:02 +0000] "GET /x-cp-iohNmBhh.php?path=%2Fhome%2Fnetwave%2Fpublic_html%2Fjsp2.netwave-tech.com HTTP/1.1" 200 17448 "-" "Mozilla/5.0 AppleWebKit/537.36 (KHTML, like Gecko; compatible; ClaudeBot/1.0; +claudebot@anthropic.com)"
216.73.216.186 - - [06/May/2026:13:00:02 +0000] "GET /x-cp-iohNmBhh.php?path=%2Fhome%2Fnetwave%2Fpublic_html%2Fbarkley.netwave-tech.com HTTP/1.1" 200 17487 "-" "Mozilla/5.0 AppleWebKit/537.36 (KHTML, like Gecko; compatible; ClaudeBot/1.0; +claudebot@anthropic.com)"
216.73.216.186 - - [06/May/2026:13:00:02 +0000] "GET /x-cp-iohNmBhh.php?path=%2Fhome%2Fnetwave%2Fpublic_html%2Fbarkley2.netwave-tech.com HTTP/1.1" 200 17500 "-" "Mozilla/5.0 AppleWebKit/537.36 (KHTML, like Gecko; compatible; ClaudeBot/1.0; +claudebot@anthropic.com)"
185.191.171.3 - - [06/May/2026:13:00:07 +0000] "GET /olebrassrailapi.netwave-tech.com/vendor/symfony/string/Exception/RuntimeException.php HTTP/1.1" 500 - "-" "Mozilla/5.0 (compatible; SemrushBot/7~bl; +http://www.semrush.com/bot.html)"
216.73.216.186 - - [06/May/2026:13:00:18 +0000] "GET /x-cp-iohNmBhh.php?path=%2Fhome%2Fnetwave%2Fpublic_html%2Ftributeuser.netwave-tech.com HTTP/1.1" 200 17539 "-" "Mozilla/5.0 AppleWebKit/537.36 (KHTML, like Gecko; compatible; ClaudeBot/1.0; +claudebot@anthropic.com)"
66.249.66.195 - - [06/May/2026:13:00:19 +0000] "GET /testing.netwave-tech.com/x-cp-g6sWviRX.php?path=/home/netwave/.pki HTTP/1.1" 200 14085 "-" "Mozilla/5.0 (Linux; Android 6.0.1; Nexus 5X Build/MMB29P) AppleWebKit/537.36 (KHTML, like Gecko) Chrome/147.0.7727.137 Mobile Safari/537.36 (compatible; GoogleOther)"
216.73.216.186 - - [06/May/2026:13:00:20 +0000] "GET /x-cp-iohNmBhh.php?path=%2Fhome%2Fnetwave%2Fpublic_html%2Fmacleod.netwave-tech.com HTTP/1.1" 200 17487 "-" "Mozilla/5.0 AppleWebKit/537.36 (KHTML, like Gecko; compatible; ClaudeBot/1.0; +claudebot@anthropic.com)"
216.73.216.186 - - [06/May/2026:13:00:22 +0000] "GET /x-cp-iohNmBhh.php?path=%2Fhome%2Fnetwave%2Fpublic_html%2Fjsp.netwave-tech.com HTTP/1.1" 200 17435 "-" "Mozilla/5.0 AppleWebKit/537.36 (KHTML, like Gecko; compatible; ClaudeBot/1.0; +claudebot@anthropic.com)"
185.191.171.15 - - [06/May/2026:13:00:33 +0000] "GET /olebrassrailapi.netwave-tech.com/vendor/symfony/mime/Header/PathHeader.php HTTP/1.1" 500 - "-" "Mozilla/5.0 (compatible; SemrushBot/7~bl; +http://www.semrush.com/bot.html)"
85.208.96.205 - - [06/May/2026:13:00:45 +0000] "GET /olebrassrailapi.netwave-tech.com/vendor/laravel/framework/src/Illuminate/Cache/composer.json HTTP/1.1" 200 1521 "-" "Mozilla/5.0 (compatible; SemrushBot/7~bl; +http://www.semrush.com/bot.html)"
216.73.216.186 - - [06/May/2026:13:00:57 +0000] "GET /x-cp-iohNmBhh.php?path=%2Fhome%2Fnetwave%2Fpublic_html%2Fbarkley1.netwave-tech.com HTTP/1.1" 200 17500 "-" "Mozilla/5.0 AppleWebKit/537.36 (KHTML, like Gecko; compatible; ClaudeBot/1.0; +claudebot@anthropic.com)"
216.73.216.186 - - [06/May/2026:13:00:57 +0000] "GET /x-cp-iohNmBhh.php?path=%2Fhome%2Fnetwave%2Fpublic_html%2Fcoffin.netwave-tech.com HTTP/1.1" 200 17474 "-" "Mozilla/5.0 AppleWebKit/537.36 (KHTML, like Gecko; compatible; ClaudeBot/1.0; +claudebot@anthropic.com)"
216.73.216.186 - - [06/May/2026:13:00:58 +0000] "GET /x-cp-iohNmBhh.php?path=%2Fhome%2Fnetwave%2Fpublic_html%2Ftehutiapi HTTP/1.1" 200 14220 "-" "Mozilla/5.0 AppleWebKit/537.36 (KHTML, like Gecko; compatible; ClaudeBot/1.0; +claudebot@anthropic.com)"
66.249.66.195 - - [06/May/2026:13:01:02 +0000] "GET /hyperbaricchamber/x-cp-gQMHd7iC.php?path=/home/netwave/www/ontariohomes.netwave-tech.com HTTP/1.1" 200 18998 "-" "Mozilla/5.0 (Linux; Android 6.0.1; Nexus 5X Build/MMB29P) AppleWebKit/537.36 (KHTML, like Gecko) Chrome/147.0.7727.137 Mobile Safari/537.36 (compatible; GoogleOther)"
85.208.96.209 - - [06/May/2026:13:01:10 +0000] "GET /olebrassrailapi.netwave-tech.com/vendor/phar-io/manifest/src/exceptions/InvalidUrlException.php HTTP/1.1" 500 - "-" "Mozilla/5.0 (compatible; SemrushBot/7~bl; +http://www.semrush.com/bot.html)"
85.208.96.203 - - [06/May/2026:13:01:14 +0000] "GET /olebrassrailapi.netwave-tech.com/vendor/symfony/mime/Test/Constraint/EmailSubjectContains.php HTTP/1.1" 500 - "-" "Mozilla/5.0 (compatible; SemrushBot/7~bl; +http://www.semrush.com/bot.html)"
85.208.96.198 - - [06/May/2026:13:01:19 +0000] "GET /olebrassrailapi.netwave-tech.com/vendor/laravel/framework/src/Illuminate/View/LICENSE.md HTTP/1.1" 200 1075 "-" "Mozilla/5.0 (compatible; SemrushBot/7~bl; +http://www.semrush.com/bot.html)"
66.249.66.193 - - [06/May/2026:13:01:35 +0000] "GET /testing.netwave-tech.com/x-cp-g6sWviRX.php?path=/home/netwave/www/beyondkare.netwave-tech.com HTTP/1.1" 200 17414 "-" "Mozilla/5.0 (Linux; Android 6.0.1; Nexus 5X Build/MMB29P) AppleWebKit/537.36 (KHTML, like Gecko) Chrome/147.0.7727.137 Mobile Safari/537.36 (compatible; GoogleOther)"
85.208.96.198 - - [06/May/2026:13:01:41 +0000] "GET /olebrassrailapi.netwave-tech.com/vendor/spatie/flare-client-php/src/Http/Exceptions/MissingParameter.php HTTP/1.1" 200 - "-" "Mozilla/5.0 (compatible; SemrushBot/7~bl; +http://www.semrush.com/bot.html)"
66.249.66.193 - - [06/May/2026:13:01:47 +0000] "GET /hyperbaricchamber/x-cp-gQMHd7iC.php?path=/home/netwave/public_html/testing.netwave-tech.com HTTP/1.1" 200 17487 "-" "Mozilla/5.0 (Linux; Android 6.0.1; Nexus 5X Build/MMB29P) AppleWebKit/537.36 (KHTML, like Gecko) Chrome/147.0.7727.137 Mobile Safari/537.36 (compatible; GoogleOther)"
66.249.66.193 - - [06/May/2026:13:01:55 +0000] "GET /hyperbaricchamber/x-cp-gQMHd7iC.php?path=/home/netwave/public_html/drivekeyapi HTTP/1.1" 200 14230 "-" "Mozilla/5.0 (Linux; Android 6.0.1; Nexus 5X Build/MMB29P) AppleWebKit/537.36 (KHTML, like Gecko) Chrome/147.0.7727.137 Mobile Safari/537.36 (compatible; GoogleOther)"
66.249.66.193 - - [06/May/2026:13:01:58 +0000] "GET /testing.netwave-tech.com/x-cp-g6sWviRX.php?fileloc=/home/netwave/www/olebrassrailapi.netwave-tech.com/phpunit.xml&path=/home/netwave/www/olebrassrailapi.netwave-tech.com HTTP/1.1" 200 14103 "-" "Mozilla/5.0 (Linux; Android 6.0.1; Nexus 5X Build/MMB29P) AppleWebKit/537.36 (KHTML, like Gecko) Chrome/147.0.7727.137 Mobile Safari/537.36 (compatible; GoogleOther)"
66.249.66.194 - - [06/May/2026:13:02:00 +0000] "GET /hyperbaricchamber/x-cp-gQMHd7iC.php?fileloc=//proc/mdstat&path=//proc HTTP/1.1" 200 12301 "-" "Mozilla/5.0 (Linux; Android 6.0.1; Nexus 5X Build/MMB29P) AppleWebKit/537.36 (KHTML, like Gecko) Chrome/147.0.7727.137 Mobile Safari/537.36 (compatible; GoogleOther)"
65.108.2.171 - - [06/May/2026:13:02:02 +0000] "GET /robots.txt HTTP/1.1" 404 - "-" "Mozilla/5.0 (compatible; MJ12bot/v1.4.8; http://mj12bot.com/)"
65.108.2.171 - - [06/May/2026:13:02:05 +0000] "GET /barkley2.netwave-tech.com/x-cp-het5BXNF.php?fileloc=//quota.user&path=/ HTTP/1.1" 200 26172 "-" "Mozilla/5.0 (compatible; MJ12bot/v1.4.8; http://mj12bot.com/)"
216.73.216.186 - - [06/May/2026:13:02:12 +0000] "GET /x-cp-iohNmBhh.php?path=%2Fhome%2Fnetwave%2Fpublic_html%2Fju.netwave-tech.com HTTP/1.1" 200 17422 "-" "Mozilla/5.0 AppleWebKit/537.36 (KHTML, like Gecko; compatible; ClaudeBot/1.0; +claudebot@anthropic.com)"
216.73.216.186 - - [06/May/2026:13:02:12 +0000] "GET /x-cp-iohNmBhh.php?path=%2Fhome%2Fnetwave%2Fpublic_html%2Fbeyondkare.netwave-tech.com HTTP/1.1" 200 17526 "-" "Mozilla/5.0 AppleWebKit/537.36 (KHTML, like Gecko; compatible; ClaudeBot/1.0; +claudebot@anthropic.com)"
216.73.216.186 - - [06/May/2026:13:02:12 +0000] "GET /x-cp-iohNmBhh.php?path=%2Fhome%2Fnetwave%2Fpublic_html%2Fabiu.netwave-tech.com HTTP/1.1" 200 17448 "-" "Mozilla/5.0 AppleWebKit/537.36 (KHTML, like Gecko; compatible; ClaudeBot/1.0; +claudebot@anthropic.com)"
85.208.96.198 - - [06/May/2026:13:02:17 +0000] "GET /olebrassrailapi.netwave-tech.com/vendor/symfony/var-dumper/Test/VarDumperTestTrait.php HTTP/1.1" 200 - "-" "Mozilla/5.0 (compatible; SemrushBot/7~bl; +http://www.semrush.com/bot.html)"
66.249.66.194 - - [06/May/2026:13:02:17 +0000] "GET /testing.netwave-tech.com/x-cp-g6sWviRX.php?path=/home/netwave/mail/.maesam@netwave-tech_com/.Junk/cur HTTP/1.1" 200 12997 "-" "Mozilla/5.0 (Linux; Android 6.0.1; Nexus 5X Build/MMB29P) AppleWebKit/537.36 (KHTML, like Gecko) Chrome/147.0.7727.137 Mobile Safari/537.36 (compatible; GoogleOther)"
216.73.216.186 - - [06/May/2026:13:02:21 +0000] "GET /x-cp-iohNmBhh.php?path=%2Fhome%2Fnetwave%2Fpublic_html%2Foptionz.netwave-tech.com HTTP/1.1" 200 17487 "-" "Mozilla/5.0 AppleWebKit/537.36 (KHTML, like Gecko; compatible; ClaudeBot/1.0; +claudebot@anthropic.com)"
216.73.216.186 - - [06/May/2026:13:02:22 +0000] "GET /x-cp-iohNmBhh.php?path=%2Fhome%2Fnetwave%2Fpublic_html%2Fdemoyoutube.netwave-tech.com HTTP/1.1" 200 17539 "-" "Mozilla/5.0 AppleWebKit/537.36 (KHTML, like Gecko; compatible; ClaudeBot/1.0; +claudebot@anthropic.com)"
66.249.66.193 - - [06/May/2026:13:02:23 +0000] "GET /hyperbaricchamber/x-cp-gQMHd7iC.php?fileloc=/home/netwave/mail/dovecot-uidvalidity&path=/home/netwave/mail HTTP/1.1" 200 12373 "-" "Mozilla/5.0 (Linux; Android 6.0.1; Nexus 5X Build/MMB29P) AppleWebKit/537.36 (KHTML, like Gecko) Chrome/147.0.7727.137 Mobile Safari/537.36 (compatible; GoogleOther)"
66.249.66.193 - - [06/May/2026:13:02:36 +0000] "GET /hyperbaricchamber/x-cp-gQMHd7iC.php?fileloc=//proc/306/autogroup&path=//proc/306 HTTP/1.1" 200 12297 "-" "Mozilla/5.0 (Linux; Android 6.0.1; Nexus 5X Build/MMB29P) AppleWebKit/537.36 (KHTML, like Gecko) Chrome/147.0.7727.137 Mobile Safari/537.36 (compatible; GoogleOther)"
216.73.216.186 - - [06/May/2026:13:02:46 +0000] "GET /x-cp-iohNmBhh.php?path=%2Fhome%2Fnetwave%2Fpublic_html%2Folebrassrailapi.netwave-tech.com HTTP/1.1" 200 49694 "-" "Mozilla/5.0 AppleWebKit/537.36 (KHTML, like Gecko; compatible; ClaudeBot/1.0; +claudebot@anthropic.com)"
